-- Table structure for table `wp_revslider_layer_animations`
--

CREATE TABLE `wp_revslider_layer_animations` (
  `id` int(9) NOT NULL,
  `handle` text NOT NULL,
  `params` text NOT NULL,
  `settings` text DEFAULT NULL
) ENGINE=InnoDB DEFAULT CHARSET=latin1 COLLATE=latin1_swedish_ci;

-- --------------------------------------------------------

--
-- Table structure for table `wp_revslider_navigations`
--

CREATE TABLE `wp_revslider_navigations` (
  `id` int(9) NOT NULL,
  `name` varchar(191) NOT NULL,
  `handle` varchar(191) NOT NULL,
  `css` longtext NOT NULL,
  `markup` longtext NOT NULL,
  `settings` longtext DEFAULT NULL
) ENGINE=InnoDB DEFAULT CHARSET=latin1 COLLATE=latin1_swedish_ci;

-- --------------------------------------------------------

--
-- Table structure for table `wp_revslider_sliders`
--

CREATE TABLE `wp_revslider_sliders` (
  `id` int(9) NOT NULL,
  `title` tinytext NOT NULL,
  `alias` tinytext DEFAULT NULL,
  `params` longtext NOT NULL,
  `settings` text DEFAULT NULL,
  `type` varchar(191) NOT NULL DEFAULT ''
) ENGINE=InnoDB DEFAULT CHARSET=latin1 COLLATE=latin1_swedish_ci;

--
-- Dumping data for table `wp_revslider_sliders`
--

INSERT INTO `wp_revslider_sliders` (`id`, `title`, `alias`, `params`, `settings`, `type`) VALUES
(1, 'Test', 'test', '{\"hero_active\":\"-1\",\"source_type\":\"gallery\",\"instagram-count\":\"\",\"instagram-transient\":\"1200\",\"instagram-type\":\"user\",\"instagram-user-id\":\"\",\"instagram-hash-tag\":\"\",\"flickr-count\":\"\",\"flickr-transient\":\"1200\",\"flickr-api-key\":\"\",\"flickr-type\":\"publicphotos\",\"flickr-user-url\":\"\",\"flickr-photoset\":\"\",\"flickr-photoset-select\":\"\",\"flickr-gallery-url\":\"\",\"flickr-group-url\":\"\",\"facebook-count\":\"\",\"facebook-transient\":\"1200\",\"facebook-page-url\":\"\",\"facebook-type-source\":\"album\",\"facebook-album\":\"\",\"facebook-album-select\":\"\",\"facebook-app-id\":\"\",\"facebook-app-secret\":\"\",\"twitter-count\":\"\",\"twitter-transient\":\"1200\",\"twitter-user-id\":\"\",\"twitter-image-only\":\"off\",\"twitter-include-retweets\":\"off\",\"twitter-exclude-replies\":\"off\",\"twitter-consumer-key\":\"\",\"twitter-consumer-secret\":\"\",\"twitter-access-token\":\"\",\"twitter-access-secret\":\"\",\"youtube-count\":\"\",\"youtube-transient\":\"1200\",\"youtube-api\":\"\",\"youtube-channel-id\":\"\",\"youtube-type-source\":\"channel\",\"youtube-playlist\":\"\",\"youtube-playlist-select\":\"\",\"vimeo-count\":\"\",\"vimeo-transient\":\"1200\",\"vimeo-type-source\":\"user\",\"vimeo-username\":\"\",\"vimeo-groupname\":\"\",\"vimeo-albumid\":\"\",\"vimeo-channelname\":\"\",\"product_types\":\"product\",\"product_category\":\"\",\"posts_list\":\"\",\"fetch_type\":\"cat_tag\",\"post_types\":\"post\",\"post_category\":\"\",\"product_sortby\":\"ID\",\"product_sort_direction\":\"DESC\",\"max_slider_products\":\"30\",\"excerpt_limit_product\":\"55\",\"reg_price_from\":\"\",\"reg_price_to\":\"\",\"sale_price_from\":\"\",\"sale_price_to\":\"\",\"instock_only\":\"off\",\"featured_only\":\"off\",\"post_sortby\":\"ID\",\"posts_sort_direction\":\"DESC\",\"max_slider_posts\":\"30\",\"excerpt_limit\":\"55\",\"title\":\"Test\",\"alias\":\"test\",\"shortcode\":\"[rev_slider alias=\\\\\\\"test\\\\\\\"]\",\"slider-type\":\"standard\",\"slider_type\":\"fullwidth\",\"width\":\"1240\",\"height\":\"868\",\"width_notebook\":\"1024\",\"height_notebook\":\"768\",\"enable_custom_size_notebook\":\"off\",\"width_tablet\":\"778\",\"height_tablet\":\"960\",\"enable_custom_size_tablet\":\"off\",\"width_mobile\":\"480\",\"height_mobile\":\"720\",\"enable_custom_size_iphone\":\"off\",\"full_screen_align_force\":\"off\",\"fullscreen_min_height\":\"\",\"autowidth_force\":\"off\",\"fullscreen_offset_container\":\"\",\"fullscreen_offset_size\":\"\",\"main_overflow_hidden\":\"off\",\"auto_height\":\"off\",\"min_height\":\"\",\"max_width\":\"\",\"force_full_width\":\"on\",\"next_slide_on_window_focus\":\"off\",\"disable_focus_listener\":\"off\",\"def-layer_selection\":\"off\",\"slider_id\":\"\",\"delay\":\"9000\",\"start_js_after_delay\":\"0\",\"def-slide_transition\":\"fade\",\"def-transition_duration\":\"300\",\"def-image_source_type\":\"full\",\"def-background_fit\":\"cover\",\"def-bg_fit_x\":\"100\",\"def-bg_fit_y\":\"100\",\"def-bg_position\":\"center center\",\"def-bg_position_x\":\"0\",\"def-bg_position_y\":\"0\",\"def-bg_repeat\":\"no-repeat\",\"def-kenburn_effect\":\"off\",\"def-kb_start_fit\":\"100\",\"def-kb_easing\":\"Linear.easeNone\",\"def-kb_end_fit\":\"100\",\"def-kb_start_offset_x\":\"0\",\"def-kb_start_offset_y\":\"0\",\"def-kb_end_offset_x\":\"0\",\"def-kb_end_offset_y\":\"0\",\"def-kb_start_rotate\":\"0\",\"def-kb_end_rotate\":\"0\",\"def-kb_blur_start\":\"0\",\"def-kb_blur_end\":\"0\",\"def-kb_duration\":\"10000\",\"0\":\"blank\",\"start_with_slide_enable\":\"off\",\"start_with_slide\":\"1\",\"first_transition_active\":\"off\",\"first_transition_type\":\"fade\",\"first_transition_duration\":\"300\",\"first_transition_slot_amount\":\"7\",\"stop_on_hover\":\"off\",\"stop_slider\":\"off\",\"stop_after_loops\":\"0\",\"stop_at_slide\":\"2\",\"shuffle\":\"off\",\"loop_slide\":\"off\",\"label_viewport\":\"off\",\"viewport_start\":\"wait\",\"viewport_area\":\"80\",\"label_presetheight\":\"off\",\"waitforinit\":\"off\",\"enable_progressbar\":\"off\",\"show_timerbar\":\"top\",\"progress_height\":\"5\",\"progressbar_color\":\"rgba(0,0,0,0.15)\",\"disable_on_mobile\":\"off\",\"disable_kenburns_on_mobile\":\"off\",\"hide_slider_under\":\"0\",\"hide_defined_layers_under\":\"0\",\"hide_all_layers_under\":\"0\",\"shadow_type\":\"0\",\"background_dotted_overlay\":\"none\",\"background_color\":\"transparent\",\"padding\":\"0\",\"show_background_image\":\"off\",\"background_image\":\"\",\"bg_fit\":\"cover\",\"bg_repeat\":\"no-repeat\",\"bg_position\":\"center center\",\"position\":\"center\",\"margin_top\":\"0\",\"margin_bottom\":\"0\",\"margin_left\":\"0\",\"margin_right\":\"0\",\"use_spinner\":\"0\",\"spinner_color\":\"#FFFFFF\",\"enable_arrows\":\"on\",\"rtl_arrows\":\"on\",\"navigation_arrow_style\":\"uranus\",\"navigation_arrows_preset\":\"default\",\"ph-uranus-arrows-width-custom-def\":\"off\",\"ph-uranus-arrows-width-custom\":\"50\",\"ph-uranus-arrows-background-color-rgba-def\":\"off\",\"ph-uranus-arrows-background-color-rgba\":\"rgba(255,255,255,0)\",\"ph-uranus-arrows-font-size-custom-def\":\"off\",\"ph-uranus-arrows-font-size-custom\":\"40\",\"ph-uranus-arrows-height-custom-def\":\"off\",\"ph-uranus-arrows-height-custom\":\"50\",\"arrows_always_on\":\"false\",\"hide_arrows\":\"200\",\"hide_arrows_mobile\":\"1200\",\"hide_arrows_on_mobile\":\"off\",\"arrows_under_hidden\":\"0\",\"hide_arrows_over\":\"off\",\"arrows_over_hidden\":\"0\",\"leftarrow_align_hor\":\"left\",\"leftarrow_align_vert\":\"center\",\"leftarrow_offset_hor\":\"20\",\"leftarrow_offset_vert\":\"0\",\"leftarrow_position\":\"slider\",\"rightarrow_align_hor\":\"right\",\"rightarrow_align_vert\":\"center\",\"rightarrow_offset_hor\":\"20\",\"rightarrow_offset_vert\":\"0\",\"rightarrow_position\":\"slider\",\"enable_bullets\":\"off\",\"rtl_bullets\":\"off\",\"navigation_bullets_style\":\"round\",\"navigation_bullets_preset\":\"default\",\"ph-round-bullets-hover-bullet-bg-color-def\":\"off\",\"ph-round-bullets-hover-bullet-bg-color\":\"#666666\",\"ph-round-bullets-border-size-custom-def\":\"off\",\"ph-round-bullets-border-size-custom\":\"3\",\"ph-round-bullets-border-color-color-def\":\"off\",\"ph-round-bullets-border-color-color\":\"#e5e5e5\",\"ph-round-bullets-bullet-bg-bottom-color-def\":\"off\",\"ph-round-bullets-bullet-bg-bottom-color\":\"#e1e1e1\",\"ph-round-bullets-bullet-bg-top-color-def\":\"off\",\"ph-round-bullets-bullet-bg-top-color\":\"#999999\",\"ph-round-bullets-bullet-size-custom-def\":\"off\",\"ph-round-bullets-bullet-size-custom\":\"12\",\"bullets_space\":\"5\",\"bullets_direction\":\"horizontal\",\"bullets_always_on\":\"false\",\"hide_bullets\":\"200\",\"hide_bullets_mobile\":\"1200\",\"hide_bullets_on_mobile\":\"off\",\"bullets_under_hidden\":\"0\",\"hide_bullets_over\":\"off\",\"bullets_over_hidden\":\"0\",\"bullets_align_hor\":\"center\",\"bullets_align_vert\":\"bottom\",\"bullets_offset_hor\":\"0\",\"bullets_offset_vert\":\"20\",\"bullets_position\":\"slider\",\"enable_thumbnails\":\"off\",\"rtl_thumbnails\":\"off\",\"thumbnails_padding\":\"5\",\"span_thumbnails_wrapper\":\"off\",\"thumbnails_wrapper_color\":\"transparent\",\"thumbnails_style\":\"round\",\"navigation_thumbs_preset\":\"default\",\"ph-round-thumbs-title-font-size-custom-def\":\"off\",\"ph-round-thumbs-title-font-size-custom\":\"12\",\"ph-round-thumbs-title-color-color-rgba-def\":\"off\",\"ph-round-thumbs-title-color-color-rgba\":\"#ffffff\",\"ph-round-thumbs-title-bg-color-rgba-def\":\"off\",\"ph-round-thumbs-title-bg-color-rgba\":\"rgba(0,0,0,0.85)\",\"thumb_amount\":\"5\",\"thumbnails_space\":\"5\",\"thumbnail_direction\":\"horizontal\",\"thumb_width\":\"100\",\"thumb_height\":\"50\",\"thumb_width_min\":\"100\",\"thumbs_always_on\":\"false\",\"hide_thumbs\":\"200\",\"hide_thumbs_mobile\":\"1200\",\"hide_thumbs_on_mobile\":\"off\",\"thumbs_under_hidden\":\"0\",\"hide_thumbs_over\":\"off\",\"thumbs_over_hidden\":\"0\",\"thumbnails_inner_outer\":\"inner\",\"thumbnails_align_hor\":\"center\",\"thumbnails_align_vert\":\"bottom\",\"thumbnails_offset_hor\":\"0\",\"thumbnails_offset_vert\":\"20\",\"thumbnails_position\":\"slider\",\"enable_tabs\":\"off\",\"rtl_tabs\":\"off\",\"tabs_padding\":\"5\",\"span_tabs_wrapper\":\"off\",\"tabs_wrapper_color\":\"transparent\",\"tabs_style\":\"round\",\"navigation_tabs_preset\":\"default\",\"ph-round-tabs-param2-size-custom-def\":\"off\",\"ph-round-tabs-param2-size-custom\":\"14\",\"ph-round-tabs-param2-color-color-rgba-def\":\"off\",\"ph-round-tabs-param2-color-color-rgba\":\"transparent\",\"ph-round-tabs-contentcolor-color-rgba-def\":\"off\",\"ph-round-tabs-contentcolor-color-rgba\":\"#333333\",\"ph-round-tabs-bgcolor-color-rgba-def\":\"off\",\"ph-round-tabs-bgcolor-color-rgba\":\"rgba(0,0,0,0)\",\"ph-round-tabs-hover-bg-color-color-rgba-def\":\"off\",\"ph-round-tabs-hover-bg-color-color-rgba\":\"#eeeeee\",\"ph-round-tabs-param1-size-custom-def\":\"off\",\"ph-round-tabs-param1-size-custom\":\"12\",\"ph-round-tabs-param1-color-color-rgba-def\":\"off\",\"ph-round-tabs-param1-color-color-rgba\":\"rgba(51,51,51,0.5)\",\"ph-round-tabs-image-size-custom-def\":\"off\",\"ph-round-tabs-image-size-custom\":\"60\",\"ph-round-tabs-border-size-custom-def\":\"off\",\"ph-round-tabs-border-size-custom\":\"1\",\"ph-round-tabs-border-color-color-rgba-def\":\"off\",\"ph-round-tabs-border-color-color-rgba\":\"#e5e5e5\",\"ph-round-tabs-font-family-font_family-def\":\"off\",\"ph-round-tabs-font-family-font_family\":\"Roboto\",\"tabs_amount\":\"5\",\"tabs_space\":\"5\",\"tabs_direction\":\"horizontal\",\"tabs_width\":\"100\",\"tabs_height\":\"50\",\"tabs_width_min\":\"100\",\"tabs_always_on\":\"false\",\"hide_tabs\":\"200\",\"hide_tabs_mobile\":\"1200\",\"hide_tabs_on_mobile\":\"off\",\"tabs_under_hidden\":\"0\",\"hide_tabs_over\":\"off\",\"tabs_over_hidden\":\"0\",\"tabs_inner_outer\":\"inner\",\"tabs_align_hor\":\"center\",\"tabs_align_vert\":\"bottom\",\"tabs_offset_hor\":\"0\",\"tabs_offset_vert\":\"20\",\"tabs_position\":\"slider\",\"touchenabled\":\"off\",\"touchenabled_desktop\":\"off\",\"drag_block_vertical\":\"off\",\"swipe_velocity\":\"75\",\"swipe_min_touches\":\"1\",\"swipe_direction\":\"horizontal\",\"keyboard_navigation\":\"off\",\"keyboard_direction\":\"horizontal\",\"mousescroll_navigation\":\"off\",\"mousescroll_navigation_reverse\":\"default\",\"previewimage_width\":\"100\",\"previewimage_height\":\"50\",\"carousel_infinity\":\"off\",\"carousel_space\":\"0\",\"carousel_borderr\":\"0\",\"carousel_borderr_unit\":\"px\",\"carousel_padding_top\":\"0\",\"carousel_padding_bottom\":\"0\",\"carousel_maxitems\":\"3\",\"carousel_stretch\":\"off\",\"showalllayers_carousel\":\"off\",\"carousel_easing\":\"Power3.easeInOut\",\"carousel_speed\":\"800\",\"carousel_fadeout\":\"on\",\"carousel_varyfade\":\"off\",\"carousel_rotation\":\"off\",\"carousel_varyrotate\":\"off\",\"carousel_maxrotation\":\"0\",\"carousel_scale\":\"off\",\"carousel_varyscale\":\"off\",\"carousel_scaledown\":\"50\",\"carousel_hposition\":\"center\",\"carousel_vposition\":\"center\",\"use_parallax\":\"off\",\"disable_parallax_mobile\":\"off\",\"ddd_parallax\":\"off\",\"ddd_parallax_shadow\":\"off\",\"ddd_parallax_bgfreeze\":\"off\",\"ddd_parallax_overflow\":\"off\",\"ddd_parallax_layer_overflow\":\"off\",\"ddd_parallax_zcorrection\":\"65\",\"parallax_type\":\"mouse\",\"parallax_origo\":\"enterpoint\",\"parallax_speed\":\"400\",\"parallax_bg_speed\":\"0\",\"parallax_ls_speed\":\"0\",\"parallax_level_16\":\"55\",\"parallax_level_1\":\"5\",\"parallax_level_2\":\"10\",\"parallax_level_3\":\"15\",\"parallax_level_4\":\"20\",\"parallax_level_5\":\"25\",\"parallax_level_6\":\"30\",\"parallax_level_7\":\"35\",\"parallax_level_8\":\"40\",\"parallax_level_9\":\"45\",\"parallax_level_10\":\"46\",\"parallax_level_11\":\"47\",\"parallax_level_12\":\"48\",\"parallax_level_13\":\"49\",\"parallax_level_14\":\"50\",\"parallax_level_15\":\"51\",\"fade_scrolleffect\":\"off\",\"blur_scrolleffect\":\"off\",\"grayscale_scrolleffect\":\"off\",\"scrolleffect_maxblur\":\"10\",\"scrolleffect_bg\":\"off\",\"scrolleffect_layers\":\"off\",\"scrolleffect_parallax_layers\":\"off\",\"scrolleffect_static_layers\":\"off\",\"scrolleffect_static_parallax_layers\":\"off\",\"scrolleffect_direction\":\"both\",\"scrolleffect_tilt\":\"30\",\"scrolleffect_multiplicator\":\"1.3\",\"scrolleffect_multiplicator_layers\":\"1.3\",\"scrolleffect_off_mobile\":\"on\",\"lazy_load_type\":\"none\",\"simplify_ie8_ios4\":\"off\",\"show_alternative_type\":\"off\",\"allow_android_html5_autoplay\":\"on\",\"show_alternate_image\":\"\",\"ignore_height_changes\":\"off\",\"ignore_height_changes_px\":\"0\",\"jquery_noconflict\":\"off\",\"js_to_body\":\"false\",\"output_type\":\"none\",\"jquery_debugmode\":\"off\",\"custom_css\":\"\",\"custom_javascript\":\"\"}', '{\"version\":5}', '');

-- --------------------------------------------------------

--
-- Table structure for table `wp_revslider_slides`
--

CREATE TABLE `wp_revslider_slides` (
  `id` int(9) NOT NULL,
  `slider_id` int(9) NOT NULL,
  `slide_order` int(11) NOT NULL,
  `params` longtext NOT NULL,
  `layers` longtext NOT NULL,
  `settings` text NOT NULL
) ENGINE=InnoDB DEFAULT CHARSET=latin1 COLLATE=latin1_swedish_ci;

--
-- Dumping data for table `wp_revslider_slides`
--

INSERT INTO `wp_revslider_slides` (`id`, `slider_id`, `slide_order`, `params`, `layers`, `settings`) VALUES
(1, 1, 1, '{\"background_type\":\"image\",\"rs-gallery-type\":\"gallery\",\"bg_external\":\"\",\"bg_color\":\"#E7E7E7\",\"slide_bg_youtube\":\"\",\"slide_bg_vimeo\":\"\",\"slide_bg_html_mpeg\":\"\",\"slide_bg_html_webm\":\"\",\"slide_bg_html_ogv\":\"\",\"image_source_type\":\"full\",\"alt_option\":\"media_library\",\"alt_attr\":\"\",\"ext_width\":\"1920\",\"ext_height\":\"1080\",\"title_option\":\"media_library\",\"title_attr\":\"\",\"video_force_cover\":\"on\",\"video_dotted_overlay\":\"none\",\"video_ratio\":\"16:9\",\"video_start_at\":\"\",\"video_end_at\":\"\",\"video_loop\":\"none\",\"video_nextslide\":\"off\",\"video_force_rewind\":\"on\",\"video_mute\":\"on\",\"video_volume\":\"100\",\"video_speed\":\"1\",\"video_arguments\":\"hd=1&wmode=opaque&showinfo=0&rel=0;\",\"video_arguments_vim\":\"title=0&byline=0&portrait=0&api=1\",\"bg_fit\":\"cover\",\"bg_fit_x\":\"100\",\"bg_fit_y\":\"100\",\"bg_position\":\"center center\",\"bg_position_x\":\"0\",\"bg_position_y\":\"0\",\"bg_repeat\":\"no-repeat\",\"media-filter-type\":\"toaster\",\"kenburn_effect\":\"off\",\"kb_start_fit\":\"100\",\"kb_end_fit\":\"100\",\"kb_start_offset_x\":\"0\",\"kb_end_offset_x\":\"0\",\"kb_start_offset_y\":\"0\",\"kb_end_offset_y\":\"0\",\"kb_start_rotate\":\"0\",\"kb_end_rotate\":\"0\",\"kb_blur_start\":\"0\",\"kb_blur_end\":\"0\",\"kb_easing\":\"Linear.easeNone\",\"kb_duration\":\"10000\",\"image_id\":\"1145\",\"title\":\"Slide\",\"delay\":\"0\",\"stoponpurpose\":\"false\",\"invisibleslide\":\"false\",\"state\":\"published\",\"hideslideafter\":\"0\",\"hideslideonmobile\":\"off\",\"date_from\":\"\",\"date_to\":\"\",\"save_performance\":\"off\",\"slide_thumb\":\"\",\"0\":\"Remove\",\"thumb_dimension\":\"slider\",\"thumb_for_admin\":\"off\",\"slide_transition\":[\"curtain-1\"],\"slot_amount\":[\"default\"],\"transition_rotation\":[\"0\"],\"transition_duration\":[\"default\"],\"transition_ease_in\":[\"default\"],\"transition_ease_out\":[\"default\"],\"ph-round-arrows-bg-color-custom-slide\":\"off\",\"ph-round-arrows-bg-color-custom\":\"0,0,0,0.5\",\"ph-round-arrows-bg-size-custom-slide\":\"off\",\"ph-round-arrows-bg-size-custom\":\"40\",\"ph-round-arrows-arrow-color-color-slide\":\"off\",\"ph-round-arrows-arrow-color-color\":\"#ffffff\",\"ph-round-arrows-arrow-size-custom-slide\":\"off\",\"ph-round-arrows-arrow-size-custom\":\"20\",\"ph-round-arrows-hover-bg-color-color-rgba-slide\":\"off\",\"ph-round-arrows-hover-bg-color-color-rgba\":\"#000000\",\"ph-round-bullets-bullet-size-custom-slide\":\"off\",\"ph-round-bullets-bullet-size-custom\":\"12\",\"ph-round-bullets-bullet-bg-top-color-slide\":\"off\",\"ph-round-bullets-bullet-bg-top-color\":\"#999999\",\"ph-round-bullets-bullet-bg-bottom-color-slide\":\"off\",\"ph-round-bullets-bullet-bg-bottom-color\":\"#e1e1e1\",\"ph-round-bullets-border-color-color-slide\":\"off\",\"ph-round-bullets-border-color-color\":\"#e5e5e5\",\"ph-round-bullets-border-size-custom-slide\":\"off\",\"ph-round-bullets-border-size-custom\":\"3\",\"ph-round-bullets-hover-bullet-bg-color-slide\":\"off\",\"ph-round-bullets-hover-bullet-bg-color\":\"#666666\",\"ph-round-tabs-font-family-font_family-slide\":\"off\",\"ph-round-tabs-font-family-font_family\":\"Roboto\",\"ph-round-tabs-border-color-color-rgba-slide\":\"off\",\"ph-round-tabs-border-color-color-rgba\":\"#e5e5e5\",\"ph-round-tabs-border-size-custom-slide\":\"off\",\"ph-round-tabs-border-size-custom\":\"1\",\"ph-round-tabs-image-size-custom-slide\":\"off\",\"ph-round-tabs-image-size-custom\":\"60\",\"ph-round-tabs-param1-color-color-rgba-slide\":\"off\",\"ph-round-tabs-param1-color-color-rgba\":\"rgba(51,51,51,0.5)\",\"ph-round-tabs-param1-size-custom-slide\":\"off\",\"ph-round-tabs-param1-size-custom\":\"12\",\"ph-round-tabs-hover-bg-color-color-rgba-slide\":\"off\",\"ph-round-tabs-hover-bg-color-color-rgba\":\"#eeeeee\",\"ph-round-tabs-bgcolor-color-rgba-slide\":\"off\",\"ph-round-tabs-bgcolor-color-rgba\":\"rgba(0,0,0,0)\",\"ph-round-tabs-contentcolor-color-rgba-slide\":\"off\",\"ph-round-tabs-contentcolor-color-rgba\":\"#333333\",\"ph-round-tabs-param2-color-color-rgba-slide\":\"off\",\"ph-round-tabs-param2-color-color-rgba\":\"transparent\",\"ph-round-tabs-param2-size-custom-slide\":\"off\",\"ph-round-tabs-param2-size-custom\":\"14\",\"ph-round-thumbs-title-bg-color-rgba-slide\":\"off\",\"ph-round-thumbs-title-bg-color-rgba\":\"rgba(0,0,0,0.85)\",\"ph-round-thumbs-title-color-color-rgba-slide\":\"off\",\"ph-round-thumbs-title-color-color-rgba\":\"#ffffff\",\"ph-round-thumbs-title-font-size-custom-slide\":\"off\",\"ph-round-thumbs-title-font-size-custom\":\"12\",\"params_1\":\"\",\"params_1_chars\":\"10\",\"params_2\":\"\",\"params_2_chars\":\"10\",\"params_3\":\"\",\"params_3_chars\":\"10\",\"params_4\":\"\",\"params_4_chars\":\"10\",\"params_5\":\"\",\"params_5_chars\":\"10\",\"params_6\":\"\",\"params_6_chars\":\"10\",\"params_7\":\"\",\"params_7_chars\":\"10\",\"params_8\":\"\",\"params_8_chars\":\"10\",\"params_9\":\"\",\"params_9_chars\":\"10\",\"params_10\":\"\",\"params_10_chars\":\"10\",\"slide_description\":\"\",\"class_attr\":\"\",\"id_attr\":\"\",\"data_attr\":\"\",\"enable_link\":\"false\",\"link_type\":\"regular\",\"link\":\"\",\"link_open_in\":\"same\",\"slide_link\":\"nothing\",\"link_pos\":\"front\",\"slide_bg_color\":\"#E7E7E7\",\"slide_bg_external\":\"\",\"image\":\"https:\\/\\/jetprozhe.com\\/wp-content\\/uploads\\/2020\\/07\\/5675s4d5f45sd.jpg\",\"1\":\"Remove\",\"2\":\"Remove\",\"3\":\"Remove\",\"4\":\"Remove\",\"5\":\"Remove\",\"6\":\"Remove\",\"7\":\"Remove\",\"8\":\"Remove\",\"9\":\"Remove\",\"10\":\"Remove\",\"11\":\"Remove\",\"12\":\"Remove\",\"13\":\"Remove\",\"14\":\"Remove\",\"15\":\"Remove\",\"16\":\"Remove\",\"17\":\"Remove\",\"18\":\"Remove\",\"ph-uranus-arrows-height-custom-slide\":\"off\",\"ph-uranus-arrows-height-custom\":\"50\",\"ph-uranus-arrows-font-size-custom-slide\":\"off\",\"ph-uranus-arrows-font-size-custom\":\"40\",\"ph-uranus-arrows-background-color-rgba-slide\":\"off\",\"ph-uranus-arrows-background-color-rgba\":\"rgba(255,255,255,0)\",\"ph-uranus-arrows-width-custom-slide\":\"off\",\"ph-uranus-arrows-width-custom\":\"50\",\"19\":\"Remove\",\"20\":\"Remove\",\"21\":\"Remove\",\"22\":\"Remove\",\"23\":\"Remove\",\"24\":\"Remove\",\"25\":\"Remove\",\"26\":\"Remove\",\"27\":\"Remove\",\"28\":\"Remove\",\"29\":\"Remove\",\"30\":\"Remove\",\"31\":\"Remove\",\"32\":\"Remove\",\"33\":\"Remove\",\"34\":\"Remove\",\"35\":\"Remove\",\"36\":\"Remove\"}', '[{\"text\":\"\\u0622\\u0645\\u0648\\u0632\\u0634 \\u0647\\u0627\\u06cc \\u0648\\u06cc\\u0698\\u0647 \\u0648\\u0631\\u0648\\u062f \\u0628\\u0647 \\u0628\\u0627\\u0632\\u0627\\u0631 \\u06a9\\u0627\\u0631 \\u0627\\u0645\\u067e\\u0631\\u0627\\u0637\\u0648\\u0631\",\"type\":\"text\",\"special_type\":null,\"version\":\"530\",\"frames\":{\"frame_0\":{\"time\":10,\"delay\":0,\"split\":\"none\",\"splitdelay\":\"80\",\"split_extratime\":0,\"speed\":2000,\"animation\":\"sfb\",\"easing\":\"Power3.easeInOut\",\"text_c\":\"transparent\",\"bg_c\":\"transparent\",\"use_text_c\":false,\"use_bg_c\":false,\"split_direction\":\"forward\",\"sfxcolor\":\"#ffffff\",\"time_relative\":10,\"sfx_effect\":\"\"},\"frame_999\":{\"time\":8999.999694824219,\"delay\":0,\"split\":\"none\",\"splitdelay\":\"80\",\"split_extratime\":0,\"speed\":300,\"animation\":\"\",\"easing\":\"Power3.easeInOut\",\"split_direction\":\"forward\",\"sfxcolor\":\"#ffffff\",\"use_text_c\":false,\"use_bg_c\":false,\"text_c\":\"transparent\",\"bg_c\":\"transparent\",\"time_relative\":6989.999694824219,\"sfx_effect\":\"\"}},\"subtype\":\"\",\"specialsettings\":{},\"unique_id\":1,\"left\":{\"desktop\":1},\"top\":{\"desktop\":-124},\"isDemo\":false,\"internal_class\":\"\",\"hover\":false,\"alias\":\"caption text1\",\"layer_bg_position\":\"center center\",\"layer_bg_size\":\"cover\",\"layer_bg_repeat\":\"no-repeat\",\"loop_animation\":\"none\",\"loop_easing\":\"\",\"loop_speed\":\"2\",\"loop_startdeg\":-20,\"loop_enddeg\":20,\"loop_xorigin\":50,\"loop_yorigin\":50,\"loop_xstart\":0,\"loop_xend\":0,\"loop_ystart\":0,\"loop_yend\":0,\"loop_zoomstart\":\"1\",\"loop_zoomend\":\"1\",\"loop_angle\":\"0\",\"loop_radius\":\"10\",\"layer_blend_mode\":\"normal\",\"html_tag\":\"div\",\"mask_start\":false,\"mask_end\":false,\"x_start_reverse\":false,\"y_start_reverse\":false,\"x_end_reverse\":false,\"y_end_reverse\":false,\"x_rotate_start_reverse\":false,\"y_rotate_start_reverse\":false,\"z_rotate_start_reverse\":false,\"x_rotate_end_reverse\":false,\"y_rotate_end_reverse\":false,\"z_rotate_end_reverse\":false,\"scale_x_start_reverse\":false,\"scale_y_start_reverse\":false,\"scale_x_end_reverse\":false,\"scale_y_end_reverse\":false,\"skew_x_start_reverse\":false,\"skew_y_start_reverse\":false,\"skew_x_end_reverse\":false,\"skew_y_end_reverse\":false,\"mask_x_start_reverse\":false,\"mask_y_start_reverse\":false,\"mask_x_end_reverse\":false,\"mask_y_end_reverse\":false,\"mask_x_start\":\"0\",\"mask_y_start\":\"0\",\"mask_speed_start\":\"inherit\",\"mask_ease_start\":\"inherit\",\"mask_x_end\":\"0\",\"mask_y_end\":\"0\",\"mask_speed_end\":\"inherit\",\"mask_ease_end\":\"inherit\",\"alt_option\":\"media_library\",\"alt\":\"\",\"max_height\":{\"desktop\":\"auto\"},\"min_height\":\"40px\",\"max_width\":{\"desktop\":\"auto\"},\"video_width\":{\"desktop\":\"480px\"},\"video_height\":{\"desktop\":\"360px\"},\"2d_rotation\":0,\"2d_origin_x\":50,\"2d_origin_y\":50,\"whitespace\":{\"desktop\":\"nowrap\"},\"display\":\"block\",\"static_start\":\"1\",\"static_end\":\"last\",\"align_hor\":{\"desktop\":\"center\"},\"align_vert\":{\"desktop\":\"middle\"},\"hiddenunder\":false,\"resizeme\":true,\"seo-optimized\":false,\"link\":\"\",\"link_open_in\":\"same\",\"link_follow\":\"follow\",\"link_slide\":\"nothing\",\"scrollunder_offset\":\"\",\"style\":\"\",\"visible-desktop\":true,\"visible-notebook\":true,\"visible-tablet\":true,\"visible-mobile\":true,\"resize-full\":true,\"show-on-hover\":false,\"basealign\":\"grid\",\"responsive_offset\":true,\"lazy-load\":\"auto\",\"image-size\":\"auto\",\"css-position\":\"relative\",\"width\":596,\"height\":22,\"cover_mode\":\"custom\",\"static_styles\":{\"font-size\":{\"desktop\":\"35px\"},\"line-height\":{\"desktop\":\"22\"},\"font-weight\":{\"desktop\":\"400\"},\"color\":{\"desktop\":\"#ffffff\"},\"letter-spacing\":{\"desktop\":\"0\"}},\"margin\":{\"desktop\":[\"0\",\"0\",\"0\",\"0\"]},\"padding\":{\"desktop\":[\"0\",\"0\",\"0\",\"0\"]},\"text-align\":{\"desktop\":\"inherit\"},\"x_start\":\"inherit\",\"y_start\":\"-50px\",\"z_start\":\"inherit\",\"x_end\":\"inherit\",\"y_end\":\"inherit\",\"z_end\":\"inherit\",\"opacity_start\":\"0\",\"opacity_end\":\"0\",\"blurfilter_start\":\"0\",\"blurfilter_end\":\"0\",\"grayscalefilter_start\":\"0\",\"grayscalefilter_end\":\"0\",\"brightnessfilter_start\":\"100\",\"brightnessfilter_end\":\"100\",\"x_rotate_start\":\"inherit\",\"y_rotate_start\":\"inherit\",\"z_rotate_start\":\"inherit\",\"x_rotate_end\":\"inherit\",\"y_rotate_end\":\"inherit\",\"z_rotate_end\":\"inherit\",\"scale_x_start\":\"inherit\",\"scale_y_start\":\"inherit\",\"scale_x_end\":\"inherit\",\"scale_y_end\":\"inherit\",\"skew_x_start\":\"inherit\",\"skew_y_start\":\"inherit\",\"skew_x_end\":\"inherit\",\"skew_y_end\":\"inherit\",\"pers_start\":\"inherit\",\"pers_end\":\"inherit\",\"deformation\":{\"font-family\":\"\",\"font-style\":\"normal\",\"text-decoration\":\"none\",\"vertical-align\":\"top\",\"text-transform\":\"none\",\"background-color\":\"transparent\",\"border-color\":\"transparent\",\"border-style\":\"solid\",\"border-width\":[\"0\",\"0\",\"0\",\"0\"],\"border-radius\":[\"0\",\"0\",\"0\",\"0\"],\"x\":0,\"y\":0,\"z\":0,\"skewx\":\"0\",\"skewy\":\"0\",\"scalex\":\"1\",\"scaley\":\"1\",\"opacity\":\"1\",\"xrotate\":0,\"yrotate\":0,\"2d_origin_x\":\"50\",\"2d_origin_y\":\"50\",\"pers\":\"600\",\"corner_left\":\"nothing\",\"corner_right\":\"nothing\",\"blurfilter\":\"0\",\"grayscalefilter\":\"0\",\"brightnessfilter\":\"100\",\"overflow\":\"visible\"},\"svg\":{\"svgstroke-color\":\"transparent\",\"svgstroke-dasharray\":\"0\",\"svgstroke-dashoffset\":\"0\",\"svgstroke-width\":\"0\",\"svgstroke-hover-color\":\"transparent\",\"svgstroke-hover-dasharray\":\"0\",\"svgstroke-hover-dashoffset\":\"0\",\"svgstroke-hover-width\":\"0\"},\"deformation-hover\":{\"blurfilter\":\"0\",\"grayscalefilter\":\"0\",\"brightnessfilter\":\"100\",\"color\":\"#000000\",\"text-decoration\":\"none\",\"background-color\":\"transparent\",\"border-color\":\"transparent\",\"border-style\":\"solid\",\"border-width\":[\"0px\",\"0px\",\"0px\",\"0px\"],\"border-radius\":[\"0px\",\"0px\",\"0px\",\"0px\"],\"x\":0,\"y\":0,\"z\":0,\"skewx\":\"0\",\"skewy\":\"0\",\"scalex\":\"1\",\"scaley\":\"1\",\"opacity\":\"1\",\"xrotate\":0,\"yrotate\":0,\"2d_rotation\":0,\"2d_origin_x\":50,\"2d_origin_y\":50,\"speed\":\"0\",\"zindex\":\"auto\",\"easing\":\"Linear.easeNone\",\"css_cursor\":\"pointer\",\"pointer_events\":\"auto\"},\"visible\":true,\"animation_overwrite\":\"wait\",\"trigger_memory\":\"keep\",\"serial\":\"0\",\"endWithSlide\":true,\"p_uid\":-1,\"toggle\":false,\"toggle_use_hover\":false,\"toggle_inverse_content\":false,\"texttoggle\":\"\",\"scaleX\":{\"desktop\":\"\"},\"scaleY\":{\"desktop\":\"\"},\"autolinebreak\":false,\"displaymode\":true,\"scaleProportional\":false,\"attrID\":\"\",\"attrWrapperID\":\"\",\"attrClasses\":\"\",\"attrWrapperClasses\":\"\",\"attrTitle\":\"\",\"attrTabindex\":\"\",\"attrRel\":\"\",\"layer-selectable\":\"default\",\"column_break_at\":\"mobile\",\"zIndex\":5,\"addedToStage\":true,\"layer_action\":{\"tooltip_event\":[],\"action\":[],\"image_link\":[],\"link_open_in\":[],\"link_follow\":[],\"jump_to_slide\":[],\"scrollunder_offset\":[],\"action_easing\":[],\"action_speed\":[],\"actioncallback\":[],\"layer_target\":[],\"link_type\":[],\"action_delay\":[],\"toggle_layer_type\":[],\"toggle_class\":[]}},{\"text\":\"\\u0628\\u0631\\u062a\\u0631\\u06cc\\u0646 \\u0627\\u0645\\u0648\\u0632\\u0634 \\u0647\\u0627\\u06cc \\u062d\\u0648\\u0632\\u0647 \\u0648\\u0628 \\u0641\\u0627\\u0631\\u0633\\u06cc\",\"type\":\"text\",\"special_type\":null,\"version\":\"530\",\"frames\":{\"frame_0\":{\"time\":10,\"delay\":0,\"split\":\"none\",\"splitdelay\":\"80\",\"split_extratime\":0,\"speed\":2000,\"animation\":\"sfb\",\"easing\":\"Power3.easeInOut\",\"text_c\":\"transparent\",\"bg_c\":\"transparent\",\"use_text_c\":false,\"use_bg_c\":false,\"split_direction\":\"forward\",\"sfxcolor\":\"#ffffff\",\"time_relative\":10,\"sfx_effect\":\"\"},\"frame_999\":{\"time\":8999.999694824219,\"delay\":0,\"split\":\"none\",\"splitdelay\":\"80\",\"split_extratime\":0,\"speed\":300,\"animation\":\"\",\"easing\":\"Power3.easeInOut\",\"split_direction\":\"forward\",\"sfxcolor\":\"#ffffff\",\"use_text_c\":false,\"use_bg_c\":false,\"text_c\":\"transparent\",\"bg_c\":\"transparent\",\"time_relative\":6989.999694824219,\"sfx_effect\":\"\"}},\"subtype\":\"\",\"specialsettings\":{},\"unique_id\":2,\"left\":{\"desktop\":1},\"top\":{\"desktop\":363},\"isDemo\":false,\"internal_class\":\"\",\"hover\":false,\"alias\":\"\\u0628\\u0631\\u062a\\u0631\\u06cc\\u0646 \\u0627\\u0645\\u0648\\u0632\\u0634 \\u0647\\u0627\\u06cc \\u062d\\u0648\\u0632...\",\"layer_bg_position\":\"center center\",\"layer_bg_size\":\"cover\",\"layer_bg_repeat\":\"no-repeat\",\"loop_animation\":\"none\",\"loop_easing\":\"\",\"loop_speed\":\"2\",\"loop_startdeg\":-20,\"loop_enddeg\":20,\"loop_xorigin\":50,\"loop_yorigin\":50,\"loop_xstart\":0,\"loop_xend\":0,\"loop_ystart\":0,\"loop_yend\":0,\"loop_zoomstart\":\"1\",\"loop_zoomend\":\"1\",\"loop_angle\":\"0\",\"loop_radius\":\"10\",\"layer_blend_mode\":\"normal\",\"html_tag\":\"div\",\"mask_start\":false,\"mask_end\":false,\"x_start_reverse\":false,\"y_start_reverse\":false,\"x_end_reverse\":false,\"y_end_reverse\":false,\"x_rotate_start_reverse\":false,\"y_rotate_start_reverse\":false,\"z_rotate_start_reverse\":false,\"x_rotate_end_reverse\":false,\"y_rotate_end_reverse\":false,\"z_rotate_end_reverse\":false,\"scale_x_start_reverse\":false,\"scale_y_start_reverse\":false,\"scale_x_end_reverse\":false,\"scale_y_end_reverse\":false,\"skew_x_start_reverse\":false,\"skew_y_start_reverse\":false,\"skew_x_end_reverse\":false,\"skew_y_end_reverse\":false,\"mask_x_start_reverse\":false,\"mask_y_start_reverse\":false,\"mask_x_end_reverse\":false,\"mask_y_end_reverse\":false,\"mask_x_start\":\"0\",\"mask_y_start\":\"0\",\"mask_speed_start\":\"inherit\",\"mask_ease_start\":\"inherit\",\"mask_x_end\":\"0\",\"mask_y_end\":\"0\",\"mask_speed_end\":\"inherit\",\"mask_ease_end\":\"inherit\",\"alt_option\":\"media_library\",\"alt\":\"\",\"max_height\":{\"desktop\":\"auto\"},\"min_height\":\"40px\",\"max_width\":{\"desktop\":\"auto\"},\"video_width\":{\"desktop\":\"480px\"},\"video_height\":{\"desktop\":\"360px\"},\"2d_rotation\":0,\"2d_origin_x\":50,\"2d_origin_y\":50,\"whitespace\":{\"desktop\":\"nowrap\"},\"display\":\"block\",\"static_start\":\"1\",\"static_end\":\"last\",\"align_hor\":{\"desktop\":\"center\"},\"align_vert\":{\"desktop\":\"top\"},\"hiddenunder\":false,\"resizeme\":true,\"seo-optimized\":false,\"link\":\"\",\"link_open_in\":\"same\",\"link_follow\":\"follow\",\"link_slide\":\"nothing\",\"scrollunder_offset\":\"\",\"style\":\"\",\"visible-desktop\":true,\"visible-notebook\":true,\"visible-tablet\":true,\"visible-mobile\":true,\"resize-full\":true,\"show-on-hover\":false,\"basealign\":\"grid\",\"responsive_offset\":true,\"lazy-load\":\"auto\",\"image-size\":\"auto\",\"css-position\":\"relative\",\"width\":255,\"height\":18,\"cover_mode\":\"custom\",\"static_styles\":{\"font-size\":{\"desktop\":\"22px\"},\"line-height\":{\"desktop\":\"22px\"},\"font-weight\":{\"desktop\":\"400\"},\"color\":{\"desktop\":\"#ffffff\"},\"letter-spacing\":{\"desktop\":\"0\"}},\"margin\":{\"desktop\":[\"0\",\"0\",\"0\",\"0\"]},\"padding\":{\"desktop\":[\"0\",\"0\",\"0\",\"0\"]},\"text-align\":{\"desktop\":\"inherit\"},\"x_start\":\"inherit\",\"y_start\":\"50px\",\"z_start\":\"inherit\",\"x_end\":\"inherit\",\"y_end\":\"inherit\",\"z_end\":\"inherit\",\"opacity_start\":\"0\",\"opacity_end\":\"0\",\"blurfilter_start\":\"0\",\"blurfilter_end\":\"0\",\"grayscalefilter_start\":\"0\",\"grayscalefilter_end\":\"0\",\"brightnessfilter_start\":\"100\",\"brightnessfilter_end\":\"100\",\"x_rotate_start\":\"inherit\",\"y_rotate_start\":\"inherit\",\"z_rotate_start\":\"inherit\",\"x_rotate_end\":\"inherit\",\"y_rotate_end\":\"inherit\",\"z_rotate_end\":\"inherit\",\"scale_x_start\":\"inherit\",\"scale_y_start\":\"inherit\",\"scale_x_end\":\"inherit\",\"scale_y_end\":\"inherit\",\"skew_x_start\":\"inherit\",\"skew_y_start\":\"inherit\",\"skew_x_end\":\"inherit\",\"skew_y_end\":\"inherit\",\"pers_start\":\"inherit\",\"pers_end\":\"inherit\",\"deformation\":{\"font-family\":\"\",\"font-style\":\"normal\",\"text-decoration\":\"none\",\"vertical-align\":\"top\",\"text-transform\":\"none\",\"background-color\":\"transparent\",\"border-color\":\"transparent\",\"border-style\":\"solid\",\"border-width\":[\"0\",\"0\",\"0\",\"0\"],\"border-radius\":[\"0\",\"0\",\"0\",\"0\"],\"x\":0,\"y\":0,\"z\":0,\"skewx\":\"0\",\"skewy\":\"0\",\"scalex\":\"1\",\"scaley\":\"1\",\"opacity\":\"1\",\"xrotate\":0,\"yrotate\":0,\"2d_origin_x\":\"50\",\"2d_origin_y\":\"50\",\"pers\":\"600\",\"corner_left\":\"nothing\",\"corner_right\":\"nothing\",\"blurfilter\":\"0\",\"grayscalefilter\":\"0\",\"brightnessfilter\":\"100\",\"overflow\":\"visible\"},\"svg\":{\"svgstroke-color\":\"transparent\",\"svgstroke-dasharray\":\"0\",\"svgstroke-dashoffset\":\"0\",\"svgstroke-width\":\"0\",\"svgstroke-hover-color\":\"transparent\",\"svgstroke-hover-dasharray\":\"0\",\"svgstroke-hover-dashoffset\":\"0\",\"svgstroke-hover-width\":\"0\"},\"deformation-hover\":{\"blurfilter\":\"0\",\"grayscalefilter\":\"0\",\"brightnessfilter\":\"100\",\"color\":\"#000000\",\"text-decoration\":\"none\",\"background-color\":\"transparent\",\"border-color\":\"transparent\",\"border-style\":\"solid\",\"border-width\":[\"0px\",\"0px\",\"0px\",\"0px\"],\"border-radius\":[\"0px\",\"0px\",\"0px\",\"0px\"],\"x\":0,\"y\":0,\"z\":0,\"skewx\":\"0\",\"skewy\":\"0\",\"scalex\":\"1\",\"scaley\":\"1\",\"opacity\":\"1\",\"xrotate\":0,\"yrotate\":0,\"2d_rotation\":0,\"2d_origin_x\":50,\"2d_origin_y\":50,\"speed\":\"0\",\"zindex\":\"auto\",\"easing\":\"Linear.easeNone\",\"css_cursor\":\"pointer\",\"pointer_events\":\"auto\"},\"visible\":true,\"animation_overwrite\":\"wait\",\"trigger_memory\":\"keep\",\"serial\":\"1\",\"endWithSlide\":true,\"p_uid\":-1,\"toggle\":false,\"toggle_use_hover\":false,\"toggle_inverse_content\":false,\"texttoggle\":\"\",\"scaleX\":{\"desktop\":\"\"},\"scaleY\":{\"desktop\":\"\"},\"autolinebreak\":false,\"displaymode\":true,\"scaleProportional\":false,\"attrID\":\"\",\"attrWrapperID\":\"\",\"attrClasses\":\"\",\"attrWrapperClasses\":\"\",\"attrTitle\":\"\",\"attrTabindex\":\"\",\"attrRel\":\"\",\"layer-selectable\":\"default\",\"column_break_at\":\"mobile\",\"zIndex\":6,\"addedToStage\":true,\"layer_action\":{\"tooltip_event\":[],\"action\":[],\"image_link\":[],\"link_open_in\":[],\"link_follow\":[],\"jump_to_slide\":[],\"scrollunder_offset\":[],\"action_easing\":[],\"action_speed\":[],\"actioncallback\":[],\"layer_target\":[],\"link_type\":[],\"action_delay\":[],\"toggle_layer_type\":[],\"toggle_class\":[]}},{\"static_styles\":{\"color\":{\"desktop\":\"#ffffff\"},\"font-size\":{\"desktop\":\"17px\"},\"line-height\":{\"desktop\":\"17px\"},\"font-weight\":{\"desktop\":\"500\"},\"letter-spacing\":{\"desktop\":\"\"}},\"inline\":{\"idle\":{\"outline\":\"none\",\"box-shadow\":\"none\",\"box-sizing\":\"border-box\",\"-moz-box-sizing\":\"border-box\",\"-webkit-box-sizing\":\"border-box\"},\"hover\":{}},\"deformation\":{\"padding\":[\"12px\",\"35px\",\"12px\",\"35px\"],\"font-family\":\"\",\"background-color\":\"rgba(255, 213, 48, 0.75)\",\"border-radius\":[\"30px\",\"30px\",\"30px\",\"30px\"],\"border-color\":\"rgba(0,0,0,1)\",\"border-width\":[\"0\",\"0\",\"0\",\"0\"],\"border-style\":\"solid\",\"icon-class\":\"\",\"text-decoration\":\"none\",\"font-style\":\"normal\",\"vertical-align\":\"top\",\"text-transform\":\"none\",\"x\":0,\"y\":0,\"z\":0,\"skewx\":\"0\",\"skewy\":\"0\",\"scalex\":\"1\",\"scaley\":\"1\",\"opacity\":\"1\",\"xrotate\":0,\"yrotate\":0,\"2d_origin_x\":\"50\",\"2d_origin_y\":\"50\",\"pers\":\"600\",\"corner_left\":\"nothing\",\"corner_right\":\"nothing\",\"blurfilter\":\"0\",\"grayscalefilter\":\"0\",\"brightnessfilter\":\"100\",\"overflow\":\"visible\"},\"deformation-hover\":{\"background-color\":\"rgba(255,255,255,1)\",\"color\":\"rgba(0,0,0,1)\",\"border-radius\":[\"30px\",\"30px\",\"30px\",\"30px\"],\"border-color\":\"rgba(0,0,0,1)\",\"border-width\":[\"0\",\"0\",\"0\",\"0\"],\"border-style\":\"solid\",\"icon-class\":\"\",\"css_cursor\":\"pointer\",\"pointer_events\":\"auto\",\"blurfilter\":\"0\",\"grayscalefilter\":\"0\",\"brightnessfilter\":\"100\",\"text-decoration\":\"none\",\"x\":0,\"y\":0,\"z\":0,\"skewx\":\"0\",\"skewy\":\"0\",\"scalex\":\"1\",\"scaley\":\"1\",\"opacity\":\"1\",\"xrotate\":0,\"yrotate\":0,\"2d_rotation\":0,\"2d_origin_x\":50,\"2d_origin_y\":50,\"speed\":\"0\",\"zindex\":\"auto\",\"easing\":\"Linear.easeNone\"},\"text\":\"\\u062f\\u0648\\u0631\\u0647 \\u0647\\u0627\\u06cc \\u0622\\u0645\\u0648\\u0632\\u0634\\u06cc\",\"type\":\"button\",\"subtype\":\"roundbutton\",\"specialsettings\":{},\"alias\":\"Button\",\"style\":\"\",\"internal_class\":\"rev-btn\",\"resize-full\":true,\"resizeme\":true,\"max_width\":{\"desktop\":\"auto\"},\"max_height\":{\"desktop\":\"auto\"},\"autolinebreak\":false,\"hover\":true,\"version\":\"530\",\"frames\":{\"frame_0\":{\"time\":10,\"delay\":0,\"split\":\"none\",\"splitdelay\":\"10\",\"split_extratime\":0,\"speed\":1500,\"animation\":\"sfb\",\"easing\":\"easeOutBounce\",\"text_c\":\"transparent\",\"bg_c\":\"transparent\",\"use_text_c\":false,\"use_bg_c\":false,\"split_direction\":\"forward\",\"sfxcolor\":\"#ffffff\",\"time_relative\":10,\"sfx_effect\":\"\"},\"frame_999\":{\"time\":8999.999694824219,\"delay\":0,\"split\":\"none\",\"splitdelay\":\"10\",\"split_extratime\":0,\"speed\":300,\"animation\":\"\",\"easing\":\"easeInBounce\",\"split_direction\":\"forward\",\"sfxcolor\":\"#ffffff\",\"use_text_c\":false,\"use_bg_c\":false,\"text_c\":\"transparent\",\"bg_c\":\"transparent\",\"time_relative\":7489.999694824219,\"sfx_effect\":\"\"}},\"unique_id\":3,\"left\":{\"desktop\":109},\"top\":{\"desktop\":5},\"isDemo\":false,\"layer_bg_position\":\"center center\",\"layer_bg_size\":\"cover\",\"layer_bg_repeat\":\"no-repeat\",\"loop_animation\":\"none\",\"loop_easing\":\"\",\"loop_speed\":\"2\",\"loop_startdeg\":-20,\"loop_enddeg\":20,\"loop_xorigin\":50,\"loop_yorigin\":50,\"loop_xstart\":0,\"loop_xend\":0,\"loop_ystart\":0,\"loop_yend\":0,\"loop_zoomstart\":\"1\",\"loop_zoomend\":\"1\",\"loop_angle\":\"0\",\"loop_radius\":\"10\",\"layer_blend_mode\":\"normal\",\"html_tag\":\"div\",\"mask_start\":false,\"mask_end\":false,\"x_start_reverse\":false,\"y_start_reverse\":false,\"x_end_reverse\":false,\"y_end_reverse\":false,\"x_rotate_start_reverse\":false,\"y_rotate_start_reverse\":false,\"z_rotate_start_reverse\":false,\"x_rotate_end_reverse\":false,\"y_rotate_end_reverse\":false,\"z_rotate_end_reverse\":false,\"scale_x_start_reverse\":false,\"scale_y_start_reverse\":false,\"scale_x_end_reverse\":false,\"scale_y_end_reverse\":false,\"skew_x_start_reverse\":false,\"skew_y_start_reverse\":false,\"skew_x_end_reverse\":false,\"skew_y_end_reverse\":false,\"mask_x_start_reverse\":false,\"mask_y_start_reverse\":false,\"mask_x_end_reverse\":false,\"mask_y_end_reverse\":false,\"mask_x_start\":\"[-100%]\",\"mask_y_start\":\"0\",\"mask_speed_start\":\"inherit\",\"mask_ease_start\":\"inherit\",\"mask_x_end\":\"0\",\"mask_y_end\":\"0\",\"mask_speed_end\":\"inherit\",\"mask_ease_end\":\"inherit\",\"alt_option\":\"media_library\",\"alt\":\"\",\"min_height\":\"40px\",\"video_width\":{\"desktop\":\"480px\"},\"video_height\":{\"desktop\":\"360px\"},\"2d_rotation\":0,\"2d_origin_x\":50,\"2d_origin_y\":50,\"whitespace\":{\"desktop\":\"nowrap\"},\"display\":\"block\",\"static_start\":\"1\",\"static_end\":\"last\",\"align_hor\":{\"desktop\":\"center\"},\"align_vert\":{\"desktop\":\"middle\"},\"hiddenunder\":false,\"seo-optimized\":false,\"link\":\"\",\"link_open_in\":\"same\",\"link_follow\":\"follow\",\"link_slide\":\"nothing\",\"scrollunder_offset\":\"\",\"visible-desktop\":true,\"visible-notebook\":true,\"visible-tablet\":true,\"visible-mobile\":true,\"show-on-hover\":false,\"basealign\":\"grid\",\"responsive_offset\":true,\"lazy-load\":\"auto\",\"image-size\":\"auto\",\"css-position\":\"relative\",\"width\":191,\"height\":41,\"cover_mode\":\"custom\",\"margin\":{\"desktop\":[\"0\",\"0\",\"0\",\"0\"]},\"padding\":{\"desktop\":[\"12px\",\"35px\",\"12px\",\"35px\"]},\"text-align\":{\"desktop\":\"inherit\"},\"x_start\":\"[175%]\",\"y_start\":\"0px\",\"z_start\":\"0\",\"x_end\":\"inherit\",\"y_end\":\"inherit\",\"z_end\":\"inherit\",\"opacity_start\":\"1\",\"opacity_end\":\"0\",\"blurfilter_start\":\"0\",\"blurfilter_end\":\"0\",\"grayscalefilter_start\":\"0\",\"grayscalefilter_end\":\"0\",\"brightnessfilter_start\":\"100\",\"brightnessfilter_end\":\"100\",\"x_rotate_start\":\"0\",\"y_rotate_start\":\"0\",\"z_rotate_start\":\"0\",\"x_rotate_end\":\"inherit\",\"y_rotate_end\":\"inherit\",\"z_rotate_end\":\"inherit\",\"scale_x_start\":\"1\",\"scale_y_start\":\"1\",\"scale_x_end\":\"inherit\",\"scale_y_end\":\"inherit\",\"skew_x_start\":\"0\",\"skew_y_start\":\"0\",\"skew_x_end\":\"inherit\",\"skew_y_end\":\"inherit\",\"pers_start\":\"inherit\",\"pers_end\":\"inherit\",\"svg\":{\"svgstroke-color\":\"transparent\",\"svgstroke-dasharray\":\"0\",\"svgstroke-dashoffset\":\"0\",\"svgstroke-width\":\"0\",\"svgstroke-hover-color\":\"transparent\",\"svgstroke-hover-dasharray\":\"0\",\"svgstroke-hover-dashoffset\":\"0\",\"svgstroke-hover-width\":\"0\"},\"visible\":true,\"animation_overwrite\":\"wait\",\"trigger_memory\":\"keep\",\"serial\":\"2\",\"endWithSlide\":true,\"p_uid\":-1,\"toggle\":false,\"toggle_use_hover\":false,\"toggle_inverse_content\":false,\"texttoggle\":\"\",\"scaleX\":{\"desktop\":\"\"},\"scaleY\":{\"desktop\":\"\"},\"displaymode\":true,\"scaleProportional\":false,\"attrID\":\"\",\"attrWrapperID\":\"\",\"attrClasses\":\"\",\"attrWrapperClasses\":\"\",\"attrTitle\":\"\",\"attrTabindex\":\"\",\"attrRel\":\"\",\"layer-selectable\":\"default\",\"column_break_at\":\"mobile\",\"zIndex\":7,\"addedToStage\":true,\"layer_action\":{\"tooltip_event\":[],\"action\":[],\"image_link\":[],\"link_open_in\":[],\"link_follow\":[],\"jump_to_slide\":[],\"scrollunder_offset\":[],\"action_easing\":[],\"action_speed\":[],\"actioncallback\":[],\"layer_target\":[],\"link_type\":[],\"action_delay\":[],\"toggle_layer_type\":[],\"toggle_class\":[]}},{\"static_styles\":{\"color\":{\"desktop\":\"rgba(255,255,255,1)\"},\"font-size\":{\"desktop\":\"17px\"},\"line-height\":{\"desktop\":\"17px\"},\"font-weight\":{\"desktop\":\"500\"},\"letter-spacing\":{\"desktop\":\"\"}},\"inline\":{\"idle\":{\"outline\":\"none\",\"box-shadow\":\"none\",\"box-sizing\":\"border-box\",\"-moz-box-sizing\":\"border-box\",\"-webkit-box-sizing\":\"border-box\"},\"hover\":{}},\"deformation\":{\"padding\":[\"12px\",\"35px\",\"12px\",\"35px\"],\"font-family\":\"\",\"background-color\":\"rgba(71, 209, 128, 0.75)\",\"border-radius\":[\"30px\",\"30px\",\"30px\",\"30px\"],\"border-color\":\"rgba(0,0,0,1)\",\"border-width\":[\"0\",\"0\",\"0\",\"0\"],\"border-style\":\"solid\",\"icon-class\":\"\",\"text-decoration\":\"none\",\"font-style\":\"normal\",\"vertical-align\":\"top\",\"text-transform\":\"none\",\"x\":0,\"y\":0,\"z\":0,\"skewx\":\"0\",\"skewy\":\"0\",\"scalex\":\"1\",\"scaley\":\"1\",\"opacity\":\"1\",\"xrotate\":0,\"yrotate\":0,\"2d_origin_x\":\"50\",\"2d_origin_y\":\"50\",\"pers\":\"600\",\"corner_left\":\"nothing\",\"corner_right\":\"nothing\",\"blurfilter\":\"0\",\"grayscalefilter\":\"0\",\"brightnessfilter\":\"100\",\"overflow\":\"visible\"},\"deformation-hover\":{\"background-color\":\"rgba(255,255,255,1)\",\"color\":\"rgba(0,0,0,1)\",\"border-radius\":[\"30px\",\"30px\",\"30px\",\"30px\"],\"border-color\":\"rgba(0,0,0,1)\",\"border-width\":[\"0\",\"0\",\"0\",\"0\"],\"border-style\":\"solid\",\"icon-class\":\"\",\"css_cursor\":\"pointer\",\"pointer_events\":\"auto\",\"blurfilter\":\"0\",\"grayscalefilter\":\"0\",\"brightnessfilter\":\"100\",\"text-decoration\":\"none\",\"x\":0,\"y\":0,\"z\":0,\"skewx\":\"0\",\"skewy\":\"0\",\"scalex\":\"1\",\"scaley\":\"1\",\"opacity\":\"1\",\"xrotate\":0,\"yrotate\":0,\"2d_rotation\":0,\"2d_origin_x\":50,\"2d_origin_y\":50,\"speed\":\"0\",\"zindex\":\"auto\",\"easing\":\"Linear.easeNone\"},\"text\":\"\\u0645\\u0642\\u0627\\u0644\\u0627\\u062a \\u0622\\u0645\\u0648\\u0632\\u0634\\u06cc\",\"type\":\"button\",\"subtype\":\"roundbutton\",\"specialsettings\":{},\"alias\":\"Button\",\"style\":\"\",\"internal_class\":\"rev-btn\",\"resize-full\":true,\"resizeme\":true,\"max_width\":{\"desktop\":\"auto\"},\"max_height\":{\"desktop\":\"auto\"},\"autolinebreak\":false,\"hover\":true,\"version\":\"530\",\"frames\":{\"frame_0\":{\"time\":10,\"delay\":0,\"split\":\"none\",\"splitdelay\":\"30\",\"split_extratime\":0,\"speed\":1500,\"animation\":\"sfb\",\"easing\":\"easeOutBounce\",\"text_c\":\"transparent\",\"bg_c\":\"transparent\",\"use_text_c\":false,\"use_bg_c\":false,\"split_direction\":\"forward\",\"sfxcolor\":\"#ffffff\",\"time_relative\":10,\"sfx_effect\":\"\"},\"frame_999\":{\"time\":8999.999694824219,\"delay\":0,\"split\":\"none\",\"splitdelay\":\"40\",\"split_extratime\":0,\"speed\":300,\"animation\":\"\",\"easing\":\"Power3.easeInOut\",\"split_direction\":\"forward\",\"sfxcolor\":\"#ffffff\",\"use_text_c\":false,\"use_bg_c\":false,\"text_c\":\"transparent\",\"bg_c\":\"transparent\",\"time_relative\":7489.999694824219,\"sfx_effect\":\"\"}},\"unique_id\":4,\"left\":{\"desktop\":-111},\"top\":{\"desktop\":421},\"isDemo\":false,\"layer_bg_position\":\"center center\",\"layer_bg_size\":\"cover\",\"layer_bg_repeat\":\"no-repeat\",\"loop_animation\":\"none\",\"loop_easing\":\"\",\"loop_speed\":\"2\",\"loop_startdeg\":-20,\"loop_enddeg\":20,\"loop_xorigin\":50,\"loop_yorigin\":50,\"loop_xstart\":0,\"loop_xend\":0,\"loop_ystart\":0,\"loop_yend\":0,\"loop_zoomstart\":\"1\",\"loop_zoomend\":\"1\",\"loop_angle\":\"0\",\"loop_radius\":\"10\",\"layer_blend_mode\":\"normal\",\"html_tag\":\"div\",\"mask_start\":false,\"mask_end\":false,\"x_start_reverse\":false,\"y_start_reverse\":false,\"x_end_reverse\":false,\"y_end_reverse\":false,\"x_rotate_start_reverse\":false,\"y_rotate_start_reverse\":false,\"z_rotate_start_reverse\":false,\"x_rotate_end_reverse\":false,\"y_rotate_end_reverse\":false,\"z_rotate_end_reverse\":false,\"scale_x_start_reverse\":false,\"scale_y_start_reverse\":false,\"scale_x_end_reverse\":false,\"scale_y_end_reverse\":false,\"skew_x_start_reverse\":false,\"skew_y_start_reverse\":false,\"skew_x_end_reverse\":false,\"skew_y_end_reverse\":false,\"mask_x_start_reverse\":false,\"mask_y_start_reverse\":false,\"mask_x_end_reverse\":false,\"mask_y_end_reverse\":false,\"mask_x_start\":\"[100%]\",\"mask_y_start\":\"0\",\"mask_speed_start\":\"inherit\",\"mask_ease_start\":\"inherit\",\"mask_x_end\":\"0\",\"mask_y_end\":\"0\",\"mask_speed_end\":\"inherit\",\"mask_ease_end\":\"inherit\",\"alt_option\":\"media_library\",\"alt\":\"\",\"min_height\":\"40px\",\"video_width\":{\"desktop\":\"480px\"},\"video_height\":{\"desktop\":\"360px\"},\"2d_rotation\":0,\"2d_origin_x\":50,\"2d_origin_y\":50,\"whitespace\":{\"desktop\":\"nowrap\"},\"display\":\"block\",\"static_start\":\"1\",\"static_end\":\"last\",\"align_hor\":{\"desktop\":\"center\"},\"align_vert\":{\"desktop\":\"top\"},\"hiddenunder\":false,\"seo-optimized\":false,\"link\":\"\",\"link_open_in\":\"same\",\"link_follow\":\"follow\",\"link_slide\":\"nothing\",\"scrollunder_offset\":\"\",\"visible-desktop\":true,\"visible-notebook\":true,\"visible-tablet\":true,\"visible-mobile\":true,\"show-on-hover\":false,\"basealign\":\"grid\",\"responsive_offset\":true,\"lazy-load\":\"auto\",\"image-size\":\"auto\",\"css-position\":\"relative\",\"width\":175,\"height\":41,\"cover_mode\":\"custom\",\"margin\":{\"desktop\":[\"0\",\"0\",\"0\",\"0\"]},\"padding\":{\"desktop\":[\"12px\",\"35px\",\"12px\",\"35px\"]},\"text-align\":{\"desktop\":\"inherit\"},\"x_start\":\"[-175%]\",\"y_start\":\"0px\",\"z_start\":\"0\",\"x_end\":\"inherit\",\"y_end\":\"inherit\",\"z_end\":\"inherit\",\"opacity_start\":\"1\",\"opacity_end\":\"0\",\"blurfilter_start\":\"0\",\"blurfilter_end\":\"0\",\"grayscalefilter_start\":\"0\",\"grayscalefilter_end\":\"0\",\"brightnessfilter_start\":\"100\",\"brightnessfilter_end\":\"100\",\"x_rotate_start\":\"0\",\"y_rotate_start\":\"0\",\"z_rotate_start\":\"0\",\"x_rotate_end\":\"inherit\",\"y_rotate_end\":\"inherit\",\"z_rotate_end\":\"inherit\",\"scale_x_start\":\"1\",\"scale_y_start\":\"1\",\"scale_x_end\":\"inherit\",\"scale_y_end\":\"inherit\",\"skew_x_start\":\"0\",\"skew_y_start\":\"0\",\"skew_x_end\":\"inherit\",\"skew_y_end\":\"inherit\",\"pers_start\":\"inherit\",\"pers_end\":\"inherit\",\"svg\":{\"svgstroke-color\":\"transparent\",\"svgstroke-dasharray\":\"0\",\"svgstroke-dashoffset\":\"0\",\"svgstroke-width\":\"0\",\"svgstroke-hover-color\":\"transparent\",\"svgstroke-hover-dasharray\":\"0\",\"svgstroke-hover-dashoffset\":\"0\",\"svgstroke-hover-width\":\"0\"},\"visible\":true,\"animation_overwrite\":\"wait\",\"trigger_memory\":\"keep\",\"serial\":\"3\",\"endWithSlide\":true,\"p_uid\":-1,\"toggle\":false,\"toggle_use_hover\":false,\"toggle_inverse_content\":false,\"texttoggle\":\"\",\"scaleX\":{\"desktop\":\"\"},\"scaleY\":{\"desktop\":\"\"},\"displaymode\":true,\"scaleProportional\":false,\"attrID\":\"\",\"attrWrapperID\":\"\",\"attrClasses\":\"\",\"attrWrapperClasses\":\"\",\"attrTitle\":\"\",\"attrTabindex\":\"\",\"attrRel\":\"\",\"layer-selectable\":\"default\",\"column_break_at\":\"mobile\",\"zIndex\":8,\"addedToStage\":true,\"positionCache\":{\"top\":421.00001525878906,\"left\":424},\"layer_action\":{\"tooltip_event\":[],\"action\":[],\"image_link\":[],\"link_open_in\":[],\"link_follow\":[],\"jump_to_slide\":[],\"scrollunder_offset\":[],\"action_easing\":[],\"action_speed\":[],\"actioncallback\":[],\"layer_target\":[],\"link_type\":[],\"action_delay\":[],\"toggle_layer_type\":[],\"toggle_class\":[]}}]', '\"\"');
INSERT INTO `wp_revslider_slides` (`id`, `slider_id`, `slide_order`, `params`, `layers`, `settings`) VALUES
(2, 1, 2, '{\"background_type\":\"image\",\"rs-gallery-type\":\"gallery\",\"bg_external\":\"\",\"bg_color\":\"#ffcc00\",\"slide_bg_youtube\":\"\",\"slide_bg_vimeo\":\"\",\"slide_bg_html_mpeg\":\"\",\"slide_bg_html_webm\":\"\",\"slide_bg_html_ogv\":\"\",\"image_source_type\":\"full\",\"alt_option\":\"media_library\",\"alt_attr\":\"\",\"ext_width\":\"1920\",\"ext_height\":\"1080\",\"title_option\":\"media_library\",\"title_attr\":\"\",\"video_force_cover\":\"on\",\"video_dotted_overlay\":\"none\",\"video_ratio\":\"16:9\",\"video_start_at\":\"\",\"video_end_at\":\"\",\"video_loop\":\"none\",\"video_nextslide\":\"off\",\"video_force_rewind\":\"on\",\"video_mute\":\"on\",\"video_volume\":\"100\",\"video_speed\":\"1\",\"video_arguments\":\"hd=1&wmode=opaque&showinfo=0&rel=0;\",\"video_arguments_vim\":\"title=0&byline=0&portrait=0&api=1\",\"bg_fit\":\"cover\",\"bg_fit_x\":\"100\",\"bg_fit_y\":\"100\",\"bg_position\":\"center center\",\"bg_position_x\":\"0\",\"bg_position_y\":\"0\",\"bg_repeat\":\"no-repeat\",\"media-filter-type\":\"willow\",\"kenburn_effect\":\"off\",\"kb_start_fit\":\"100\",\"kb_end_fit\":\"100\",\"kb_start_offset_x\":\"0\",\"kb_end_offset_x\":\"0\",\"kb_start_offset_y\":\"0\",\"kb_end_offset_y\":\"0\",\"kb_start_rotate\":\"0\",\"kb_end_rotate\":\"0\",\"kb_blur_start\":\"0\",\"kb_blur_end\":\"0\",\"kb_easing\":\"Linear.easeNone\",\"kb_duration\":\"10000\",\"image_id\":\"1146\",\"title\":\"Slide\",\"delay\":\"0\",\"stoponpurpose\":\"false\",\"invisibleslide\":\"false\",\"state\":\"published\",\"hideslideafter\":\"0\",\"hideslideonmobile\":\"off\",\"date_from\":\"\",\"date_to\":\"\",\"save_performance\":\"off\",\"slide_thumb\":\"\",\"0\":\"Remove\",\"thumb_dimension\":\"slider\",\"thumb_for_admin\":\"off\",\"slide_transition\":[\"slidingoverlayleft\"],\"slot_amount\":[\"default\"],\"transition_rotation\":[\"0\"],\"transition_duration\":[\"default\"],\"transition_ease_in\":[\"default\"],\"transition_ease_out\":[\"default\"],\"ph-round-arrows-bg-color-custom-slide\":\"off\",\"ph-round-arrows-bg-color-custom\":\"0,0,0,0.5\",\"ph-round-arrows-bg-size-custom-slide\":\"off\",\"ph-round-arrows-bg-size-custom\":\"40\",\"ph-round-arrows-arrow-color-color-slide\":\"off\",\"ph-round-arrows-arrow-color-color\":\"#ffffff\",\"ph-round-arrows-arrow-size-custom-slide\":\"off\",\"ph-round-arrows-arrow-size-custom\":\"20\",\"ph-round-arrows-hover-bg-color-color-rgba-slide\":\"off\",\"ph-round-arrows-hover-bg-color-color-rgba\":\"#000000\",\"ph-round-bullets-bullet-size-custom-slide\":\"off\",\"ph-round-bullets-bullet-size-custom\":\"12\",\"ph-round-bullets-bullet-bg-top-color-slide\":\"off\",\"ph-round-bullets-bullet-bg-top-color\":\"#999999\",\"ph-round-bullets-bullet-bg-bottom-color-slide\":\"off\",\"ph-round-bullets-bullet-bg-bottom-color\":\"#e1e1e1\",\"ph-round-bullets-border-color-color-slide\":\"off\",\"ph-round-bullets-border-color-color\":\"#e5e5e5\",\"ph-round-bullets-border-size-custom-slide\":\"off\",\"ph-round-bullets-border-size-custom\":\"3\",\"ph-round-bullets-hover-bullet-bg-color-slide\":\"off\",\"ph-round-bullets-hover-bullet-bg-color\":\"#666666\",\"ph-round-tabs-font-family-font_family-slide\":\"off\",\"ph-round-tabs-font-family-font_family\":\"Roboto\",\"ph-round-tabs-border-color-color-rgba-slide\":\"off\",\"ph-round-tabs-border-color-color-rgba\":\"#e5e5e5\",\"ph-round-tabs-border-size-custom-slide\":\"off\",\"ph-round-tabs-border-size-custom\":\"1\",\"ph-round-tabs-image-size-custom-slide\":\"off\",\"ph-round-tabs-image-size-custom\":\"60\",\"ph-round-tabs-param1-color-color-rgba-slide\":\"off\",\"ph-round-tabs-param1-color-color-rgba\":\"rgba(51,51,51,0.5)\",\"ph-round-tabs-param1-size-custom-slide\":\"off\",\"ph-round-tabs-param1-size-custom\":\"12\",\"ph-round-tabs-hover-bg-color-color-rgba-slide\":\"off\",\"ph-round-tabs-hover-bg-color-color-rgba\":\"#eeeeee\",\"ph-round-tabs-bgcolor-color-rgba-slide\":\"off\",\"ph-round-tabs-bgcolor-color-rgba\":\"rgba(0,0,0,0)\",\"ph-round-tabs-contentcolor-color-rgba-slide\":\"off\",\"ph-round-tabs-contentcolor-color-rgba\":\"#333333\",\"ph-round-tabs-param2-color-color-rgba-slide\":\"off\",\"ph-round-tabs-param2-color-color-rgba\":\"transparent\",\"ph-round-tabs-param2-size-custom-slide\":\"off\",\"ph-round-tabs-param2-size-custom\":\"14\",\"ph-round-thumbs-title-bg-color-rgba-slide\":\"off\",\"ph-round-thumbs-title-bg-color-rgba\":\"rgba(0,0,0,0.85)\",\"ph-round-thumbs-title-color-color-rgba-slide\":\"off\",\"ph-round-thumbs-title-color-color-rgba\":\"#ffffff\",\"ph-round-thumbs-title-font-size-custom-slide\":\"off\",\"ph-round-thumbs-title-font-size-custom\":\"12\",\"params_1\":\"\",\"params_1_chars\":\"10\",\"params_2\":\"\",\"params_2_chars\":\"10\",\"params_3\":\"\",\"params_3_chars\":\"10\",\"params_4\":\"\",\"params_4_chars\":\"10\",\"params_5\":\"\",\"params_5_chars\":\"10\",\"params_6\":\"\",\"params_6_chars\":\"10\",\"params_7\":\"\",\"params_7_chars\":\"10\",\"params_8\":\"\",\"params_8_chars\":\"10\",\"params_9\":\"\",\"params_9_chars\":\"10\",\"params_10\":\"\",\"params_10_chars\":\"10\",\"slide_description\":\"\",\"class_attr\":\"\",\"id_attr\":\"\",\"data_attr\":\"\",\"enable_link\":\"false\",\"link_type\":\"regular\",\"link\":\"\",\"link_open_in\":\"same\",\"slide_link\":\"nothing\",\"link_pos\":\"front\",\"slide_bg_color\":\"#ffcc00\",\"slide_bg_external\":\"\",\"image\":\"https:\\/\\/jetprozhe.com\\/wp-content\\/uploads\\/2020\\/07\\/dgd5g1df54g.jpg\",\"1\":\"Remove\",\"2\":\"Remove\",\"ph-uranus-arrows-height-custom-slide\":\"off\",\"ph-uranus-arrows-height-custom\":\"50\",\"ph-uranus-arrows-font-size-custom-slide\":\"off\",\"ph-uranus-arrows-font-size-custom\":\"40\",\"ph-uranus-arrows-background-color-rgba-slide\":\"off\",\"ph-uranus-arrows-background-color-rgba\":\"rgba(255,255,255,0)\",\"ph-uranus-arrows-width-custom-slide\":\"off\",\"ph-uranus-arrows-width-custom\":\"50\",\"3\":\"Remove\",\"4\":\"Remove\",\"5\":\"Remove\",\"6\":\"Remove\",\"7\":\"Remove\",\"8\":\"Remove\",\"9\":\"Remove\",\"10\":\"Remove\",\"11\":\"Remove\",\"12\":\"Remove\",\"13\":\"Remove\",\"14\":\"Remove\",\"15\":\"Remove\",\"16\":\"Remove\"}', '[{\"style\":\"\",\"text\":\"Image 1\",\"type\":\"image\",\"image_url\":\"https:\\/\\/jetprozhe.com\\/wp-content\\/uploads\\/2020\\/06\\/top-slider.png\",\"scaleProportional\":true,\"scaleX\":{\"desktop\":\"523px\"},\"scaleY\":{\"desktop\":\"523px\"},\"originalWidth\":700,\"originalHeight\":700,\"special_type\":null,\"version\":\"530\",\"frames\":{\"frame_0\":{\"time\":10,\"delay\":0,\"split\":\"none\",\"splitdelay\":\"90\",\"split_extratime\":0,\"speed\":2500,\"animation\":\"SmoothPopUp_One\",\"easing\":\"Power3.easeInOut\",\"text_c\":\"transparent\",\"bg_c\":\"transparent\",\"use_text_c\":false,\"use_bg_c\":false,\"split_direction\":\"forward\",\"sfxcolor\":\"#ffffff\",\"time_relative\":10,\"sfx_effect\":\"\"},\"frame_999\":{\"time\":8999.999694824219,\"delay\":0,\"split\":\"none\",\"splitdelay\":\"90\",\"split_extratime\":0,\"speed\":300,\"animation\":\"\",\"easing\":\"Power3.easeInOut\",\"split_direction\":\"forward\",\"sfxcolor\":\"#ffffff\",\"use_text_c\":false,\"use_bg_c\":false,\"text_c\":\"transparent\",\"bg_c\":\"transparent\",\"time_relative\":6489.999694824219,\"sfx_effect\":\"\"}},\"subtype\":\"\",\"specialsettings\":{},\"unique_id\":1,\"left\":{\"desktop\":49},\"top\":{\"desktop\":2},\"isDemo\":false,\"internal_class\":\"\",\"hover\":false,\"alias\":\"image 1\",\"layer_bg_position\":\"center center\",\"layer_bg_size\":\"cover\",\"layer_bg_repeat\":\"no-repeat\",\"loop_animation\":\"none\",\"loop_easing\":\"\",\"loop_speed\":\"2\",\"loop_startdeg\":-20,\"loop_enddeg\":20,\"loop_xorigin\":50,\"loop_yorigin\":50,\"loop_xstart\":0,\"loop_xend\":0,\"loop_ystart\":0,\"loop_yend\":0,\"loop_zoomstart\":\"1\",\"loop_zoomend\":\"1\",\"loop_angle\":\"0\",\"loop_radius\":\"10\",\"layer_blend_mode\":\"normal\",\"html_tag\":\"div\",\"mask_start\":false,\"mask_end\":false,\"x_start_reverse\":false,\"y_start_reverse\":false,\"x_end_reverse\":false,\"y_end_reverse\":false,\"x_rotate_start_reverse\":false,\"y_rotate_start_reverse\":false,\"z_rotate_start_reverse\":false,\"x_rotate_end_reverse\":false,\"y_rotate_end_reverse\":false,\"z_rotate_end_reverse\":false,\"scale_x_start_reverse\":false,\"scale_y_start_reverse\":false,\"scale_x_end_reverse\":false,\"scale_y_end_reverse\":false,\"skew_x_start_reverse\":false,\"skew_y_start_reverse\":false,\"skew_x_end_reverse\":false,\"skew_y_end_reverse\":false,\"mask_x_start_reverse\":false,\"mask_y_start_reverse\":false,\"mask_x_end_reverse\":false,\"mask_y_end_reverse\":false,\"mask_x_start\":\"0\",\"mask_y_start\":\"0\",\"mask_speed_start\":\"inherit\",\"mask_ease_start\":\"inherit\",\"mask_x_end\":\"0\",\"mask_y_end\":\"0\",\"mask_speed_end\":\"inherit\",\"mask_ease_end\":\"inherit\",\"alt_option\":\"media_library\",\"alt\":\"\",\"max_height\":{\"desktop\":\"auto\"},\"min_height\":\"40px\",\"max_width\":{\"desktop\":\"auto\"},\"video_width\":{\"desktop\":\"480px\"},\"video_height\":{\"desktop\":\"360px\"},\"2d_rotation\":0,\"2d_origin_x\":50,\"2d_origin_y\":50,\"whitespace\":{\"desktop\":\"nowrap\"},\"display\":\"block\",\"static_start\":\"1\",\"static_end\":\"last\",\"align_hor\":{\"desktop\":\"left\"},\"align_vert\":{\"desktop\":\"middle\"},\"hiddenunder\":false,\"resizeme\":true,\"seo-optimized\":false,\"link\":\"\",\"link_open_in\":\"same\",\"link_follow\":\"follow\",\"link_slide\":\"nothing\",\"scrollunder_offset\":\"\",\"visible-desktop\":true,\"visible-notebook\":true,\"visible-tablet\":true,\"visible-mobile\":true,\"resize-full\":true,\"show-on-hover\":false,\"basealign\":\"slide\",\"responsive_offset\":true,\"lazy-load\":\"auto\",\"image-size\":\"auto\",\"css-position\":\"relative\",\"width\":523,\"height\":523,\"cover_mode\":\"custom\",\"static_styles\":{\"font-size\":{\"desktop\":\"20\"},\"line-height\":{\"desktop\":\"22\"},\"font-weight\":{\"desktop\":\"400\"},\"color\":{\"desktop\":\"#ffffff\"},\"letter-spacing\":{\"desktop\":\"0\"}},\"margin\":{\"desktop\":[\"0\",\"0\",\"0\",\"0\"]},\"padding\":{\"desktop\":[\"0\",\"0\",\"0\",\"0\"]},\"text-align\":{\"desktop\":\"inherit\"},\"x_start\":\"inherit\",\"y_start\":\"-50px\",\"z_start\":\"inherit\",\"x_end\":\"inherit\",\"y_end\":\"inherit\",\"z_end\":\"inherit\",\"opacity_start\":\"0\",\"opacity_end\":\"0\",\"blurfilter_start\":\"0\",\"blurfilter_end\":\"0\",\"grayscalefilter_start\":\"0\",\"grayscalefilter_end\":\"0\",\"brightnessfilter_start\":\"100\",\"brightnessfilter_end\":\"100\",\"x_rotate_start\":\"inherit\",\"y_rotate_start\":\"inherit\",\"z_rotate_start\":\"inherit\",\"x_rotate_end\":\"inherit\",\"y_rotate_end\":\"inherit\",\"z_rotate_end\":\"inherit\",\"scale_x_start\":\"inherit\",\"scale_y_start\":\"inherit\",\"scale_x_end\":\"inherit\",\"scale_y_end\":\"inherit\",\"skew_x_start\":\"inherit\",\"skew_y_start\":\"inherit\",\"skew_x_end\":\"inherit\",\"skew_y_end\":\"inherit\",\"pers_start\":\"inherit\",\"pers_end\":\"inherit\",\"deformation\":{\"font-style\":\"normal\",\"text-decoration\":\"none\",\"vertical-align\":\"top\",\"text-transform\":\"none\",\"background-color\":\"transparent\",\"border-color\":\"transparent\",\"border-style\":\"none\",\"border-width\":[\"0\",\"0\",\"0\",\"0\"],\"border-radius\":[\"0\",\"0\",\"0\",\"0\"],\"x\":0,\"y\":0,\"z\":0,\"skewx\":\"0\",\"skewy\":\"0\",\"scalex\":\"1\",\"scaley\":\"1\",\"opacity\":\"1\",\"xrotate\":0,\"yrotate\":0,\"2d_origin_x\":\"50\",\"2d_origin_y\":\"50\",\"pers\":\"600\",\"corner_left\":\"nothing\",\"corner_right\":\"nothing\",\"blurfilter\":\"0\",\"grayscalefilter\":\"0\",\"brightnessfilter\":\"100\",\"overflow\":\"visible\",\"font-family\":\"\"},\"svg\":{\"svgstroke-color\":\"transparent\",\"svgstroke-dasharray\":\"0\",\"svgstroke-dashoffset\":\"0\",\"svgstroke-width\":\"0\",\"svgstroke-hover-color\":\"transparent\",\"svgstroke-hover-dasharray\":\"0\",\"svgstroke-hover-dashoffset\":\"0\",\"svgstroke-hover-width\":\"0\"},\"deformation-hover\":{\"blurfilter\":\"0\",\"grayscalefilter\":\"0\",\"brightnessfilter\":\"100\",\"color\":\"#ffffff\",\"text-decoration\":\"none\",\"background-color\":\"transparent\",\"border-color\":\"transparent\",\"border-style\":\"none\",\"border-width\":[\"0\",\"0\",\"0\",\"0\"],\"border-radius\":[\"0\",\"0\",\"0\",\"0\"],\"x\":0,\"y\":0,\"z\":0,\"skewx\":\"0\",\"skewy\":\"0\",\"scalex\":\"1\",\"scaley\":\"1\",\"opacity\":\"1\",\"xrotate\":0,\"yrotate\":0,\"2d_rotation\":0,\"2d_origin_x\":50,\"2d_origin_y\":50,\"speed\":\"0\",\"zindex\":\"auto\",\"easing\":\"Linear.easeNone\",\"css_cursor\":\"auto\",\"pointer_events\":\"auto\"},\"visible\":true,\"animation_overwrite\":\"wait\",\"trigger_memory\":\"keep\",\"serial\":0,\"endWithSlide\":true,\"p_uid\":-1,\"toggle\":false,\"toggle_use_hover\":false,\"toggle_inverse_content\":false,\"texttoggle\":\"\",\"autolinebreak\":false,\"displaymode\":true,\"attrID\":\"\",\"attrWrapperID\":\"\",\"attrClasses\":\"\",\"attrWrapperClasses\":\"\",\"attrTitle\":\"\",\"attrTabindex\":\"\",\"attrRel\":\"\",\"layer-selectable\":\"default\",\"column_break_at\":\"mobile\",\"zIndex\":5,\"addedToStage\":true,\"layer_action\":{\"tooltip_event\":[],\"action\":[],\"image_link\":[],\"link_open_in\":[],\"link_follow\":[],\"jump_to_slide\":[],\"scrollunder_offset\":[],\"action_easing\":[],\"action_speed\":[],\"actioncallback\":[],\"layer_target\":[],\"link_type\":[],\"action_delay\":[],\"toggle_layer_type\":[],\"toggle_class\":[]}},{\"text\":\"\\u0634\\u0645\\u0627 \\u062f\\u0631 \\u062d\\u0627\\u0644 \\u062a\\u0645\\u0627\\u0634\\u0627\\u06cc \\u062f\\u0645\\u0648\\u06cc \\u0642\\u0627\\u0644\\u0628 \\u062d\\u0631\\u0641\\u0647 \\u0627\\u06cc \\u0627\\u0645\\u067e\\u0631\\u0627\\u0637\\u0648\\u0631 \\u0647\\u0633\\u062a\\u06cc\\u062f.\\n \\u0628\\u0627 \\u0627\\u0645\\u067e\\u0631\\u0627\\u0637\\u0648\\u0631 \\u0634\\u0645\\u0627 \\u0645\\u06cc \\u062a\\u0648\\u0627\\u0646\\u06cc\\u062f \\u0628\\u0647 \\u0631\\u0627\\u062d\\u062a\\u06cc \\u0633\\u0627\\u06cc\\u062a \\u0622\\u0645\\u0648\\u0632\\u0634\\u06cc \\u062e\\u0648\\u062f \\u0631\\u0627 \\u0631\\u0627\\u0647 \\u0627\\u0646\\u062f\\u0627\\u0632\\u06cc \\u06a9\\u0646\\u06cc\\u062f \\u0648\\n \\u0628\\u0627 \\u0641\\u0631\\u0648\\u0634 \\u0622\\u0645\\u0648\\u0632\\u0634 \\u06a9\\u0633\\u0628 \\u062f\\u0631\\u0622\\u0645\\u062f \\u0639\\u0627\\u0644\\u06cc \\u062f\\u0627\\u0634\\u062a\\u0647 \\u0628\\u0627\\u0634\\u06cc\\u062f.\",\"type\":\"text\",\"special_type\":null,\"version\":\"530\",\"frames\":{\"frame_0\":{\"time\":10,\"delay\":0,\"split\":\"none\",\"splitdelay\":\"80\",\"split_extratime\":0,\"speed\":2000,\"animation\":\"sfb\",\"easing\":\"Power3.easeInOut\",\"text_c\":\"transparent\",\"bg_c\":\"transparent\",\"use_text_c\":false,\"use_bg_c\":false,\"split_direction\":\"forward\",\"sfxcolor\":\"#ffffff\",\"time_relative\":10,\"sfx_effect\":\"\"},\"frame_999\":{\"time\":8999.999694824219,\"delay\":0,\"split\":\"none\",\"splitdelay\":\"80\",\"split_extratime\":0,\"speed\":300,\"animation\":\"\",\"easing\":\"Power3.easeInOut\",\"split_direction\":\"forward\",\"sfxcolor\":\"#ffffff\",\"use_text_c\":false,\"use_bg_c\":false,\"text_c\":\"transparent\",\"bg_c\":\"transparent\",\"time_relative\":6989.999694824219,\"sfx_effect\":\"\"}},\"subtype\":\"\",\"specialsettings\":{},\"unique_id\":3,\"left\":{\"desktop\":619},\"top\":{\"desktop\":241},\"isDemo\":false,\"internal_class\":\"\",\"hover\":false,\"alias\":\"\\u0634\\u0645\\u0627 \\u062f\\u0631 \\u062d\\u0627\\u0644 \\u062a\\u0645\\u0627\\u0634\\u0627\\u06cc \\u062f\\u0645...\",\"layer_bg_position\":\"center center\",\"layer_bg_size\":\"cover\",\"layer_bg_repeat\":\"no-repeat\",\"loop_animation\":\"none\",\"loop_easing\":\"\",\"loop_speed\":\"2\",\"loop_startdeg\":-20,\"loop_enddeg\":20,\"loop_xorigin\":50,\"loop_yorigin\":50,\"loop_xstart\":0,\"loop_xend\":0,\"loop_ystart\":0,\"loop_yend\":0,\"loop_zoomstart\":\"1\",\"loop_zoomend\":\"1\",\"loop_angle\":\"0\",\"loop_radius\":\"10\",\"layer_blend_mode\":\"normal\",\"html_tag\":\"div\",\"mask_start\":false,\"mask_end\":false,\"x_start_reverse\":false,\"y_start_reverse\":false,\"x_end_reverse\":false,\"y_end_reverse\":false,\"x_rotate_start_reverse\":false,\"y_rotate_start_reverse\":false,\"z_rotate_start_reverse\":false,\"x_rotate_end_reverse\":false,\"y_rotate_end_reverse\":false,\"z_rotate_end_reverse\":false,\"scale_x_start_reverse\":false,\"scale_y_start_reverse\":false,\"scale_x_end_reverse\":false,\"scale_y_end_reverse\":false,\"skew_x_start_reverse\":false,\"skew_y_start_reverse\":false,\"skew_x_end_reverse\":false,\"skew_y_end_reverse\":false,\"mask_x_start_reverse\":false,\"mask_y_start_reverse\":false,\"mask_x_end_reverse\":false,\"mask_y_end_reverse\":false,\"mask_x_start\":\"0\",\"mask_y_start\":\"0\",\"mask_speed_start\":\"inherit\",\"mask_ease_start\":\"inherit\",\"mask_x_end\":\"0\",\"mask_y_end\":\"0\",\"mask_speed_end\":\"inherit\",\"mask_ease_end\":\"inherit\",\"alt_option\":\"media_library\",\"alt\":\"\",\"max_height\":{\"desktop\":\"auto\"},\"min_height\":\"40px\",\"max_width\":{\"desktop\":\"559px\"},\"video_width\":{\"desktop\":\"480px\"},\"video_height\":{\"desktop\":\"360px\"},\"2d_rotation\":0,\"2d_origin_x\":50,\"2d_origin_y\":50,\"whitespace\":{\"desktop\":\"normal\"},\"display\":\"block\",\"static_start\":\"1\",\"static_end\":\"last\",\"align_hor\":{\"desktop\":\"left\"},\"align_vert\":{\"desktop\":\"top\"},\"hiddenunder\":false,\"resizeme\":true,\"seo-optimized\":false,\"link\":\"\",\"link_open_in\":\"same\",\"link_follow\":\"follow\",\"link_slide\":\"nothing\",\"scrollunder_offset\":\"\",\"style\":\"\",\"visible-desktop\":true,\"visible-notebook\":true,\"visible-tablet\":true,\"visible-mobile\":true,\"resize-full\":true,\"show-on-hover\":false,\"basealign\":\"grid\",\"responsive_offset\":true,\"lazy-load\":\"auto\",\"image-size\":\"auto\",\"css-position\":\"relative\",\"width\":559,\"height\":117,\"cover_mode\":\"custom\",\"static_styles\":{\"font-size\":{\"desktop\":\"20\"},\"line-height\":{\"desktop\":\"39px\"},\"font-weight\":{\"desktop\":\"400\"},\"color\":{\"desktop\":\"#ffffff\"},\"letter-spacing\":{\"desktop\":\"0\"}},\"margin\":{\"desktop\":[\"0\",\"0\",\"0\",\"0\"]},\"padding\":{\"desktop\":[\"0\",\"0\",\"0\",\"0\"]},\"text-align\":{\"desktop\":\"inherit\"},\"x_start\":\"inherit\",\"y_start\":\"50px\",\"z_start\":\"inherit\",\"x_end\":\"inherit\",\"y_end\":\"inherit\",\"z_end\":\"inherit\",\"opacity_start\":\"0\",\"opacity_end\":\"0\",\"blurfilter_start\":\"0\",\"blurfilter_end\":\"0\",\"grayscalefilter_start\":\"0\",\"grayscalefilter_end\":\"0\",\"brightnessfilter_start\":\"100\",\"brightnessfilter_end\":\"100\",\"x_rotate_start\":\"inherit\",\"y_rotate_start\":\"inherit\",\"z_rotate_start\":\"inherit\",\"x_rotate_end\":\"inherit\",\"y_rotate_end\":\"inherit\",\"z_rotate_end\":\"inherit\",\"scale_x_start\":\"inherit\",\"scale_y_start\":\"inherit\",\"scale_x_end\":\"inherit\",\"scale_y_end\":\"inherit\",\"skew_x_start\":\"inherit\",\"skew_y_start\":\"inherit\",\"skew_x_end\":\"inherit\",\"skew_y_end\":\"inherit\",\"pers_start\":\"inherit\",\"pers_end\":\"inherit\",\"deformation\":{\"font-family\":\"\",\"font-style\":\"normal\",\"text-decoration\":\"none\",\"vertical-align\":\"top\",\"text-transform\":\"none\",\"background-color\":\"transparent\",\"border-color\":\"transparent\",\"border-style\":\"none\",\"border-width\":[\"0\",\"0\",\"0\",\"0\"],\"border-radius\":[\"0\",\"0\",\"0\",\"0\"],\"x\":0,\"y\":0,\"z\":0,\"skewx\":\"0\",\"skewy\":\"0\",\"scalex\":\"1\",\"scaley\":\"1\",\"opacity\":\"1\",\"xrotate\":0,\"yrotate\":0,\"2d_origin_x\":\"50\",\"2d_origin_y\":\"50\",\"pers\":\"600\",\"corner_left\":\"nothing\",\"corner_right\":\"nothing\",\"blurfilter\":\"0\",\"grayscalefilter\":\"0\",\"brightnessfilter\":\"100\",\"overflow\":\"visible\",\"parallax\":\"-\"},\"svg\":{\"svgstroke-color\":\"transparent\",\"svgstroke-dasharray\":\"0\",\"svgstroke-dashoffset\":\"0\",\"svgstroke-width\":\"0\",\"svgstroke-hover-color\":\"transparent\",\"svgstroke-hover-dasharray\":\"0\",\"svgstroke-hover-dashoffset\":\"0\",\"svgstroke-hover-width\":\"0\"},\"deformation-hover\":{\"blurfilter\":\"0\",\"grayscalefilter\":\"0\",\"brightnessfilter\":\"100\",\"color\":\"#000000\",\"text-decoration\":\"none\",\"background-color\":\"transparent\",\"border-color\":\"transparent\",\"border-style\":\"none\",\"border-width\":[\"0px\",\"0px\",\"0px\",\"0px\"],\"border-radius\":[\"0px\",\"0px\",\"0px\",\"0px\"],\"x\":0,\"y\":0,\"z\":0,\"skewx\":\"0\",\"skewy\":\"0\",\"scalex\":\"1\",\"scaley\":\"1\",\"opacity\":\"1\",\"xrotate\":0,\"yrotate\":0,\"2d_rotation\":0,\"2d_origin_x\":50,\"2d_origin_y\":50,\"speed\":\"0\",\"zindex\":\"auto\",\"easing\":\"Linear.easeNone\",\"css_cursor\":\"auto\",\"pointer_events\":\"auto\"},\"visible\":true,\"animation_overwrite\":\"wait\",\"trigger_memory\":\"keep\",\"serial\":1,\"endWithSlide\":true,\"p_uid\":-1,\"toggle\":false,\"toggle_use_hover\":false,\"toggle_inverse_content\":false,\"texttoggle\":\"\",\"scaleX\":{\"desktop\":\"\"},\"scaleY\":{\"desktop\":\"\"},\"autolinebreak\":true,\"displaymode\":true,\"scaleProportional\":false,\"attrID\":\"\",\"attrWrapperID\":\"\",\"attrClasses\":\"\",\"attrWrapperClasses\":\"\",\"attrTitle\":\"\",\"attrTabindex\":\"\",\"attrRel\":\"\",\"layer-selectable\":\"default\",\"column_break_at\":\"mobile\",\"zIndex\":6,\"addedToStage\":true,\"layer_action\":{\"tooltip_event\":[],\"action\":[],\"image_link\":[],\"link_open_in\":[],\"link_follow\":[],\"jump_to_slide\":[],\"scrollunder_offset\":[],\"action_easing\":[],\"action_speed\":[],\"actioncallback\":[],\"layer_target\":[],\"link_type\":[],\"action_delay\":[],\"toggle_layer_type\":[],\"toggle_class\":[]},\"parallax_layer_ddd_zlevel\":\"front\"},{\"static_styles\":{\"color\":{\"desktop\":\"rgba(255,255,255,1)\"},\"font-size\":{\"desktop\":\"20px\"},\"line-height\":{\"desktop\":\"17px\"},\"font-weight\":{\"desktop\":\"500\"},\"letter-spacing\":{\"desktop\":\"\"}},\"inline\":{\"idle\":{\"outline\":\"none\",\"box-shadow\":\"none\",\"box-sizing\":\"border-box\",\"-moz-box-sizing\":\"border-box\",\"-webkit-box-sizing\":\"border-box\"},\"hover\":{}},\"deformation\":{\"padding\":[\"12px\",\"35px\",\"12px\",\"35px\"],\"font-family\":\"\",\"background-color\":\"rgba(249, 129, 0, 0.75)\",\"border-radius\":[\"30px\",\"30px\",\"30px\",\"30px\"],\"border-color\":\"rgba(0,0,0,1)\",\"border-width\":[\"0\",\"0\",\"0\",\"0\"],\"border-style\":\"solid\",\"icon-class\":\"\",\"text-decoration\":\"none\",\"font-style\":\"normal\",\"vertical-align\":\"top\",\"text-transform\":\"none\",\"x\":0,\"y\":0,\"z\":0,\"skewx\":\"0\",\"skewy\":\"0\",\"scalex\":\"1\",\"scaley\":\"1\",\"opacity\":\"1\",\"xrotate\":0,\"yrotate\":0,\"2d_origin_x\":\"50\",\"2d_origin_y\":\"50\",\"pers\":\"600\",\"corner_left\":\"nothing\",\"corner_right\":\"nothing\",\"blurfilter\":\"0\",\"grayscalefilter\":\"0\",\"brightnessfilter\":\"100\",\"overflow\":\"visible\"},\"deformation-hover\":{\"background-color\":\"rgba(255,255,255,1)\",\"color\":\"rgba(0,0,0,1)\",\"border-radius\":[\"30px\",\"30px\",\"30px\",\"30px\"],\"border-color\":\"rgba(0,0,0,1)\",\"border-width\":[\"0\",\"0\",\"0\",\"0\"],\"border-style\":\"solid\",\"icon-class\":\"\",\"css_cursor\":\"pointer\",\"pointer_events\":\"auto\",\"blurfilter\":\"0\",\"grayscalefilter\":\"0\",\"brightnessfilter\":\"100\",\"text-decoration\":\"none\",\"x\":0,\"y\":0,\"z\":0,\"skewx\":\"0\",\"skewy\":\"0\",\"scalex\":\"1\",\"scaley\":\"1\",\"opacity\":\"1\",\"xrotate\":0,\"yrotate\":0,\"2d_rotation\":0,\"2d_origin_x\":50,\"2d_origin_y\":50,\"speed\":\"0\",\"zindex\":\"auto\",\"easing\":\"Linear.easeNone\"},\"text\":\"\\u062f\\u0648\\u0631\\u0647 \\u0647\\u0627\\u06cc \\u0622\\u0645\\u0648\\u0632\\u0634\\u06cc\",\"type\":\"button\",\"subtype\":\"roundbutton\",\"specialsettings\":{},\"alias\":\"Button\",\"style\":\"\",\"internal_class\":\"rev-btn\",\"resize-full\":true,\"resizeme\":true,\"max_width\":{\"desktop\":\"auto\"},\"max_height\":{\"desktop\":\"auto\"},\"autolinebreak\":false,\"hover\":true,\"version\":\"530\",\"frames\":{\"frame_0\":{\"time\":0,\"delay\":0,\"split\":\"none\",\"splitdelay\":\"80\",\"split_extratime\":0,\"speed\":2000,\"animation\":\"randomrotate\",\"easing\":\"Power3.easeInOut\",\"text_c\":\"transparent\",\"bg_c\":\"transparent\",\"use_text_c\":false,\"use_bg_c\":false,\"split_direction\":\"forward\",\"sfxcolor\":\"#ffffff\",\"time_relative\":0,\"sfx_effect\":\"\"},\"frame_999\":{\"time\":8999.999694824219,\"delay\":0,\"split\":\"none\",\"splitdelay\":\"80\",\"split_extratime\":0,\"speed\":300,\"animation\":\"\",\"easing\":\"Power3.easeInOut\",\"split_direction\":\"forward\",\"sfxcolor\":\"#ffffff\",\"use_text_c\":false,\"use_bg_c\":false,\"text_c\":\"transparent\",\"bg_c\":\"transparent\",\"time_relative\":6999.999694824219,\"sfx_effect\":\"\"}},\"unique_id\":6,\"left\":{\"desktop\":965},\"top\":{\"desktop\":397},\"isDemo\":false,\"layer_bg_position\":\"center center\",\"layer_bg_size\":\"cover\",\"layer_bg_repeat\":\"no-repeat\",\"loop_animation\":\"none\",\"loop_easing\":\"\",\"loop_speed\":\"2\",\"loop_startdeg\":-20,\"loop_enddeg\":20,\"loop_xorigin\":50,\"loop_yorigin\":50,\"loop_xstart\":0,\"loop_xend\":0,\"loop_ystart\":0,\"loop_yend\":0,\"loop_zoomstart\":\"1\",\"loop_zoomend\":\"1\",\"loop_angle\":\"0\",\"loop_radius\":\"10\",\"layer_blend_mode\":\"normal\",\"html_tag\":\"div\",\"mask_start\":false,\"mask_end\":false,\"x_start_reverse\":false,\"y_start_reverse\":false,\"x_end_reverse\":false,\"y_end_reverse\":false,\"x_rotate_start_reverse\":false,\"y_rotate_start_reverse\":false,\"z_rotate_start_reverse\":false,\"x_rotate_end_reverse\":false,\"y_rotate_end_reverse\":false,\"z_rotate_end_reverse\":false,\"scale_x_start_reverse\":false,\"scale_y_start_reverse\":false,\"scale_x_end_reverse\":false,\"scale_y_end_reverse\":false,\"skew_x_start_reverse\":false,\"skew_y_start_reverse\":false,\"skew_x_end_reverse\":false,\"skew_y_end_reverse\":false,\"mask_x_start_reverse\":false,\"mask_y_start_reverse\":false,\"mask_x_end_reverse\":false,\"mask_y_end_reverse\":false,\"mask_x_start\":\"0\",\"mask_y_start\":\"0\",\"mask_speed_start\":\"inherit\",\"mask_ease_start\":\"inherit\",\"mask_x_end\":\"0\",\"mask_y_end\":\"0\",\"mask_speed_end\":\"inherit\",\"mask_ease_end\":\"inherit\",\"alt_option\":\"media_library\",\"alt\":\"\",\"min_height\":\"40px\",\"video_width\":{\"desktop\":\"480px\"},\"video_height\":{\"desktop\":\"360px\"},\"2d_rotation\":0,\"2d_origin_x\":50,\"2d_origin_y\":50,\"whitespace\":{\"desktop\":\"nowrap\"},\"display\":\"block\",\"static_start\":\"1\",\"static_end\":\"last\",\"align_hor\":{\"desktop\":\"left\"},\"align_vert\":{\"desktop\":\"top\"},\"hiddenunder\":false,\"seo-optimized\":false,\"link\":\"\",\"link_open_in\":\"same\",\"link_follow\":\"follow\",\"link_slide\":\"nothing\",\"scrollunder_offset\":\"\",\"visible-desktop\":true,\"visible-notebook\":true,\"visible-tablet\":true,\"visible-mobile\":true,\"show-on-hover\":false,\"basealign\":\"grid\",\"responsive_offset\":true,\"lazy-load\":\"auto\",\"image-size\":\"auto\",\"css-position\":\"relative\",\"width\":212,\"height\":41,\"cover_mode\":\"custom\",\"margin\":{\"desktop\":[\"0\",\"0\",\"0\",\"0\"]},\"padding\":{\"desktop\":[\"12px\",\"35px\",\"12px\",\"35px\"]},\"text-align\":{\"desktop\":\"inherit\"},\"x_start\":\"{-250,250}\",\"y_start\":\"{-150,150}\",\"z_start\":\"inherit\",\"x_end\":\"inherit\",\"y_end\":\"inherit\",\"z_end\":\"inherit\",\"opacity_start\":\"0\",\"opacity_end\":\"0\",\"blurfilter_start\":\"0\",\"blurfilter_end\":\"0\",\"grayscalefilter_start\":\"0\",\"grayscalefilter_end\":\"0\",\"brightnessfilter_start\":\"100\",\"brightnessfilter_end\":\"100\",\"x_rotate_start\":\"{-90,90}\",\"y_rotate_start\":\"{-90,90}\",\"z_rotate_start\":\"{-360,360}\",\"x_rotate_end\":\"inherit\",\"y_rotate_end\":\"inherit\",\"z_rotate_end\":\"inherit\",\"scale_x_start\":\"{0,1}\",\"scale_y_start\":\"{0,1}\",\"scale_x_end\":\"inherit\",\"scale_y_end\":\"inherit\",\"skew_x_start\":\"inherit\",\"skew_y_start\":\"inherit\",\"skew_x_end\":\"inherit\",\"skew_y_end\":\"inherit\",\"pers_start\":\"inherit\",\"pers_end\":\"inherit\",\"svg\":{\"svgstroke-color\":\"transparent\",\"svgstroke-dasharray\":\"0\",\"svgstroke-dashoffset\":\"0\",\"svgstroke-width\":\"0\",\"svgstroke-hover-color\":\"transparent\",\"svgstroke-hover-dasharray\":\"0\",\"svgstroke-hover-dashoffset\":\"0\",\"svgstroke-hover-width\":\"0\"},\"visible\":true,\"animation_overwrite\":\"wait\",\"trigger_memory\":\"keep\",\"serial\":2,\"endWithSlide\":true,\"p_uid\":-1,\"toggle\":false,\"toggle_use_hover\":false,\"toggle_inverse_content\":false,\"texttoggle\":\"\",\"scaleX\":{\"desktop\":\"\"},\"scaleY\":{\"desktop\":\"\"},\"displaymode\":true,\"scaleProportional\":false,\"attrID\":\"\",\"attrWrapperID\":\"\",\"attrClasses\":\"\",\"attrWrapperClasses\":\"\",\"attrTitle\":\"\",\"attrTabindex\":\"\",\"attrRel\":\"\",\"layer-selectable\":\"default\",\"column_break_at\":\"mobile\",\"zIndex\":7,\"addedToStage\":true,\"layer_action\":{\"tooltip_event\":[],\"action\":[],\"image_link\":[],\"link_open_in\":[],\"link_follow\":[],\"jump_to_slide\":[],\"scrollunder_offset\":[],\"action_easing\":[],\"action_speed\":[],\"actioncallback\":[],\"layer_target\":[],\"link_type\":[],\"action_delay\":[],\"toggle_layer_type\":[],\"toggle_class\":[]}},{\"text\":\"\\u0642\\u0627\\u0644\\u0628 \\u0622\\u0645\\u0648\\u0632\\u0634\\u06cc \\u0627\\u0645\\u067e\\u0631\\u0627\\u0637\\u0648\\u0631\",\"type\":\"text\",\"special_type\":null,\"version\":\"530\",\"frames\":{\"frame_0\":{\"time\":0,\"delay\":0,\"split\":\"none\",\"splitdelay\":\"10\",\"split_extratime\":0,\"speed\":1500,\"animation\":\"SmoothPopUp_One\",\"easing\":\"Power4.easeOut\",\"text_c\":\"transparent\",\"bg_c\":\"transparent\",\"use_text_c\":false,\"use_bg_c\":false,\"split_direction\":\"forward\",\"sfxcolor\":\"#ffffff\",\"time_relative\":0,\"sfx_effect\":\"\"},\"frame_999\":{\"time\":8999.999694824219,\"delay\":0,\"split\":\"none\",\"splitdelay\":\"80\",\"split_extratime\":0,\"speed\":300,\"animation\":\"\",\"easing\":\"Power3.easeInOut\",\"split_direction\":\"forward\",\"sfxcolor\":\"#ffffff\",\"use_text_c\":false,\"use_bg_c\":false,\"text_c\":\"transparent\",\"bg_c\":\"transparent\",\"time_relative\":7499.999694824219,\"sfx_effect\":\"\"}},\"subtype\":\"\",\"specialsettings\":{},\"unique_id\":7,\"left\":{\"desktop\":767},\"top\":{\"desktop\":198},\"isDemo\":false,\"internal_class\":\"\",\"hover\":false,\"alias\":\"\\u0642\\u0627\\u0644\\u0628 \\u0622\\u0645\\u0648\\u0632\\u0634\\u06cc \\u0627\\u0645\\u067e\\u0631\\u0627\\u0637\\u0648\\u0631\",\"layer_bg_position\":\"center center\",\"layer_bg_size\":\"cover\",\"layer_bg_repeat\":\"no-repeat\",\"loop_animation\":\"none\",\"loop_easing\":\"\",\"loop_speed\":\"2\",\"loop_startdeg\":-20,\"loop_enddeg\":20,\"loop_xorigin\":50,\"loop_yorigin\":50,\"loop_xstart\":0,\"loop_xend\":0,\"loop_ystart\":0,\"loop_yend\":0,\"loop_zoomstart\":\"1\",\"loop_zoomend\":\"1\",\"loop_angle\":\"0\",\"loop_radius\":\"10\",\"layer_blend_mode\":\"normal\",\"html_tag\":\"div\",\"mask_start\":false,\"mask_end\":false,\"x_start_reverse\":false,\"y_start_reverse\":false,\"x_end_reverse\":false,\"y_end_reverse\":false,\"x_rotate_start_reverse\":false,\"y_rotate_start_reverse\":false,\"z_rotate_start_reverse\":false,\"x_rotate_end_reverse\":false,\"y_rotate_end_reverse\":false,\"z_rotate_end_reverse\":false,\"scale_x_start_reverse\":false,\"scale_y_start_reverse\":false,\"scale_x_end_reverse\":false,\"scale_y_end_reverse\":false,\"skew_x_start_reverse\":false,\"skew_y_start_reverse\":false,\"skew_x_end_reverse\":false,\"skew_y_end_reverse\":false,\"mask_x_start_reverse\":false,\"mask_y_start_reverse\":false,\"mask_x_end_reverse\":false,\"mask_y_end_reverse\":false,\"mask_x_start\":\"0px\",\"mask_y_start\":\"top\",\"mask_speed_start\":\"inherit\",\"mask_ease_start\":\"inherit\",\"mask_x_end\":\"0\",\"mask_y_end\":\"0\",\"mask_speed_end\":\"inherit\",\"mask_ease_end\":\"inherit\",\"alt_option\":\"media_library\",\"alt\":\"\",\"max_height\":{\"desktop\":\"auto\"},\"min_height\":\"40px\",\"max_width\":{\"desktop\":\"auto\"},\"video_width\":{\"desktop\":\"480px\"},\"video_height\":{\"desktop\":\"360px\"},\"2d_rotation\":0,\"2d_origin_x\":50,\"2d_origin_y\":50,\"whitespace\":{\"desktop\":\"nowrap\"},\"display\":\"block\",\"static_start\":\"1\",\"static_end\":\"last\",\"align_hor\":{\"desktop\":\"left\"},\"align_vert\":{\"desktop\":\"top\"},\"hiddenunder\":false,\"resizeme\":true,\"seo-optimized\":false,\"link\":\"\",\"link_open_in\":\"same\",\"link_follow\":\"follow\",\"link_slide\":\"nothing\",\"scrollunder_offset\":\"\",\"style\":\"\",\"visible-desktop\":true,\"visible-notebook\":true,\"visible-tablet\":true,\"visible-mobile\":true,\"resize-full\":true,\"show-on-hover\":false,\"basealign\":\"grid\",\"responsive_offset\":true,\"lazy-load\":\"auto\",\"image-size\":\"auto\",\"css-position\":\"relative\",\"width\":410,\"height\":22,\"cover_mode\":\"custom\",\"static_styles\":{\"font-size\":{\"desktop\":\"45px\"},\"line-height\":{\"desktop\":\"22\"},\"font-weight\":{\"desktop\":\"400\"},\"color\":{\"desktop\":\"#f2a100\"},\"letter-spacing\":{\"desktop\":\"0\"}},\"margin\":{\"desktop\":[\"0\",\"0\",\"0\",\"0\"]},\"padding\":{\"desktop\":[\"0\",\"0\",\"0\",\"0\"]},\"text-align\":{\"desktop\":\"inherit\"},\"x_start\":\"inherit\",\"y_start\":\"inherit\",\"z_start\":\"0\",\"x_end\":\"inherit\",\"y_end\":\"inherit\",\"z_end\":\"inherit\",\"opacity_start\":\"0\",\"opacity_end\":\"0\",\"blurfilter_start\":\"0\",\"blurfilter_end\":\"0\",\"grayscalefilter_start\":\"0\",\"grayscalefilter_end\":\"0\",\"brightnessfilter_start\":\"100\",\"brightnessfilter_end\":\"100\",\"x_rotate_start\":\"0\",\"y_rotate_start\":\"0\",\"z_rotate_start\":\"0\",\"x_rotate_end\":\"inherit\",\"y_rotate_end\":\"inherit\",\"z_rotate_end\":\"inherit\",\"scale_x_start\":\"0.8\",\"scale_y_start\":\"0.8\",\"scale_x_end\":\"inherit\",\"scale_y_end\":\"inherit\",\"skew_x_start\":\"0\",\"skew_y_start\":\"0\",\"skew_x_end\":\"inherit\",\"skew_y_end\":\"inherit\",\"pers_start\":\"inherit\",\"pers_end\":\"inherit\",\"deformation\":{\"font-family\":\"\",\"font-style\":\"normal\",\"text-decoration\":\"none\",\"vertical-align\":\"top\",\"text-transform\":\"none\",\"background-color\":\"rgba(0, 0, 0, 0)\",\"border-color\":\"transparent\",\"border-style\":\"none\",\"border-width\":[\"0\",\"0\",\"0\",\"0\"],\"border-radius\":[\"0\",\"0\",\"0\",\"0\"],\"x\":0,\"y\":0,\"z\":0,\"skewx\":\"0\",\"skewy\":\"0\",\"scalex\":\"1\",\"scaley\":\"1\",\"opacity\":\"1\",\"xrotate\":0,\"yrotate\":0,\"2d_origin_x\":\"50\",\"2d_origin_y\":\"50\",\"pers\":\"600\",\"corner_left\":\"nothing\",\"corner_right\":\"nothing\",\"blurfilter\":\"0\",\"grayscalefilter\":\"0\",\"brightnessfilter\":\"100\",\"overflow\":\"visible\",\"parallax\":\"-\"},\"svg\":{\"svgstroke-color\":\"transparent\",\"svgstroke-dasharray\":\"0\",\"svgstroke-dashoffset\":\"0\",\"svgstroke-width\":\"0\",\"svgstroke-hover-color\":\"transparent\",\"svgstroke-hover-dasharray\":\"0\",\"svgstroke-hover-dashoffset\":\"0\",\"svgstroke-hover-width\":\"0\"},\"deformation-hover\":{\"blurfilter\":\"0\",\"grayscalefilter\":\"0\",\"brightnessfilter\":\"100\",\"color\":\"#000000\",\"text-decoration\":\"none\",\"background-color\":\"transparent\",\"border-color\":\"transparent\",\"border-style\":\"none\",\"border-width\":[\"0px\",\"0px\",\"0px\",\"0px\"],\"border-radius\":[\"0px\",\"0px\",\"0px\",\"0px\"],\"x\":0,\"y\":0,\"z\":0,\"skewx\":\"0\",\"skewy\":\"0\",\"scalex\":\"1\",\"scaley\":\"1\",\"opacity\":\"1\",\"xrotate\":0,\"yrotate\":0,\"2d_rotation\":0,\"2d_origin_x\":50,\"2d_origin_y\":50,\"speed\":\"0\",\"zindex\":\"auto\",\"easing\":\"Linear.easeNone\",\"css_cursor\":\"auto\",\"pointer_events\":\"auto\"},\"visible\":true,\"animation_overwrite\":\"wait\",\"trigger_memory\":\"keep\",\"serial\":3,\"endWithSlide\":true,\"p_uid\":-1,\"toggle\":false,\"toggle_use_hover\":false,\"toggle_inverse_content\":false,\"texttoggle\":\"\",\"scaleX\":{\"desktop\":\"\"},\"scaleY\":{\"desktop\":\"\"},\"autolinebreak\":false,\"displaymode\":true,\"scaleProportional\":false,\"attrID\":\"\",\"attrWrapperID\":\"\",\"attrClasses\":\"\",\"attrWrapperClasses\":\"\",\"attrTitle\":\"\",\"attrTabindex\":\"\",\"attrRel\":\"\",\"layer-selectable\":\"default\",\"column_break_at\":\"mobile\",\"zIndex\":8,\"layer_action\":{\"tooltip_event\":[],\"action\":[],\"image_link\":[],\"link_open_in\":[],\"link_follow\":[],\"jump_to_slide\":[],\"scrollunder_offset\":[],\"action_easing\":[],\"action_speed\":[],\"actioncallback\":[],\"layer_target\":[],\"link_type\":[],\"action_delay\":[],\"toggle_layer_type\":[],\"toggle_class\":[]},\"addedToStage\":true,\"parallax_layer_ddd_zlevel\":\"front\"}]', '\"\"');

-- --------------------------------------------------------

--
-- Table structure for table `wp_revslider_static_slides`
--

CREATE TABLE `wp_revslider_static_slides` (
  `id` int(9) NOT NULL,
  `slider_id` int(9) NOT NULL,
  `params` longtext NOT NULL,
  `layers` longtext NOT NULL,
  `settings` text NOT NULL
) ENGINE=InnoDB DEFAULT CHARSET=latin1 COLLATE=latin1_swedish_ci;

-- --------------------------------------------------------

--
-- Table structure for table `wp_skyroom_events`
--

CREATE TABLE `wp_skyroom_events` (
  `id` bigint(20) NOT NULL,
  `title` varchar(250) NOT NULL,
  `type` smallint(6) NOT NULL,
  `info` text DEFAULT NULL,
  `created_at` timestamp NOT NULL DEFAULT current_timestamp()
) ENGINE=InnoDB DEFAULT CHARSET=utf8mb4 COLLATE=utf8mb4_unicode_ci;

--
-- Dumping data for table `wp_skyroom_events`
--

INSERT INTO `wp_skyroom_events` (`id`, `title`, `type`, `info`, `created_at`) VALUES
(1, '\"amir\" در سرویس اسکای‌روم ثبت‌نام گردید', 1, 'a:1:{s:7:\"user_id\";i:6;}', '2020-07-10 09:13:59'),
(2, 'دسترسی \"آموزش حرفه ای Flutter\" به \"amir\" اعطا شد', 1, 'a:4:{s:8:\"order_id\";i:1139;s:7:\"item_id\";i:1006;s:7:\"user_id\";i:6;s:7:\"room_id\";s:6:\"320597\";}', '2020-07-10 09:14:00');

-- --------------------------------------------------------

--
-- Table structure for table `wp_termmeta`
--

CREATE TABLE `wp_termmeta` (
  `meta_id` bigint(20) UNSIGNED NOT NULL,
  `term_id` bigint(20) UNSIGNED NOT NULL DEFAULT 0,
  `meta_key` varchar(255) DEFAULT NULL,
  `meta_value` longtext DEFAULT NULL
) ENGINE=InnoDB DEFAULT CHARSET=utf8mb4 COLLATE=utf8mb4_unicode_ci;

--
-- Dumping data for table `wp_termmeta`
--

INSERT INTO `wp_termmeta` (`meta_id`, `term_id`, `meta_key`, `meta_value`) VALUES
(3, 17, 'product_count_product_tag', '0'),
(4, 18, 'product_count_product_tag', '0'),
(18, 15, 'order', '1'),
(26, 30, 'product_count_product_tag', '0'),
(27, 15, 'product_count_product_cat', '158'),
(28, 15, 'display_type', ''),
(29, 15, 'thumbnail_id', '288'),
(30, 35, 'order', '0'),
(31, 36, 'order', '0'),
(32, 37, 'order', '0'),
(33, 38, 'order', '0'),
(34, 39, 'order', '0'),
(37, 57, 'product_count_product_tag', '0'),
(38, 58, 'product_count_product_tag', '0'),
(39, 66, 'product_count_product_tag', '0'),
(40, 67, 'product_count_product_tag', '0'),
(41, 68, 'product_count_product_tag', '0'),
(42, 69, 'product_count_product_tag', '0'),
(43, 70, 'product_count_product_tag', '0'),
(52, 78, 'product_count_product_tag', '0'),
(53, 79, 'product_count_product_tag', '0'),
(57, 160, 'order', '0'),
(58, 160, 'display_type', ''),
(59, 160, 'thumbnail_id', '0'),
(60, 161, 'order', '0'),
(61, 161, 'display_type', ''),
(62, 161, 'thumbnail_id', '0'),
(63, 162, 'order', '0'),
(64, 162, 'display_type', ''),
(65, 162, 'thumbnail_id', '0'),
(66, 163, 'order', '0'),
(67, 163, 'display_type', ''),
(68, 163, 'thumbnail_id', '0'),
(69, 164, 'order', '0'),
(70, 164, 'display_type', ''),
(71, 164, 'thumbnail_id', '0'),
(72, 165, 'order', '0'),
(73, 165, 'display_type', ''),
(74, 165, 'thumbnail_id', '0'),
(75, 166, 'order', '0'),
(76, 166, 'display_type', ''),
(77, 166, 'thumbnail_id', '0'),
(81, 168, 'order', '0'),
(82, 168, 'display_type', ''),
(83, 168, 'thumbnail_id', '0'),
(84, 169, 'order', '0'),
(85, 169, 'display_type', ''),
(86, 169, 'thumbnail_id', '0'),
(87, 170, 'order', '0'),
(88, 170, 'display_type', ''),
(89, 170, 'thumbnail_id', '0'),
(93, 172, 'order', '0'),
(94, 172, 'display_type', ''),
(95, 172, 'thumbnail_id', '0'),
(96, 173, 'order', '0'),
(97, 173, 'display_type', ''),
(98, 173, 'thumbnail_id', '0'),
(99, 174, 'order', '0'),
(100, 174, 'display_type', ''),
(101, 174, 'thumbnail_id', '0'),
(102, 175, 'order', '0'),
(103, 175, 'display_type', ''),
(104, 175, 'thumbnail_id', '0'),
(105, 176, 'order', '0'),
(106, 176, 'display_type', ''),
(107, 176, 'thumbnail_id', '0'),
(114, 179, 'order', '0'),
(115, 179, 'display_type', ''),
(116, 179, 'thumbnail_id', '0'),
(117, 180, 'order', '0'),
(118, 180, 'display_type', ''),
(119, 180, 'thumbnail_id', '0'),
(126, 183, 'order', '0'),
(127, 183, 'display_type', ''),
(128, 183, 'thumbnail_id', '0'),
(129, 184, 'order', '0'),
(130, 184, 'display_type', ''),
(131, 184, 'thumbnail_id', '0'),
(132, 185, 'order', '0'),
(133, 185, 'display_type', ''),
(134, 185, 'thumbnail_id', '0'),
(135, 186, 'order', '0'),
(136, 186, 'display_type', ''),
(137, 186, 'thumbnail_id', '0'),
(141, 188, 'order', '0'),
(142, 188, 'display_type', ''),
(143, 188, 'thumbnail_id', '0'),
(156, 193, 'order', '0'),
(157, 193, 'display_type', ''),
(158, 193, 'thumbnail_id', '0'),
(159, 194, 'order', '0'),
(160, 194, 'display_type', ''),
(161, 194, 'thumbnail_id', '0'),
(165, 196, 'order', '0'),
(166, 196, 'display_type', ''),
(167, 196, 'thumbnail_id', '0'),
(174, 199, 'order', '0'),
(175, 199, 'display_type', ''),
(176, 199, 'thumbnail_id', '0'),
(177, 200, 'order', '0'),
(178, 200, 'display_type', ''),
(179, 200, 'thumbnail_id', '0'),
(183, 202, 'order', '0'),
(184, 202, 'display_type', ''),
(185, 202, 'thumbnail_id', '0'),
(186, 203, 'order', '0'),
(187, 203, 'display_type', ''),
(188, 203, 'thumbnail_id', '0'),
(189, 204, 'order', '0'),
(190, 204, 'display_type', ''),
(191, 204, 'thumbnail_id', '0'),
(201, 208, 'order', '0'),
(202, 208, 'display_type', ''),
(203, 208, 'thumbnail_id', '0'),
(207, 210, 'order', '0'),
(208, 210, 'display_type', ''),
(209, 210, 'thumbnail_id', '0'),
(210, 211, 'order', '0'),
(211, 211, 'display_type', ''),
(212, 211, 'thumbnail_id', '0'),
(213, 212, 'order', '0'),
(214, 212, 'display_type', ''),
(215, 212, 'thumbnail_id', '0'),
(216, 213, 'order', '0'),
(217, 213, 'display_type', ''),
(218, 213, 'thumbnail_id', '0'),
(219, 214, 'order', '0'),
(220, 214, 'display_type', ''),
(221, 214, 'thumbnail_id', '0'),
(225, 216, 'order', '0'),
(226, 216, 'display_type', ''),
(227, 216, 'thumbnail_id', '0'),
(231, 218, 'order', '0'),
(232, 218, 'display_type', ''),
(233, 218, 'thumbnail_id', '0'),
(234, 219, 'order', '0'),
(235, 219, 'display_type', ''),
(236, 219, 'thumbnail_id', '0'),
(243, 222, 'order', '0'),
(244, 222, 'display_type', ''),
(245, 222, 'thumbnail_id', '0'),
(252, 222, 'product_count_product_cat', '40'),
(253, 163, 'product_count_product_cat', '54'),
(254, 210, 'product_count_product_cat', '762'),
(255, 213, 'product_count_product_cat', '26'),
(256, 216, 'product_count_product_cat', '663'),
(257, 160, 'product_count_product_cat', '696'),
(259, 211, 'product_count_product_cat', '563'),
(260, 186, 'product_count_product_cat', '28'),
(261, 214, 'product_count_product_cat', '30'),
(262, 184, 'product_count_product_cat', '13'),
(263, 162, 'product_count_product_cat', '259'),
(264, 212, 'product_count_product_cat', '36'),
(265, 164, 'product_count_product_cat', '80'),
(266, 218, 'product_count_product_cat', '81'),
(267, 208, 'product_count_product_cat', '33'),
(269, 161, 'product_count_product_cat', '34'),
(270, 180, 'product_count_product_cat', '96'),
(272, 183, 'product_count_product_cat', '14'),
(273, 188, 'product_count_product_cat', '38'),
(274, 172, 'product_count_product_cat', '24'),
(275, 200, 'product_count_product_cat', '11'),
(276, 179, 'product_count_product_cat', '28'),
(277, 170, 'product_count_product_cat', '155'),
(279, 175, 'product_count_product_cat', '34'),
(280, 173, 'product_count_product_cat', '22'),
(281, 174, 'product_count_product_cat', '23'),
(283, 165, 'product_count_product_cat', '46'),
(284, 166, 'product_count_product_cat', '17'),
(285, 169, 'product_count_product_cat', '32'),
(286, 194, 'product_count_product_cat', '17'),
(287, 176, 'product_count_product_cat', '29'),
(288, 204, 'product_count_product_cat', '68'),
(291, 185, 'product_count_product_cat', '6'),
(292, 193, 'product_count_product_cat', '17'),
(293, 199, 'product_count_product_cat', '39'),
(294, 168, 'product_count_product_cat', '14'),
(297, 202, 'product_count_product_cat', '11'),
(308, 227, 'order', '0'),
(309, 227, 'display_type', ''),
(310, 227, 'thumbnail_id', '0'),
(313, 227, 'product_count_product_cat', '41'),
(315, 196, 'product_count_product_cat', '8'),
(324, 203, 'product_count_product_cat', '22'),
(327, 219, 'product_count_product_cat', '103'),
(330, 232, 'order', '0'),
(331, 232, 'display_type', ''),
(332, 232, 'thumbnail_id', '0'),
(333, 233, 'order', '0'),
(334, 233, 'display_type', ''),
(335, 233, 'thumbnail_id', '0'),
(351, 232, 'product_count_product_cat', '95'),
(352, 233, 'product_count_product_cat', '57'),
(353, 239, 'order', '0'),
(354, 239, 'display_type', ''),
(355, 239, 'thumbnail_id', '0'),
(356, 240, 'order', '0'),
(357, 240, 'display_type', ''),
(358, 240, 'thumbnail_id', '0'),
(362, 240, '_yoast_term_redirect_info', 'a:4:{s:6:\"origin\";s:43:\"product-category/sample-university-question\";s:6:\"target\";s:60:\"product-category/sample-questions/sample-university-question\";s:4:\"type\";i:301;s:6:\"format\";s:5:\"plain\";}'),
(369, 244, 'order', '0'),
(370, 244, 'display_type', ''),
(371, 244, 'thumbnail_id', '0'),
(372, 245, 'order', '0'),
(373, 245, 'display_type', ''),
(374, 245, 'thumbnail_id', '0'),
(375, 246, 'order', '0'),
(376, 246, 'display_type', ''),
(377, 246, 'thumbnail_id', '0'),
(378, 240, 'product_count_product_cat', '68'),
(379, 239, 'product_count_product_cat', '70'),
(381, 244, 'product_count_product_cat', '101'),
(382, 246, 'product_count_product_cat', '93'),
(385, 247, 'order', '0'),
(386, 247, 'product_count_product_cat', '17'),
(387, 245, 'product_count_product_cat', '8'),
(390, 249, 'order', '0'),
(391, 249, 'product_count_product_cat', '67'),
(394, 251, 'order', '0'),
(395, 251, 'product_count_product_cat', '8'),
(398, 252, 'product_count_product_tag', '2'),
(442, 284, 'order', '0'),
(443, 284, 'product_count_product_cat', '26'),
(450, 359, 'product_count_product_tag', '1'),
(451, 360, 'product_count_product_tag', '1'),
(452, 247, 'thumbnail_id', '0'),
(453, 247, 'display_type', ''),
(454, 284, 'thumbnail_id', '0'),
(455, 284, 'display_type', ''),
(456, 249, 'thumbnail_id', '0'),
(457, 249, 'display_type', ''),
(458, 249, '_yoast_term_redirect_info', 'a:4:{s:6:\"origin\";s:71:\"product-category/%d8%b1%d9%88%d8%a7%d9%86%d8%b4%d9%86%d8%a7%d8%b3%db%8c\";s:6:\"target\";s:27:\"product-category/psychology\";s:4:\"type\";i:301;s:6:\"format\";s:5:\"plain\";}'),
(459, 251, 'thumbnail_id', '0'),
(460, 251, 'display_type', ''),
(461, 251, '_yoast_term_redirect_info', 'a:4:{s:6:\"origin\";s:59:\"product-category/%d8%b1%db%8c%d8%a7%d8%b6%db%8c%d8%a7%d8%aa\";s:6:\"target\";s:28:\"product-category/mathematics\";s:4:\"type\";i:301;s:6:\"format\";s:5:\"plain\";}'),
(462, 401, 'product_count_product_tag', '1'),
(463, 402, 'product_count_product_tag', '7'),
(464, 403, 'product_count_product_tag', '2'),
(465, 404, 'product_count_product_tag', '4'),
(466, 405, 'order', '0'),
(467, 405, 'product_count_product_cat', '3'),
(468, 406, 'order', '0'),
(469, 406, 'product_count_product_cat', '87'),
(470, 447, 'order', '0'),
(471, 447, 'product_count_product_cat', '24'),
(472, 448, 'order', '0'),
(473, 448, 'product_count_product_cat', '2'),
(474, 449, 'order', '0'),
(475, 449, 'product_count_product_cat', '3'),
(476, 450, 'order', '0'),
(477, 450, 'product_count_product_cat', '15'),
(478, 451, 'order', '0'),
(479, 451, 'product_count_product_cat', '10'),
(480, 452, 'order', '0'),
(481, 452, 'product_count_product_cat', '11'),
(482, 453, 'order', '0'),
(483, 453, 'product_count_product_cat', '6'),
(484, 454, 'order', '0'),
(485, 454, 'product_count_product_cat', '4'),
(486, 455, 'order', '0'),
(487, 455, 'product_count_product_cat', '2'),
(488, 456, 'order', '0'),
(489, 456, 'product_count_product_cat', '1'),
(490, 457, 'order', '0'),
(491, 457, 'product_count_product_cat', '10'),
(492, 458, 'order', '0'),
(493, 458, 'product_count_product_cat', '2'),
(494, 459, 'order', '0'),
(495, 459, 'product_count_product_cat', '2'),
(496, 460, 'order', '0'),
(497, 460, 'product_count_product_cat', '1'),
(498, 461, 'order', '0'),
(499, 461, 'product_count_product_cat', '7'),
(500, 462, 'order', '0'),
(501, 462, 'product_count_product_cat', '3'),
(502, 463, 'order', '0'),
(503, 463, 'product_count_product_cat', '1'),
(504, 464, 'order', '0'),
(505, 464, 'product_count_product_cat', '7'),
(506, 465, 'order', '0'),
(507, 465, 'product_count_product_cat', '9'),
(508, 466, 'order', '0'),
(509, 466, 'product_count_product_cat', '1'),
(510, 467, 'order', '0'),
(511, 467, 'product_count_product_cat', '1'),
(512, 478, 'order', '0'),
(513, 478, 'product_count_product_cat', '2'),
(514, 479, 'order', '0'),
(515, 479, 'product_count_product_cat', '2'),
(516, 480, 'order', '0'),
(517, 480, 'product_count_product_cat', '1'),
(518, 481, 'order', '0'),
(519, 481, 'product_count_product_cat', '5'),
(520, 482, 'order', '0'),
(521, 482, 'product_count_product_cat', '1'),
(522, 483, 'order', '0'),
(523, 483, 'product_count_product_cat', '1'),
(524, 484, 'order', '0'),
(525, 484, 'product_count_product_cat', '3'),
(526, 495, 'order', '0'),
(527, 495, 'product_count_product_cat', '1'),
(528, 496, 'order', '0'),
(529, 496, 'product_count_product_cat', '1'),
(530, 498, 'order', '0'),
(531, 498, 'product_count_product_cat', '2'),
(532, 499, 'order', '0'),
(533, 499, 'product_count_product_cat', '3'),
(534, 502, 'order', '0'),
(535, 502, 'product_count_product_cat', '2'),
(536, 503, 'order', '0'),
(537, 503, 'product_count_product_cat', '2'),
(538, 504, 'order', '0'),
(539, 504, 'product_count_product_cat', '1'),
(540, 508, 'order', '0'),
(541, 508, 'product_count_product_cat', '1'),
(542, 509, 'order', '0'),
(543, 509, 'product_count_product_cat', '1'),
(544, 510, 'order', '0'),
(545, 510, 'product_count_product_cat', '1'),
(546, 511, 'order', '0'),
(547, 511, 'product_count_product_cat', '1'),
(548, 517, 'order', '0'),
(549, 517, 'product_count_product_cat', '1');

-- --------------------------------------------------------

--
-- Table structure for table `wp_terms`
--

CREATE TABLE `wp_terms` (
  `term_id` bigint(20) UNSIGNED NOT NULL,
  `name` varchar(200) NOT NULL DEFAULT '',
  `slug` varchar(200) NOT NULL DEFAULT '',
  `term_group` bigint(10) NOT NULL DEFAULT 0
) ENGINE=InnoDB DEFAULT CHARSET=utf8mb4 COLLATE=utf8mb4_unicode_ci;

--
-- Dumping data for table `wp_terms`
--

INSERT INTO `wp_terms` (`term_id`, `name`, `slug`, `term_group`) VALUES
(1, 'دسته‌بندی نشده', '%d8%af%d8%b3%d8%aa%d9%87%e2%80%8c%d8%a8%d9%86%d8%af%db%8c-%d9%86%d8%b4%d8%af%d9%87', 0),
(2, 'simple', 'simple', 0),
(3, 'grouped', 'grouped', 0),
(4, 'variable', 'variable', 0),
(5, 'external', 'external', 0),
(6, 'exclude-from-search', 'exclude-from-search', 0),
(7, 'exclude-from-catalog', 'exclude-from-catalog', 0),
(8, 'featured', 'featured', 0),
(9, 'outofstock', 'outofstock', 0),
(10, 'rated-1', 'rated-1', 0),
(11, 'rated-2', 'rated-2', 0),
(12, 'rated-3', 'rated-3', 0),
(13, 'rated-4', 'rated-4', 0),
(14, 'rated-5', 'rated-5', 0),
(15, 'کتاب های مفید', '2others', 0),
(17, 'وردپرس', '%d9%88%d8%b1%d8%af%d9%be%d8%b1%d8%b3', 0),
(18, 'امنیت وردپرس', '%d8%a7%d9%85%d9%86%db%8c%d8%aa-%d9%88%d8%b1%d8%af%d9%be%d8%b1%d8%b3', 0),
(20, 'منوی اصلی', '%d9%85%d9%86%d9%88%db%8c-%d8%a7%d8%b5%d9%84%db%8c', 0),
(27, 'منوی موبایل', '%d9%85%d9%86%d9%88%db%8c-%d9%85%d9%88%d8%a8%d8%a7%db%8c%d9%84', 0),
(28, 'نوار بالای سربرگ', '%d9%86%d9%88%d8%a7%d8%b1-%d8%a8%d8%a7%d9%84%d8%a7%db%8c-%d8%b3%d8%b1%d8%a8%d8%b1%da%af', 0),
(30, 'آموزش وردپرس', '%d8%a2%d9%85%d9%88%d8%b2%d8%b4-%d9%88%d8%b1%d8%af%d9%be%d8%b1%d8%b3', 0),
(31, 'فهرست سفارشی فوتر', '%d9%81%d9%87%d8%b1%d8%b3%d8%aa-%d8%b3%d9%81%d8%a7%d8%b1%d8%b4%db%8c-%d9%81%d9%88%d8%aa%d8%b1', 0),
(33, 'جمعه سیاه', '%d8%ac%d9%85%d8%b9%d9%87-%d8%b3%db%8c%d8%a7%d9%87', 0),
(34, 'بلک فرایدی', '%d8%a8%d9%84%da%a9-%d9%81%d8%b1%d8%a7%db%8c%d8%af%db%8c', 0),
(35, 'مقدماتی', '%d9%85%d9%82%d8%af%d9%85%d8%a7%d8%aa%db%8c', 0),
(36, 'حرفه ای', '%d8%ad%d8%b1%d9%81%d9%87-%d8%a7%db%8c', 0),
(37, 'فوق حرفه ای', '%d9%81%d9%88%d9%82-%d8%ad%d8%b1%d9%81%d9%87-%d8%a7%db%8c', 0),
(38, 'حضوری', '%d8%ad%d8%b6%d9%88%d8%b1%db%8c', 0),
(39, 'غیر حضوری', '%d8%ba%db%8c%d8%b1-%d8%ad%d8%b6%d9%88%d8%b1%db%8c', 0),
(40, 'نخبگان لاراول', 'webmaster', 0),
(41, 'طراحی وب', 'web-design', 0),
(42, 'رویدادها', 'events', 0),
(43, 'کارگاه اینستاگرام', 'instagram', 0),
(44, 'وردپرس', 'wordpress', 0),
(45, 'post-format-audio', 'post-format-audio', 0),
(46, 'post-format-video', 'post-format-video', 0),
(49, 'پادکست', '%d9%be%d8%a7%d8%af%da%a9%d8%b3%d8%aa', 0),
(50, 'وردپرس', '%d9%88%d8%b1%d8%af%d9%be%d8%b1%d8%b3', 0),
(51, 'استارتاپ', '%d8%a7%d8%b3%d8%aa%d8%a7%d8%b1%d8%aa%d8%a7%d9%be', 0),
(52, 'رادیو', '%d8%b1%d8%a7%d8%af%db%8c%d9%88', 0),
(53, 'دکمه تماس', '%d8%af%da%a9%d9%85%d9%87-%d8%aa%d9%85%d8%a7%d8%b3', 0),
(54, 'وردپرسی', '%d9%88%d8%b1%d8%af%d9%be%d8%b1%d8%b3%db%8c', 0),
(57, 'طراحی سایت', '%d8%b7%d8%b1%d8%a7%d8%ad%db%8c-%d8%b3%d8%a7%db%8c%d8%aa', 0),
(58, 'مدیریت سئو', '%d9%85%d8%af%db%8c%d8%b1%db%8c%d8%aa-%d8%b3%d8%a6%d9%88', 0),
(59, 'woocommerce-db-updates', 'woocommerce-db-updates', 0),
(60, 'wc_update_product_lookup_tables', 'wc_update_product_lookup_tables', 0),
(63, 'بازاریابی', '%d8%a8%d8%a7%d8%b2%d8%a7%d8%b1%db%8c%d8%a7%d8%a8%db%8c', 0),
(64, 'آموزش بازاریابی', '%d8%a2%d9%85%d9%88%d8%b2%d8%b4-%d8%a8%d8%a7%d8%b2%d8%a7%d8%b1%db%8c%d8%a7%d8%a8%db%8c', 0),
(65, 'فروشگاه اینترنتی', '%d9%81%d8%b1%d9%88%d8%b4%da%af%d8%a7%d9%87-%d8%a7%db%8c%d9%86%d8%aa%d8%b1%d9%86%d8%aa%db%8c', 0),
(66, 'آموزش', '%d8%a2%d9%85%d9%88%d8%b2%d8%b4', 0),
(67, 'آموزش css', '%d8%a2%d9%85%d9%88%d8%b2%d8%b4-css', 0),
(68, 'آموزش لاراول', '%d8%a2%d9%85%d9%88%d8%b2%d8%b4-%d9%84%d8%a7%d8%b1%d8%a7%d9%88%d9%84', 0),
(69, 'آموزش HTML', '%d8%a2%d9%85%d9%88%d8%b2%d8%b4-html', 0),
(70, 'ساخت فروشگاه اینترنتی', '%d8%b3%d8%a7%d8%ae%d8%aa-%d9%81%d8%b1%d9%88%d8%b4%da%af%d8%a7%d9%87-%d8%a7%db%8c%d9%86%d8%aa%d8%b1%d9%86%d8%aa%db%8c', 0),
(71, 'skyroom', 'skyroom', 0),
(72, 'subscription', 'subscription', 0),
(73, 'Variable Subscription', 'variable-subscription', 0),
(75, 'gateway_error', 'gateway_error', 0),
(76, 'page', 'page', 0),
(78, 'افزونه وردپرس', '%d8%a7%d9%81%d8%b2%d9%88%d9%86%d9%87-%d9%88%d8%b1%d8%af%d9%be%d8%b1%d8%b3', 0),
(79, 'افزونه ووکامرس', '%d8%a7%d9%81%d8%b2%d9%88%d9%86%d9%87-%d9%88%d9%88%da%a9%d8%a7%d9%85%d8%b1%d8%b3', 0),
(80, 'section', 'section', 0),
(81, 'طراحی وب', '%d8%b7%d8%b1%d8%a7%d8%ad%db%8c-%d9%88%d8%a8', 0),
(82, 'آموزش جاوااسکریپت', '%d8%a2%d9%85%d9%88%d8%b2%d8%b4-%d8%ac%d8%a7%d9%88%d8%a7%d8%a7%d8%b3%da%a9%d8%b1%db%8c%d9%be%d8%aa', 0),
(83, 'آموزش برنامه نویسی', '%d8%a2%d9%85%d9%88%d8%b2%d8%b4-%d8%a8%d8%b1%d9%86%d8%a7%d9%85%d9%87-%d9%86%d9%88%db%8c%d8%b3%db%8c', 0),
(84, 'emperor', 'emperor', 0),
(85, 'آموزش جاوا اسکریپت', '%d8%a2%d9%85%d9%88%d8%b2%d8%b4-%d8%ac%d8%a7%d9%88%d8%a7-%d8%a7%d8%b3%da%a9%d8%b1%db%8c%d9%be%d8%aa', 0),
(86, 'برنامه نویسی', '%d8%a8%d8%b1%d9%86%d8%a7%d9%85%d9%87-%d9%86%d9%88%db%8c%d8%b3%db%8c', 0),
(87, 'آموزش php', '%d8%a2%d9%85%d9%88%d8%b2%d8%b4-php', 0),
(88, 'آموزش php', '%d8%a2%d9%85%d9%88%d8%b2%d8%b4-php', 0),
(89, 'نود جی اس', '%d9%86%d9%88%d8%af-%d8%ac%db%8c-%d8%a7%d8%b3', 0),
(91, 'container', 'container', 0),
(160, 'کتاب های پیشنهادی جت پروژه', 'suggested', 0),
(161, 'رمان‌ های پرطرفدار', 'popular-novels', 0),
(162, 'کتاب های پرفروش نمایشگاه 1403', 'best-selling-1403', 0),
(163, 'پرفروش‌ های کلاسیک', 'classics', 0),
(164, 'پرفروش های نیویورک تایمز', 'newyork-times-bestsellers', 0),
(165, 'کمک درسی', 'textbook', 0),
(166, 'دبستان', 'school', 0),
(168, 'دبیرستان', 'high-school', 0),
(169, 'کنکوری', 'entrance-exam', 0),
(170, 'دانشگاهی', 'university', 0),
(172, 'رشته علوم پزشکی', 'medical-science-field', 0),
(173, 'رشته علوم اقتصادی و مدیریت', 'economic-management', 0),
(174, 'رشته علوم انسانی', 'humanities-field', 0),
(175, 'رشته مهندسی', 'engineering-field', 0),
(176, 'رشته هنر', 'art', 0),
(179, 'علمی و فنی', 'scientific-technical', 0),
(180, 'مقالات', 'articles', 0),
(183, 'داستان خارجی', 'foreign-story', 0),
(184, 'کتاب های انگیزشی', 'motivation-and-success', 0),
(185, 'مدیریت و تجارت', 'management-business', 0),
(186, 'سبک زندگی', 'life-style', 0),
(188, 'پزشکی', 'medic', 0),
(193, 'آموزش زبان', 'language', 0),
(194, 'انگلیسی', 'english', 0),
(196, 'آلمانی', 'german', 0),
(199, 'تاریخ', 'history', 0),
(200, 'تاریخ اسلام', 'history-islam', 0),
(202, 'تاریخ جهان', 'world-history', 0),
(203, 'کتاب هنر موسیقی', 'art-and-music', 0),
(204, 'نقاشی', 'painting', 0),
(208, 'ادبیات', 'literature', 0),
(210, 'کتاب های پرفروش', 'best-sellers', 0),
(211, 'جدیدترین‌ محصولات', 'newest', 0),
(212, 'کتاب های دینی و مذهبی', 'religious', 0),
(213, 'علوم انسانی', 'humanities', 0),
(214, 'فلسفه', 'philosophy', 0),
(216, 'بهترین کتاب های جهان', 'ebooks', 0),
(218, 'رمان', 'best-novels', 0),
(219, 'مقاله دانشجویی', 'student-essay', 0),
(222, 'اسلام', 'islam', 0),
(227, 'صد رمان برتر جهان', 'list-top-100-novels', 0),
(229, 'Website Updates', 'website-updates', 0),
(230, 'Blog Post', 'blog-post', 0),
(231, 'Promotion', 'promotion', 0),
(232, 'پروژه', 'project', 0),
(233, 'پروژه دانشگاهی', 'university-project-project', 0),
(239, 'نمونه سوالات', 'sample-questions', 0),
(240, 'نمونه سوال دانشگاهی', 'sample-university-question', 0),
(244, 'جزوه', 'pamphlet', 0),
(245, 'جزوه درسی', 'textbook-2', 0),
(246, 'جزوه دانشگاهی', 'university-pamphlet-pamphlet', 0),
(247, 'پروژه های معماری', '%d9%be%d8%b1%d9%88%da%98%d9%87-%d9%87%d8%a7%db%8c-%d9%85%d8%b9%d9%85%d8%a7%d8%b1%db%8c', 0),
(249, 'روانشناسی', 'psychology', 0),
(251, 'ریاضیات', 'mathematics', 0),
(252, 'عاشقانه', '%d8%b9%d8%a7%d8%b4%d9%82%d8%a7%d9%86%d9%87', 0),
(255, 'وبلاگ جت پروژه', 'blog', 0),
(256, 'نقد و بررسی کتاب', 'book-review', 0),
(257, 'معرفی کتاب‌', 'introduction-of-books', 0),
(258, 'نویسندگان', 'authors', 0),
(259, 'راهنمای مطالعه', 'study-guides', 0),
(260, 'سرگرمی و جذاب', 'fun-and-attractive', 0),
(261, 'فرهنگ و هنر', 'culture-and-art', 0),
(262, 'گروه‌های سنی مختلف', 'books-suitable-different-age', 0),
(274, 'کتاب های رشته زمین شناسی', '%da%a9%d8%aa%d8%a7%d8%a8-%d9%87%d8%a7%db%8c-%d8%b1%d8%b4%d8%aa%d9%87-%d8%b2%d9%85%db%8c%d9%86-%d8%b4%d9%86%d8%a7%d8%b3%db%8c', 0),
(284, 'داستان', '%d8%af%d8%a7%d8%b3%d8%aa%d8%a7%d9%86', 0),
(288, 'Other', 'other', 0),
(289, 'казино Голд', '%d0%ba%d0%b0%d0%b7%d0%b8%d0%bd%d0%be-%d0%b3%d0%be%d0%bb%d0%b4', 0),
(290, 'Slot Bonus 100', 'slot-bonus-100', 0),
(291, 'Bonus New Member', 'bonus-new-member', 0),
(292, 'Bonus New Member 100', 'bonus-new-member-100', 0),
(293, 'Slot Bonus New Member 100', 'slot-bonus-new-member-100', 0),
(294, 'Slot Bonus New Member', 'slot-bonus-new-member', 0),
(295, 'Situs Slot Bonus New Member', 'situs-slot-bonus-new-member', 0),
(296, 'situs slot deposit 5k', 'situs-slot-deposit-5k', 0),
(297, 'slot deposit 5 ribu', 'slot-deposit-5-ribu', 0),
(298, 'slot gacor deposit 5 ribu', 'slot-gacor-deposit-5-ribu', 0),
(299, 'link slot depo 5k', 'link-slot-depo-5k', 0),
(300, 'slot qris', 'slot-qris', 0),
(301, 'situs slot minimal deposit 5 ribu', 'situs-slot-minimal-deposit-5-ribu', 0),
(302, 'situs slot depo 5 ribu', 'situs-slot-depo-5-ribu', 0),
(303, 'slot depo 5k', 'slot-depo-5k', 0),
(304, 'slot depo qris', 'slot-depo-qris', 0),
(305, 'slot deposit qris', 'slot-deposit-qris', 0),
(306, 'Slot Princess Gacor', 'slot-princess-gacor', 0),
(307, 'Starlight Princess Slot', 'starlight-princess-slot', 0),
(308, 'starlight princess 1000', 'starlight-princess-1000', 0),
(309, 'princess slot', 'princess-slot', 0),
(310, 'Princes Slot', 'princes-slot', 0),
(311, 'Starlight Princess Maxwin', 'starlight-princess-maxwin', 0),
(312, 'slot princess', 'slot-princess', 0),
(313, 'princess 1000', 'princess-1000', 0),
(314, 'Starlight Princess', 'starlight-princess', 0),
(315, 'slot starlight princess', 'slot-starlight-princess', 0),
(316, 'Princes', 'princes', 0),
(317, 'princes 1000', 'princes-1000', 0),
(318, 'starlight princess gacor', 'starlight-princess-gacor', 0),
(319, 'starlight princes', 'starlight-princes', 0),
(320, 'starlight slot', 'starlight-slot', 0),
(321, 'slot princes', 'slot-princes', 0),
(322, 'Trisula88', 'trisula88', 0),
(323, 'trisula 88', 'trisula-88', 0),
(324, 'Daftar Trisula88', 'daftar-trisula88', 0),
(325, 'Trisula88 Alternatif', 'trisula88-alternatif', 0),
(326, 'Situs Trisula88', 'situs-trisula88', 0),
(327, 'Trisula88 Login', 'trisula88-login', 0),
(328, 'Link Alternatif Trisula88', 'link-alternatif-trisula88', 0),
(329, 'Login Trisula88', 'login-trisula88', 0),
(330, 'Trisula88 Slot', 'trisula88-slot', 0),
(331, 'Alternatif Trisula88', 'alternatif-trisula88', 0),
(332, 'Trisula 88 Login', 'trisula-88-login', 0),
(333, 'casino', 'casino', 0),
(334, '888starz', '888starz', 0),
(335, 'casino app', 'casino-app', 0),
(336, '888starz تحميل', '888starz-%d8%aa%d8%ad%d9%85%d9%8a%d9%84', 0),
(337, 'Spaceman', 'spaceman', 0),
(338, 'Spaceman Slot', 'spaceman-slot', 0),
(339, 'Slot Spaceman', 'slot-spaceman', 0),
(340, 'Spaceman Gacor', 'spaceman-gacor', 0),
(341, 'Link Spaceman', 'link-spaceman', 0),
(342, 'Link Spaceman Gacor', 'link-spaceman-gacor', 0),
(343, 'Spaceman Pragmatic', 'spaceman-pragmatic', 0),
(344, 'Situs Spaceman', 'situs-spaceman', 0),
(345, 'Situs Spaceman Slot', 'situs-spaceman-slot', 0),
(346, 'Situs Spaceman Gacor Hari Ini', 'situs-spaceman-gacor-hari-ini', 0),
(347, 'Link Slot Spaceman', 'link-slot-spaceman', 0),
(348, 'Spaceman Slot Login', 'spaceman-slot-login', 0),
(349, 'Spaceman Slot Pragmatic', 'spaceman-slot-pragmatic', 0),
(350, 'Spaceman Gacor Hari Ini', 'spaceman-gacor-hari-ini', 0),
(351, 'Slot Gacor Spaceman Pragmatic', 'slot-gacor-spaceman-pragmatic', 0),
(352, 'Situs Slot Spaceman', 'situs-slot-spaceman', 0),
(353, 'Situs Gacor Spaceman', 'situs-gacor-spaceman', 0),
(354, 'Link Slot Gacor Spaceman', 'link-slot-gacor-spaceman', 0),
(355, 'Game Spaceman Slot', 'game-spaceman-slot', 0),
(356, 'Spaceman Slot Gacor', 'spaceman-slot-gacor', 0),
(357, 'Spaceman X5000', 'spaceman-x5000', 0),
(358, 'Pragmatic Play', 'pragmatic-play', 0),
(359, 'انگیزشی', '%d8%a7%d9%86%da%af%db%8c%d8%b2%d8%b4%db%8c', 0),
(360, 'رمان', '%d8%b1%d9%85%d8%a7%d9%86', 0),
(361, 'receive sms online', 'receive-sms-online', 0),
(362, 'receive sms online', 'receive-sms-online', 0),
(363, '1xbet', '1xbet', 0),
(364, '1xbet', '1xbet', 0),
(365, 'yuvelirnye', 'yuvelirnye', 0),
(366, 'ювелирные магазины', '%d1%8e%d0%b2%d0%b5%d0%bb%d0%b8%d1%80%d0%bd%d1%8b%d0%b5-%d0%bc%d0%b0%d0%b3%d0%b0%d0%b7%d0%b8%d0%bd%d1%8b', 0),
(367, 'kursy', 'kursy', 0),
(368, 'курсы по нейросетям', '%d0%ba%d1%83%d1%80%d1%81%d1%8b-%d0%bf%d0%be-%d0%bd%d0%b5%d0%b9%d1%80%d0%be%d1%81%d0%b5%d1%82%d1%8f%d0%bc', 0),
(369, 'казино Лев', '%d0%ba%d0%b0%d0%b7%d0%b8%d0%bd%d0%be-%d0%bb%d0%b5%d0%b2', 0),
(370, 'betting', 'betting', 0),
(371, 'slot deposit pakai qris', 'slot-deposit-pakai-qris', 0),
(372, 'link slot minimal deposit 5k', 'link-slot-minimal-deposit-5k', 0),
(373, 'slot deposit scan qris', 'slot-deposit-scan-qris', 0),
(374, 'slot gacor hari ini qris', 'slot-gacor-hari-ini-qris', 0),
(375, 'slot qris gacor', 'slot-qris-gacor', 0),
(376, 'situs slot deposit qris', 'situs-slot-deposit-qris', 0),
(377, 'slot gacor deposit qris', 'slot-gacor-deposit-qris', 0),
(378, 'slot gacor qris', 'slot-gacor-qris', 0),
(379, 'situs slot deposit 5 ribu', 'situs-slot-deposit-5-ribu', 0),
(380, 'slot gacor deposit pakai qris', 'slot-gacor-deposit-pakai-qris', 0),
(381, 'slot modal 5 ribu', 'slot-modal-5-ribu', 0),
(382, 'situs slot gacor qris', 'situs-slot-gacor-qris', 0),
(383, 'slot depo 5 ribu', 'slot-depo-5-ribu', 0),
(384, 'depo slot qris', 'depo-slot-qris', 0),
(385, 'slot qris 5k', 'slot-qris-5k', 0),
(386, 'slot qris 5000', 'slot-qris-5000', 0),
(387, 'slot deposit 5k', 'slot-deposit-5k', 0),
(388, 'slot minimal deposit 5 ribu', 'slot-minimal-deposit-5-ribu', 0),
(389, 'slot gacor via qris', 'slot-gacor-via-qris', 0),
(390, 'slot 5 ribu', 'slot-5-ribu', 0),
(391, 'slot gacor deposit 5k', 'slot-gacor-deposit-5k', 0),
(392, 'deposit slot qris', 'deposit-slot-qris', 0),
(393, 'slot min depo 5 ribu', 'slot-min-depo-5-ribu', 0),
(394, 'slot deposit qris 5000', 'slot-deposit-qris-5000', 0),
(395, 'situs deposit 5 ribu', 'situs-deposit-5-ribu', 0),
(396, 'slot depo 5k qris', 'slot-depo-5k-qris', 0),
(397, 'situs slot qris', 'situs-slot-qris', 0),
(398, 'deposit minimal 5k', 'deposit-minimal-5k', 0),
(399, 'situs minimal depo 5k', 'situs-minimal-depo-5k', 0),
(400, 'betting-on-sports', 'betting-on-sports', 0),
(401, 'داستان', '%d8%af%d8%a7%d8%b3%d8%aa%d8%a7%d9%86', 0),
(402, 'روانشناسی', '%d8%b1%d9%88%d8%a7%d9%86%d8%b4%d9%86%d8%a7%d8%b3%db%8c', 0),
(403, 'زیست میطی', '%d8%b2%db%8c%d8%b3%d8%aa-%d9%85%db%8c%d8%b7%db%8c', 0),
(404, 'ورزش', '%d9%88%d8%b1%d8%b2%d8%b4', 0),
(405, 'فرهنگ وسنن', '%d9%81%d8%b1%d9%87%d9%86%da%af-%d9%88%d8%b3%d9%86%d9%86', 0),
(406, 'ورزشی', '%d9%88%d8%b1%d8%b2%d8%b4%db%8c', 0),
(407, 'Health &amp; Fitness, Cardio', 'health-fitness-cardio', 0),
(408, 'https://med-advisor.ru/chem-mozhet-pomoch-yurist-po-meditsinskim-voprosam/', 'https-med-advisor-ru-chem-mozhet-pomoch-yurist-po-meditsinskim-voprosam', 0),
(409, 'slot bonus new member 100 di awal', 'slot-bonus-new-member-100-di-awal', 0),
(410, 'situs slot bonus new member 100', 'situs-slot-bonus-new-member-100', 0),
(411, 'slot bonus new member 100 di awal to 7x', 'slot-bonus-new-member-100-di-awal-to-7x', 0),
(412, 'slot bonus new member 100 di awal to 10x', 'slot-bonus-new-member-100-di-awal-to-10x', 0),
(413, 'situs slot bonus new member 100 bebas ip', 'situs-slot-bonus-new-member-100-bebas-ip', 0),
(414, 'bonus new member 100 slot', 'bonus-new-member-100-slot', 0),
(415, 'slot bonus new member 100 di awal to kecil', 'slot-bonus-new-member-100-di-awal-to-kecil', 0),
(416, 'link slot bonus new member 100', 'link-slot-bonus-new-member-100', 0),
(417, 'slot gacor bonus new member 100', 'slot-gacor-bonus-new-member-100', 0),
(418, 'kumpulan situs slot bonus new member 100', 'kumpulan-situs-slot-bonus-new-member-100', 0),
(419, 'kumpulan slot bonus new member 100', 'kumpulan-slot-bonus-new-member-100', 0),
(420, 'kumpulan situs slot bonus new member 100 di awal', 'kumpulan-situs-slot-bonus-new-member-100-di-awal', 0),
(421, 'apk slot bonus new member', 'apk-slot-bonus-new-member', 0),
(422, 'slot bonus new member 100 persen', 'slot-bonus-new-member-100-persen', 0),
(423, 'link slot bonus new member', 'link-slot-bonus-new-member', 0),
(424, 'game slot bonus new member 100 di awal', 'game-slot-bonus-new-member-100-di-awal', 0),
(425, 'slot bonus new member 100 persen di awal', 'slot-bonus-new-member-100-persen-di-awal', 0),
(426, 'bonus new member 100% (slot game)', 'bonus-new-member-100-slot-game', 0),
(427, 'slot bonus new member 100 di awal tanpa deposit', 'slot-bonus-new-member-100-di-awal-tanpa-deposit', 0),
(428, 'situs slot bonus new member 100 di depan', 'situs-slot-bonus-new-member-100-di-depan', 0),
(429, 'situs slot depo 25 bonus new member 100 to 5x', 'situs-slot-depo-25-bonus-new-member-100-to-5x', 0),
(430, 'bonus slot new member', 'bonus-slot-new-member', 0),
(431, 'slot new member bonus 100', 'slot-new-member-bonus-100', 0),
(432, 'slot bonus new member 200 di awal', 'slot-bonus-new-member-200-di-awal', 0),
(433, 'situs slot gacor bonus new member 100', 'situs-slot-gacor-bonus-new-member-100', 0),
(434, 'slot bonus new member 100 bebas ip', 'slot-bonus-new-member-100-bebas-ip', 0),
(435, 'slot bonus new member tanpa deposit', 'slot-bonus-new-member-tanpa-deposit', 0),
(436, 'bonus new member slot', 'bonus-new-member-slot', 0),
(437, 'situs slot terpercaya bonus new member 100', 'situs-slot-terpercaya-bonus-new-member-100', 0),
(438, 'slot bonus 100 new member', 'slot-bonus-100-new-member', 0),
(439, 'situs slot gacor terpercaya bonus new member', 'situs-slot-gacor-terpercaya-bonus-new-member', 0),
(440, 'akun slot bonus new member 100', 'akun-slot-bonus-new-member-100', 0),
(441, 'kumpulan link slot bonus new member 100', 'kumpulan-link-slot-bonus-new-member-100', 0),
(442, 'slot bonus new member 100 tanpa to', 'slot-bonus-new-member-100-tanpa-to', 0),
(443, 'link slot bonus new member 100 di awal', 'link-slot-bonus-new-member-100-di-awal', 0),
(444, 'situs slot bonus new member 100 di awal', 'situs-slot-bonus-new-member-100-di-awal', 0),
(445, 'slot gacor bonus new member', 'slot-gacor-bonus-new-member', 0),
(446, 'situs resmi slot bonus new member 100', 'situs-resmi-slot-bonus-new-member-100', 0),
(447, 'استخدامی', '%d8%a7%d8%b3%d8%aa%d8%ae%d8%af%d8%a7%d9%85%db%8c', 0),
(448, 'طالع بینی', '%d8%b7%d8%a7%d9%84%d8%b9-%d8%a8%db%8c%d9%86%db%8c', 0),
(449, 'موسقی', '%d9%85%d9%88%d8%b3%d9%82%db%8c', 0),
(450, 'مدیریت', '%d9%85%d8%af%db%8c%d8%b1%db%8c%d8%aa', 0),
(451, 'اموزش وپرورش', '%d8%a7%d9%85%d9%88%d8%b2%d8%b4-%d9%88%d9%be%d8%b1%d9%88%d8%b1%d8%b4', 0),
(452, 'هنر', '%d9%87%d9%86%d8%b1', 0),
(453, 'جامعه شناسی', '%d8%ac%d8%a7%d9%85%d8%b9%d9%87-%d8%b4%d9%86%d8%a7%d8%b3%db%8c', 0),
(454, 'آمار و ریاضیات', '%d8%a2%d9%85%d8%a7%d8%b1-%d9%88-%d8%b1%db%8c%d8%a7%d8%b6%db%8c%d8%a7%d8%aa', 0),
(455, 'علوم کامپیوتری', '%d8%b9%d9%84%d9%88%d9%85-%da%a9%d8%a7%d9%85%d9%be%db%8c%d9%88%d8%aa%d8%b1%db%8c', 0),
(456, 'حسابداری', '%d8%ad%d8%b3%d8%a7%d8%a8%d8%af%d8%a7%d8%b1%db%8c', 0),
(457, 'کتب مفید', '%da%a9%d8%aa%d8%a8-%d9%85%d9%81%db%8c%d8%af', 0),
(458, 'علوم کامپیوتر', '%d8%b9%d9%84%d9%88%d9%85-%da%a9%d8%a7%d9%85%d9%be%db%8c%d9%88%d8%aa%d8%b1', 0),
(459, 'دینی مذهبی', '%d8%af%db%8c%d9%86%db%8c-%d9%85%d8%b0%d9%87%d8%a8%db%8c', 0),
(460, 'علوم اجتماعی', '%d8%b9%d9%84%d9%88%d9%85-%d8%a7%d8%ac%d8%aa%d9%85%d8%a7%d8%b9%db%8c', 0),
(461, 'آموزشی', '%d8%a2%d9%85%d9%88%d8%b2%d8%b4%db%8c', 0),
(462, 'اشعار', '%d8%a7%d8%b4%d8%b9%d8%a7%d8%b1', 0),
(463, 'شیمی', '%d8%b4%db%8c%d9%85%db%8c', 0),
(464, 'مهندسی', '%d9%85%d9%87%d9%86%d8%af%d8%b3%db%8c', 0),
(465, 'تغذیه', '%d8%aa%d8%ba%d8%b0%db%8c%d9%87', 0),
(466, 'تاتر', '%d8%aa%d8%a7%d8%aa%d8%b1', 0),
(467, 'فرهنگ وتمدن', '%d9%81%d8%b1%d9%87%d9%86%da%af-%d9%88%d8%aa%d9%85%d8%af%d9%86', 0),
(468, 'mahjong ways 2', 'mahjong-ways-2', 0),
(469, 'mahjong', 'mahjong', 0),
(470, 'slot mahjong', 'slot-mahjong', 0),
(471, 'mahjong slot', 'mahjong-slot', 0),
(472, 'slot gacor', 'slot-gacor', 0),
(473, 'mahjong ways 2', 'mahjong-ways-2', 0),
(474, 'mahjong', 'mahjong', 0),
(475, 'slot mahjong', 'slot-mahjong', 0),
(476, 'mahjong slot', 'mahjong-slot', 0),
(477, 'slot gacor', 'slot-gacor', 0),
(478, 'اقتصادی', '%d8%a7%d9%82%d8%aa%d8%b5%d8%a7%d8%af%db%8c', 0),
(479, 'داستان کودکان', '%d8%af%d8%a7%d8%b3%d8%aa%d8%a7%d9%86-%da%a9%d9%88%d8%af%da%a9%d8%a7%d9%86', 0),
(480, 'کتاب های پرورشی کودکان', '%da%a9%d8%aa%d8%a7%d8%a8-%d9%87%d8%a7%db%8c-%d9%be%d8%b1%d9%88%d8%b1%d8%b4%db%8c-%da%a9%d9%88%d8%af%da%a9%d8%a7%d9%86', 0),
(481, 'انگیزشی', '%d8%a7%d9%86%da%af%db%8c%d8%b2%d8%b4%db%8c', 0),
(482, 'سینما', '%d8%b3%db%8c%d9%86%d9%85%d8%a7', 0),
(483, 'مربی گری', '%d9%85%d8%b1%d8%a8%db%8c-%da%af%d8%b1%db%8c', 0),
(484, 'تیزهوشان', '%d8%aa%db%8c%d8%b2%d9%87%d9%88%d8%b4%d8%a7%d9%86', 0),
(485, 'maxbet', 'maxbet', 0),
(486, 'maxbet login', 'maxbet-login', 0),
(487, 'maxbet alternatif', 'maxbet-alternatif', 0),
(488, 'situs judi bola', 'situs-judi-bola', 0),
(489, 'judi bola', 'judi-bola', 0),
(490, 'maxbet', 'maxbet', 0),
(491, 'maxbet login', 'maxbet-login', 0),
(492, 'maxbet alternatif', 'maxbet-alternatif', 0),
(493, 'situs judi bola', 'situs-judi-bola', 0),
(494, 'judi bola', 'judi-bola', 0),
(495, 'علوم سیاسی', '%d8%b9%d9%84%d9%88%d9%85-%d8%b3%db%8c%d8%a7%d8%b3%db%8c', 0),
(496, 'بیوشیمی', '%d8%a8%db%8c%d9%88%d8%b4%db%8c%d9%85%db%8c', 0),
(497, 'wellness program', 'wellness-program', 0),
(498, 'زندگی نامه', '%d8%b2%d9%86%d8%af%da%af%db%8c-%d9%86%d8%a7%d9%85%d9%87', 0),
(499, 'زیست شناسی', '%d8%b2%db%8c%d8%b3%d8%aa-%d8%b4%d9%86%d8%a7%d8%b3%db%8c', 0),
(500, 'Construction', 'construction', 0),
(501, 'office renovation', 'office-renovation', 0),
(502, 'کتب دانشگاهی', '%da%a9%d8%aa%d8%a8-%d8%af%d8%a7%d9%86%d8%b4%da%af%d8%a7%d9%87%db%8c', 0),
(503, 'مذهبی', '%d9%85%d8%b0%d9%87%d8%a8%db%8c', 0),
(504, 'ربان', '%d8%b1%d8%a8%d8%a7%d9%86', 0),
(505, 'auto', 'auto', 0),
(506, 'https://tmfashionpath.com/----/', 'https-tmfashionpath-com', 0),
(507, 'press release malaysia', 'press-release-malaysia', 0),
(508, 'مکتب وادیان', '%d9%85%da%a9%d8%aa%d8%a8-%d9%88%d8%a7%d8%af%db%8c%d8%a7%d9%86', 0),
(509, 'شیمی آلی', '%d8%b4%db%8c%d9%85%db%8c-%d8%a2%d9%84%db%8c', 0),
(510, 'هوش مصنوعی', '%d9%87%d9%88%d8%b4-%d9%85%d8%b5%d9%86%d9%88%d8%b9%db%8c', 0),
(511, 'مهندسی صنایع', '%d9%85%d9%87%d9%86%d8%af%d8%b3%db%8c-%d8%b5%d9%86%d8%a7%db%8c%d8%b9', 0),
(512, 'Business, Customer Service', 'business-customer-service', 0),
(513, 'https://candylandexpress.org/----/', 'https-candylandexpress-org', 0),
(514, 'Health and Women\'s Health', 'health-and-womens-health', 0),
(515, 'women\'s clinic singapore', 'womens-clinic-singapore', 0),
(516, 'top convention cities in the world', 'top-convention-cities-in-the-world', 0),
(517, 'برنامه نویسی', '%d8%a8%d8%b1%d9%86%d8%a7%d9%85%d9%87-%d9%86%d9%88%db%8c%d8%b3%db%8c', 0),
(518, 'online games', 'online-games', 0),
(519, 'card games', 'card-games', 0),
(520, 'onine casino', 'onine-casino', 0),
(521, 'table ggames', 'table-ggames', 0),
(522, 'online casino', 'online-casino', 0),
(523, 'table games', 'table-games', 0),
(524, 'online casnio', 'online-casnio', 0),
(525, 'Drinks', 'drinks', 0),
(526, 'Education', 'education', 0),
(527, 'diploma course in malaysia', 'diploma-course-in-malaysia', 0),
(528, 'sports', 'sports', 0),
(529, '888 stars', '888-stars', 0),
(530, 'crazytime', 'crazytime', 0),
(531, 'vulkanspiele kod bonusowy', 'vulkanspiele-kod-bonusowy', 0),
(532, 'SBOBET', 'sbobet', 0),
(533, 'SBOBET88', 'sbobet88', 0),
(534, 'Daftar SBOBET', 'daftar-sbobet', 0),
(535, 'Agen SBOBET', 'agen-sbobet', 0),
(536, 'Login SBOBET', 'login-sbobet', 0),
(537, 'Link Alternatif', 'link-alternatif', 0),
(538, 'SBOBET Link SBOBET', 'sbobet-link-sbobet', 0),
(539, 'guide to things to do in Penang from Easybook', 'guide-to-things-to-do-in-penang-from-easybook', 0),
(540, 'game', 'game', 0),
(541, 'watch crazy time', 'watch-crazy-time', 0),
(542, 'live crazy time', 'live-crazy-time', 0),
(543, 'bet', 'bet', 0),
(544, 'stats crazy time', 'stats-crazy-time', 0),
(545, 'vulkanspiele kod', 'vulkanspiele-kod', 0),
(546, 'true fortune free 250 chip no deposit', 'true-fortune-free-250-chip-no-deposit', 0),
(547, 'true fortune no deposit bonus codes', 'true-fortune-no-deposit-bonus-codes', 0),
(548, 'vulkan spiele', 'vulkan-spiele', 0),
(549, '888starz تسجيل الدخول', '888starz-%d8%aa%d8%b3%d8%ac%d9%8a%d9%84-%d8%a7%d9%84%d8%af%d8%ae%d9%88%d9%84', 0),
(550, 'vulkan spiele kod promocyjny', 'vulkan-spiele-kod-promocyjny', 0),
(551, 'Avito', 'avito', 0),
(552, 'sports', 'sports', 0),
(553, 'News', 'news', 0),
(554, 'Odnoklassniki', 'odnoklassniki', 0),
(555, 'VK', 'vk', 0),
(556, 'game', 'game', 0),
(557, 'snai crazy time', 'snai-crazy-time', 0),
(558, 'true fortune casino online', 'true-fortune-casino-online', 0),
(559, 'vulkanspiele kod promocyjny 2025', 'vulkanspiele-kod-promocyjny-2025', 0),
(560, 'vulkan spiele login', 'vulkan-spiele-login', 0),
(561, 'vulkan spiele casino opinie', 'vulkan-spiele-casino-opinie', 0),
(562, 'true fortune casino free spins', 'true-fortune-casino-free-spins', 0),
(563, 'led screen display', 'led-screen-display', 0);

-- --------------------------------------------------------

--
-- Table structure for table `wp_term_relationships`
--

CREATE TABLE `wp_term_relationships` (
  `object_id` bigint(20) UNSIGNED NOT NULL DEFAULT 0,
  `term_taxonomy_id` bigint(20) UNSIGNED NOT NULL DEFAULT 0,
  `term_order` int(11) NOT NULL DEFAULT 0
) ENGINE=InnoDB DEFAULT CHARSET=utf8mb4 COLLATE=utf8mb4_unicode_ci;

--
-- Dumping data for table `wp_term_relationships`
--

INSERT INTO `wp_term_relationships` (`object_id`, `term_taxonomy_id`, `term_order`) VALUES
(149, 28, 0),
(151, 28, 0),
(198, 31, 0),
(199, 31, 0),
(202, 31, 0),
(296, 1, 0),
(296, 46, 0),
(315, 40, 0),
(424, 1, 0),
(424, 63, 0),
(424, 65, 0),
(430, 1, 0),
(430, 45, 0),
(430, 49, 0),
(430, 64, 0),
(435, 1, 0),
(435, 45, 0),
(444, 1, 0),
(444, 46, 0),
(456, 1, 0),
(456, 54, 0),
(456, 63, 0),
(459, 1, 0),
(798, 1, 0),
(798, 50, 0),
(1200, 75, 0),
(5552, 81, 0),
(5552, 82, 0),
(5552, 83, 0),
(5552, 85, 0),
(5552, 86, 0),
(5571, 84, 0),
(5576, 82, 0),
(5576, 83, 0),
(5576, 85, 0),
(5576, 86, 0),
(5608, 82, 0),
(5608, 83, 0),
(5608, 85, 0),
(5608, 86, 0),
(5636, 83, 0),
(5636, 86, 0),
(5636, 87, 0),
(5636, 88, 0),
(5658, 83, 0),
(5658, 86, 0),
(5658, 87, 0),
(5658, 88, 0),
(5687, 83, 0),
(5687, 85, 0),
(5687, 86, 0),
(5687, 89, 0),
(5711, 81, 0),
(5711, 83, 0),
(5711, 86, 0),
(6341, 80, 0),
(6344, 80, 0),
(6357, 80, 0),
(6391, 80, 0),
(6398, 80, 0),
(6420, 91, 0),
(6445, 80, 0),
(6454, 80, 0),
(6463, 80, 0),
(6469, 80, 0),
(6475, 80, 0),
(6494, 91, 0),
(6501, 91, 0),
(6507, 91, 0),
(6586, 80, 0),
(6735, 80, 0),
(6785, 80, 0),
(6804, 80, 0),
(6835, 20, 0),
(7049, 27, 0),
(7050, 27, 0),
(7051, 27, 0),
(7053, 27, 0),
(7054, 27, 0),
(7056, 27, 0),
(7057, 27, 0),
(7058, 27, 0),
(7059, 27, 0),
(7061, 27, 0),
(7062, 27, 0),
(7063, 27, 0),
(7065, 27, 0),
(7066, 27, 0),
(7069, 27, 0),
(7070, 27, 0),
(7071, 27, 0),
(7072, 27, 0),
(7074, 27, 0),
(7075, 27, 0),
(7076, 27, 0),
(7077, 27, 0),
(7078, 27, 0),
(7080, 27, 0),
(7082, 27, 0),
(7087, 27, 0),
(7090, 27, 0),
(7092, 27, 0),
(7094, 27, 0),
(7096, 27, 0),
(7097, 27, 0),
(7098, 27, 0),
(7100, 27, 0),
(7102, 27, 0),
(7104, 27, 0),
(7105, 27, 0),
(7106, 20, 0),
(7136, 27, 0),
(7137, 27, 0),
(7239, 80, 0),
(7267, 2, 0),
(7267, 15, 0),
(7267, 160, 0),
(7267, 163, 0),
(7267, 210, 0),
(7267, 213, 0),
(7267, 216, 0),
(7267, 222, 0),
(7284, 2, 0),
(7284, 160, 0),
(7284, 162, 0),
(7284, 184, 0),
(7284, 186, 0),
(7284, 210, 0),
(7284, 211, 0),
(7284, 214, 0),
(7284, 249, 0),
(7298, 2, 0),
(7298, 160, 0),
(7298, 162, 0),
(7298, 210, 0),
(7298, 211, 0),
(7298, 212, 0),
(7298, 216, 0),
(7298, 222, 0),
(7303, 2, 0),
(7303, 160, 0),
(7303, 162, 0),
(7303, 170, 0),
(7303, 208, 0),
(7303, 210, 0),
(7303, 211, 0),
(7303, 216, 0),
(7305, 2, 0),
(7305, 160, 0),
(7305, 163, 0),
(7305, 164, 0),
(7305, 210, 0),
(7305, 216, 0),
(7305, 218, 0),
(7309, 2, 0),
(7309, 160, 0),
(7309, 162, 0),
(7309, 200, 0),
(7309, 216, 0),
(7312, 2, 0),
(7312, 160, 0),
(7312, 161, 0),
(7312, 162, 0),
(7312, 163, 0),
(7312, 164, 0),
(7312, 210, 0),
(7312, 211, 0),
(7312, 216, 0),
(7312, 218, 0),
(7314, 2, 0),
(7314, 162, 0),
(7314, 163, 0),
(7314, 164, 0),
(7314, 180, 0),
(7314, 184, 0),
(7314, 208, 0),
(7314, 210, 0),
(7314, 216, 0),
(7315, 2, 0),
(7315, 160, 0),
(7315, 162, 0),
(7315, 210, 0),
(7315, 211, 0),
(7315, 212, 0),
(7315, 216, 0),
(7315, 222, 0),
(7317, 2, 0),
(7317, 160, 0),
(7317, 162, 0),
(7317, 163, 0),
(7317, 164, 0),
(7317, 210, 0),
(7317, 213, 0),
(7317, 216, 0),
(7319, 2, 0),
(7319, 160, 0),
(7319, 162, 0),
(7319, 163, 0),
(7319, 164, 0),
(7319, 210, 0),
(7319, 212, 0),
(7319, 216, 0),
(7319, 222, 0),
(7321, 2, 0),
(7321, 160, 0),
(7321, 161, 0),
(7321, 162, 0),
(7321, 163, 0),
(7321, 164, 0),
(7321, 210, 0),
(7321, 211, 0),
(7321, 216, 0),
(7321, 218, 0),
(7325, 2, 0),
(7325, 161, 0),
(7325, 162, 0),
(7325, 163, 0),
(7325, 164, 0),
(7325, 183, 0),
(7325, 208, 0),
(7325, 210, 0),
(7325, 216, 0),
(7325, 218, 0),
(7329, 2, 0),
(7329, 160, 0),
(7329, 161, 0),
(7329, 162, 0),
(7329, 163, 0),
(7329, 164, 0),
(7329, 184, 0),
(7329, 186, 0),
(7329, 210, 0),
(7329, 216, 0),
(7329, 218, 0),
(7331, 2, 0),
(7331, 210, 0),
(7331, 211, 0),
(7331, 216, 0),
(7336, 2, 0),
(7336, 160, 0),
(7336, 162, 0),
(7336, 163, 0),
(7336, 164, 0),
(7336, 172, 0),
(7336, 188, 0),
(7336, 210, 0),
(7336, 216, 0),
(7342, 2, 0),
(7342, 160, 0),
(7342, 162, 0),
(7342, 210, 0),
(7342, 211, 0),
(7342, 216, 0),
(7350, 2, 0),
(7350, 160, 0),
(7350, 162, 0),
(7350, 163, 0),
(7350, 164, 0),
(7350, 179, 0),
(7350, 210, 0),
(7350, 216, 0),
(7353, 2, 0),
(7353, 160, 0),
(7353, 162, 0),
(7353, 170, 0),
(7353, 210, 0),
(7353, 211, 0),
(7353, 216, 0),
(7356, 2, 0),
(7356, 160, 0),
(7356, 162, 0),
(7356, 210, 0),
(7356, 211, 0),
(7356, 216, 0),
(7362, 2, 0),
(7362, 160, 0),
(7362, 162, 0),
(7362, 163, 0),
(7362, 164, 0),
(7362, 175, 0),
(7362, 179, 0),
(7362, 210, 0),
(7362, 216, 0),
(7364, 2, 0),
(7364, 160, 0),
(7364, 162, 0),
(7364, 163, 0),
(7364, 164, 0),
(7364, 170, 0),
(7364, 173, 0),
(7364, 210, 0),
(7364, 216, 0),
(7366, 2, 0),
(7366, 160, 0),
(7366, 162, 0),
(7366, 163, 0),
(7366, 164, 0),
(7366, 174, 0),
(7366, 210, 0),
(7366, 213, 0),
(7366, 214, 0),
(7366, 216, 0),
(7369, 1, 0),
(7371, 2, 0),
(7371, 160, 0),
(7371, 162, 0),
(7371, 163, 0),
(7371, 164, 0),
(7371, 179, 0),
(7371, 184, 0),
(7371, 186, 0),
(7371, 210, 0),
(7371, 216, 0),
(7378, 2, 0),
(7378, 160, 0),
(7378, 162, 0),
(7378, 163, 0),
(7378, 164, 0),
(7378, 173, 0),
(7378, 208, 0),
(7378, 210, 0),
(7378, 214, 0),
(7378, 216, 0),
(7381, 2, 0),
(7381, 160, 0),
(7381, 162, 0),
(7381, 163, 0),
(7381, 164, 0),
(7381, 179, 0),
(7381, 210, 0),
(7381, 216, 0),
(7390, 2, 0),
(7390, 160, 0),
(7390, 162, 0),
(7396, 2, 0),
(7396, 160, 0),
(7396, 162, 0),
(7396, 163, 0),
(7396, 164, 0),
(7396, 179, 0),
(7396, 188, 0),
(7396, 210, 0),
(7396, 216, 0),
(7399, 2, 0),
(7399, 160, 0),
(7399, 162, 0),
(7399, 163, 0),
(7399, 164, 0),
(7399, 174, 0),
(7399, 210, 0),
(7399, 213, 0),
(7399, 216, 0),
(7404, 2, 0),
(7404, 160, 0),
(7404, 162, 0),
(7404, 165, 0),
(7404, 174, 0),
(7404, 208, 0),
(7404, 210, 0),
(7404, 213, 0),
(7404, 216, 0),
(7409, 2, 0),
(7409, 160, 0),
(7409, 162, 0),
(7409, 166, 0),
(7409, 174, 0),
(7409, 210, 0),
(7409, 213, 0),
(7409, 216, 0),
(7411, 2, 0),
(7411, 160, 0),
(7411, 162, 0),
(7411, 169, 0),
(7411, 174, 0),
(7411, 210, 0),
(7411, 213, 0),
(7411, 216, 0),
(7413, 2, 0),
(7413, 160, 0),
(7413, 162, 0),
(7413, 166, 0),
(7413, 210, 0),
(7413, 216, 0),
(7416, 2, 0),
(7416, 160, 0),
(7416, 162, 0),
(7416, 170, 0),
(7416, 174, 0),
(7416, 208, 0),
(7416, 210, 0),
(7416, 213, 0),
(7416, 216, 0),
(7419, 2, 0),
(7419, 160, 0),
(7419, 162, 0),
(7419, 170, 0),
(7419, 210, 0),
(7419, 216, 0),
(7425, 2, 0),
(7425, 160, 0),
(7425, 210, 0),
(7425, 216, 0),
(7433, 2, 0),
(7433, 160, 0),
(7433, 162, 0),
(7433, 194, 0),
(7433, 210, 0),
(7433, 211, 0),
(7433, 216, 0),
(7435, 2, 0),
(7435, 15, 0),
(7435, 160, 0),
(7435, 162, 0),
(7435, 210, 0),
(7438, 2, 0),
(7438, 160, 0),
(7438, 162, 0),
(7438, 210, 0),
(7438, 211, 0),
(7438, 212, 0),
(7438, 216, 0),
(7438, 222, 0),
(7442, 2, 0),
(7442, 160, 0),
(7442, 162, 0),
(7442, 194, 0),
(7442, 210, 0),
(7442, 211, 0),
(7442, 216, 0),
(7451, 2, 0),
(7451, 15, 0),
(7454, 2, 0),
(7454, 15, 0),
(7454, 160, 0),
(7454, 162, 0),
(7454, 210, 0),
(7454, 211, 0),
(7459, 2, 0),
(7459, 160, 0),
(7459, 162, 0),
(7459, 210, 0),
(7459, 211, 0),
(7464, 2, 0),
(7464, 15, 0),
(7464, 160, 0),
(7464, 162, 0),
(7464, 210, 0),
(7464, 211, 0),
(7468, 2, 0),
(7468, 160, 0),
(7468, 162, 0),
(7468, 169, 0),
(7468, 210, 0),
(7468, 211, 0),
(7468, 216, 0),
(7469, 2, 0),
(7469, 160, 0),
(7469, 162, 0),
(7469, 210, 0),
(7469, 211, 0),
(7469, 212, 0),
(7469, 216, 0),
(7469, 222, 0),
(7474, 2, 0),
(7474, 160, 0),
(7474, 162, 0),
(7474, 170, 0),
(7474, 210, 0),
(7474, 211, 0),
(7474, 216, 0),
(7478, 2, 0),
(7478, 160, 0),
(7478, 162, 0),
(7478, 173, 0),
(7478, 210, 0),
(7478, 211, 0),
(7478, 216, 0),
(7479, 2, 0),
(7479, 160, 0),
(7479, 162, 0),
(7479, 164, 0),
(7479, 211, 0),
(7485, 2, 0),
(7485, 15, 0),
(7485, 160, 0),
(7485, 162, 0),
(7485, 165, 0),
(7485, 210, 0),
(7485, 211, 0),
(7485, 216, 0),
(7486, 2, 0),
(7486, 160, 0),
(7486, 162, 0),
(7486, 210, 0),
(7486, 211, 0),
(7493, 2, 0),
(7493, 160, 0),
(7493, 162, 0),
(7493, 210, 0),
(7493, 211, 0),
(7493, 216, 0),
(7493, 218, 0),
(7498, 2, 0),
(7498, 160, 0),
(7498, 162, 0),
(7498, 210, 0),
(7498, 211, 0),
(7508, 2, 0),
(7508, 160, 0),
(7508, 162, 0),
(7508, 210, 0),
(7508, 211, 0),
(7517, 2, 0),
(7517, 160, 0),
(7517, 162, 0),
(7517, 210, 0),
(7517, 211, 0),
(7521, 2, 0),
(7521, 15, 0),
(7521, 160, 0),
(7521, 162, 0),
(7521, 210, 0),
(7521, 211, 0),
(7521, 216, 0),
(7521, 218, 0),
(7524, 2, 0),
(7524, 15, 0),
(7524, 160, 0),
(7524, 162, 0),
(7524, 210, 0),
(7524, 211, 0),
(7524, 216, 0),
(7524, 218, 0),
(7532, 2, 0),
(7532, 160, 0),
(7532, 162, 0),
(7532, 164, 0),
(7532, 210, 0),
(7532, 211, 0),
(7532, 216, 0),
(7544, 2, 0),
(7544, 160, 0),
(7544, 162, 0),
(7544, 164, 0),
(7544, 210, 0),
(7546, 2, 0),
(7546, 163, 0),
(7546, 164, 0),
(7546, 169, 0),
(7546, 210, 0),
(7549, 2, 0),
(7549, 160, 0),
(7549, 163, 0),
(7549, 164, 0),
(7549, 210, 0),
(7551, 1, 0),
(7553, 2, 0),
(7553, 163, 0),
(7553, 164, 0),
(7553, 210, 0),
(7556, 2, 0),
(7556, 15, 0),
(7557, 2, 0),
(7557, 163, 0),
(7557, 164, 0),
(7557, 165, 0),
(7557, 210, 0),
(7561, 2, 0),
(7561, 160, 0),
(7561, 162, 0),
(7561, 164, 0),
(7561, 210, 0),
(7561, 216, 0),
(7563, 2, 0),
(7563, 163, 0),
(7563, 164, 0),
(7563, 169, 0),
(7563, 210, 0),
(7566, 2, 0),
(7566, 160, 0),
(7566, 164, 0),
(7566, 210, 0),
(7566, 216, 0),
(7570, 2, 0),
(7570, 160, 0),
(7570, 162, 0),
(7570, 164, 0),
(7570, 210, 0),
(7574, 2, 0),
(7574, 160, 0),
(7574, 162, 0),
(7574, 164, 0),
(7574, 210, 0),
(7576, 2, 0),
(7576, 160, 0),
(7576, 162, 0),
(7576, 164, 0),
(7576, 211, 0),
(7578, 2, 0),
(7578, 163, 0),
(7578, 164, 0),
(7578, 165, 0),
(7578, 210, 0),
(7580, 2, 0),
(7580, 163, 0),
(7580, 164, 0),
(7580, 165, 0),
(7580, 210, 0),
(7582, 2, 0),
(7582, 163, 0),
(7582, 164, 0),
(7582, 165, 0),
(7582, 210, 0),
(7584, 2, 0),
(7584, 163, 0),
(7584, 164, 0),
(7584, 165, 0),
(7584, 210, 0),
(7586, 2, 0),
(7586, 163, 0),
(7586, 164, 0),
(7586, 165, 0),
(7586, 210, 0),
(7588, 2, 0),
(7588, 160, 0),
(7588, 162, 0),
(7588, 169, 0),
(7588, 175, 0),
(7588, 179, 0),
(7588, 210, 0),
(7588, 216, 0),
(7590, 2, 0),
(7590, 160, 0),
(7590, 162, 0),
(7590, 169, 0),
(7590, 170, 0),
(7590, 210, 0),
(7590, 216, 0),
(7593, 2, 0),
(7593, 160, 0),
(7593, 162, 0),
(7593, 169, 0),
(7593, 176, 0),
(7593, 204, 0),
(7593, 210, 0),
(7593, 216, 0),
(7596, 2, 0),
(7596, 160, 0),
(7596, 162, 0),
(7596, 169, 0),
(7596, 186, 0),
(7596, 210, 0),
(7596, 216, 0),
(7599, 2, 0),
(7599, 160, 0),
(7599, 162, 0),
(7599, 165, 0),
(7599, 169, 0),
(7599, 210, 0),
(7599, 216, 0),
(7603, 2, 0),
(7603, 160, 0),
(7603, 162, 0),
(7603, 164, 0),
(7603, 210, 0),
(7603, 216, 0),
(7606, 2, 0),
(7606, 15, 0),
(7606, 160, 0),
(7606, 162, 0),
(7606, 210, 0),
(7606, 211, 0),
(7606, 216, 0),
(7611, 2, 0),
(7611, 160, 0),
(7611, 210, 0),
(7611, 211, 0),
(7611, 216, 0),
(7614, 2, 0),
(7614, 160, 0),
(7614, 164, 0),
(7614, 210, 0),
(7614, 216, 0),
(7618, 2, 0),
(7618, 160, 0),
(7618, 164, 0),
(7618, 210, 0),
(7618, 211, 0),
(7621, 2, 0),
(7621, 160, 0),
(7621, 162, 0),
(7621, 164, 0),
(7621, 210, 0),
(7621, 216, 0),
(7624, 2, 0),
(7624, 160, 0),
(7624, 162, 0),
(7624, 164, 0),
(7624, 210, 0),
(7627, 2, 0),
(7627, 163, 0),
(7627, 164, 0),
(7627, 165, 0),
(7627, 210, 0),
(7630, 2, 0),
(7630, 163, 0),
(7630, 164, 0),
(7630, 165, 0),
(7630, 210, 0),
(7632, 2, 0),
(7632, 15, 0),
(7632, 160, 0),
(7632, 210, 0),
(7632, 211, 0),
(7632, 216, 0),
(7634, 2, 0),
(7634, 160, 0),
(7634, 210, 0),
(7634, 211, 0),
(7634, 216, 0),
(7634, 218, 0),
(7636, 2, 0),
(7636, 160, 0),
(7636, 161, 0),
(7636, 210, 0),
(7636, 211, 0),
(7636, 216, 0),
(7638, 2, 0),
(7638, 160, 0),
(7638, 161, 0),
(7638, 210, 0),
(7638, 211, 0),
(7638, 216, 0),
(7640, 2, 0),
(7640, 160, 0),
(7640, 210, 0),
(7640, 211, 0),
(7640, 216, 0),
(7640, 218, 0),
(7642, 2, 0),
(7642, 160, 0),
(7642, 163, 0),
(7642, 164, 0),
(7642, 210, 0),
(7642, 211, 0),
(7642, 216, 0),
(7644, 2, 0),
(7644, 160, 0),
(7644, 161, 0),
(7644, 210, 0),
(7644, 211, 0),
(7644, 216, 0),
(7646, 2, 0),
(7646, 160, 0),
(7646, 184, 0),
(7646, 202, 0),
(7646, 210, 0),
(7646, 211, 0),
(7646, 216, 0),
(7646, 218, 0),
(7648, 2, 0),
(7648, 160, 0),
(7648, 184, 0),
(7648, 186, 0),
(7648, 210, 0),
(7648, 211, 0),
(7648, 216, 0),
(7651, 2, 0),
(7651, 160, 0),
(7651, 172, 0),
(7651, 210, 0),
(7651, 211, 0),
(7651, 216, 0),
(7653, 2, 0),
(7653, 160, 0),
(7653, 162, 0),
(7653, 164, 0),
(7653, 210, 0),
(7653, 216, 0),
(7655, 2, 0),
(7655, 160, 0),
(7655, 162, 0),
(7655, 164, 0),
(7655, 210, 0),
(7658, 2, 0),
(7658, 160, 0),
(7658, 210, 0),
(7658, 211, 0),
(7658, 216, 0),
(7662, 2, 0),
(7662, 160, 0),
(7662, 162, 0),
(7662, 164, 0),
(7662, 210, 0),
(7674, 2, 0),
(7674, 160, 0),
(7674, 210, 0),
(7674, 211, 0),
(7674, 216, 0),
(7677, 2, 0),
(7677, 160, 0),
(7677, 162, 0),
(7677, 210, 0),
(7677, 216, 0),
(7683, 2, 0),
(7683, 160, 0),
(7683, 162, 0),
(7683, 210, 0),
(7683, 211, 0),
(7683, 216, 0),
(7683, 218, 0),
(7691, 2, 0),
(7691, 160, 0),
(7691, 162, 0),
(7691, 165, 0),
(7691, 169, 0),
(7691, 170, 0),
(7691, 210, 0),
(7691, 216, 0),
(7697, 2, 0),
(7697, 160, 0),
(7697, 162, 0),
(7697, 210, 0),
(7697, 211, 0),
(7697, 216, 0),
(7697, 218, 0),
(7699, 2, 0),
(7699, 160, 0),
(7699, 162, 0),
(7699, 170, 0),
(7699, 172, 0),
(7699, 188, 0),
(7699, 210, 0),
(7699, 216, 0),
(7705, 2, 0),
(7705, 160, 0),
(7705, 162, 0),
(7705, 210, 0),
(7705, 211, 0),
(7705, 216, 0),
(7706, 2, 0),
(7706, 160, 0),
(7706, 162, 0),
(7706, 170, 0),
(7706, 172, 0),
(7706, 188, 0),
(7706, 210, 0),
(7706, 216, 0),
(7711, 2, 0),
(7711, 160, 0),
(7711, 162, 0),
(7711, 165, 0),
(7711, 166, 0),
(7711, 210, 0),
(7711, 216, 0),
(7714, 2, 0),
(7714, 160, 0),
(7714, 162, 0),
(7714, 210, 0),
(7714, 211, 0),
(7714, 216, 0),
(7714, 218, 0),
(7717, 2, 0),
(7717, 160, 0),
(7717, 162, 0),
(7717, 175, 0),
(7717, 179, 0),
(7717, 210, 0),
(7717, 216, 0),
(7722, 2, 0),
(7722, 160, 0),
(7722, 162, 0),
(7722, 210, 0),
(7722, 211, 0),
(7722, 216, 0),
(7722, 218, 0),
(7855, 2, 0),
(7855, 160, 0),
(7855, 162, 0),
(7855, 200, 0),
(7855, 210, 0),
(7855, 212, 0),
(7855, 216, 0),
(7855, 222, 0),
(7863, 2, 0),
(7863, 160, 0),
(7863, 162, 0),
(7863, 173, 0),
(7863, 185, 0),
(7863, 210, 0),
(7863, 216, 0),
(7873, 2, 0),
(7873, 160, 0),
(7873, 162, 0),
(7873, 170, 0),
(7873, 210, 0),
(7873, 216, 0),
(7884, 2, 0),
(7884, 160, 0),
(7884, 162, 0),
(7884, 194, 0),
(7884, 210, 0),
(7884, 211, 0),
(7884, 216, 0),
(7889, 2, 0),
(7889, 160, 0),
(7889, 162, 0),
(7889, 210, 0),
(7889, 213, 0),
(7889, 216, 0),
(7893, 2, 0),
(7893, 160, 0),
(7893, 210, 0),
(7893, 211, 0),
(7893, 212, 0),
(7893, 216, 0),
(7893, 222, 0),
(7898, 2, 0),
(7898, 160, 0),
(7898, 162, 0),
(7898, 170, 0),
(7898, 210, 0),
(7898, 211, 0),
(7898, 216, 0),
(7902, 2, 0),
(7902, 160, 0),
(7902, 162, 0),
(7902, 170, 0),
(7902, 210, 0),
(7902, 211, 0),
(7902, 216, 0),
(7904, 2, 0),
(7904, 160, 0),
(7904, 162, 0),
(7904, 173, 0),
(7904, 210, 0),
(7904, 216, 0),
(7907, 2, 0),
(7907, 160, 0),
(7907, 162, 0),
(7907, 210, 0),
(7907, 211, 0),
(7907, 212, 0),
(7907, 216, 0),
(7907, 222, 0),
(7910, 2, 0),
(7910, 160, 0),
(7910, 162, 0),
(7910, 186, 0),
(7910, 210, 0),
(7910, 211, 0),
(7910, 216, 0),
(7913, 2, 0),
(7913, 160, 0),
(7913, 162, 0),
(7913, 172, 0),
(7913, 188, 0),
(7913, 210, 0),
(7913, 216, 0),
(7916, 2, 0),
(7916, 160, 0),
(7916, 162, 0),
(7916, 170, 0),
(7916, 210, 0),
(7916, 211, 0),
(7916, 216, 0),
(7920, 2, 0),
(7920, 160, 0),
(7920, 162, 0),
(7920, 170, 0),
(7920, 210, 0),
(7920, 211, 0),
(7920, 216, 0),
(7922, 2, 0),
(7922, 160, 0),
(7922, 162, 0),
(7922, 170, 0),
(7922, 174, 0),
(7922, 210, 0),
(7922, 216, 0),
(7935, 2, 0),
(7935, 160, 0),
(7935, 200, 0),
(7935, 210, 0),
(7935, 211, 0),
(7935, 212, 0),
(7935, 216, 0),
(7935, 222, 0),
(7947, 2, 0),
(7947, 160, 0),
(7947, 162, 0),
(7947, 200, 0),
(7947, 210, 0),
(7947, 212, 0),
(7947, 213, 0),
(7947, 216, 0),
(7947, 222, 0),
(7952, 2, 0),
(7952, 160, 0),
(7952, 162, 0),
(7952, 193, 0),
(7952, 194, 0),
(7952, 210, 0),
(7952, 216, 0),
(7961, 2, 0),
(7961, 160, 0),
(7961, 162, 0),
(7961, 170, 0),
(7961, 174, 0),
(7961, 210, 0),
(7961, 213, 0),
(7961, 216, 0),
(7966, 2, 0),
(7966, 160, 0),
(7966, 162, 0),
(7966, 210, 0),
(7966, 211, 0),
(7966, 212, 0),
(7966, 216, 0),
(7966, 222, 0),
(7969, 2, 0),
(7969, 160, 0),
(7969, 162, 0),
(7969, 170, 0),
(7969, 188, 0),
(7969, 199, 0),
(7969, 210, 0),
(7969, 216, 0),
(7970, 2, 0),
(7970, 160, 0),
(7970, 162, 0),
(7970, 210, 0),
(7970, 211, 0),
(7970, 212, 0),
(7970, 216, 0),
(7970, 222, 0),
(7975, 2, 0),
(7975, 160, 0),
(7975, 162, 0),
(7975, 170, 0),
(7975, 210, 0),
(7975, 211, 0),
(7975, 216, 0),
(7978, 2, 0),
(7978, 160, 0),
(7978, 162, 0),
(7978, 169, 0),
(7978, 172, 0),
(7978, 188, 0),
(7978, 210, 0),
(7978, 216, 0),
(7983, 2, 0),
(7983, 160, 0),
(7983, 162, 0),
(7983, 188, 0),
(7983, 210, 0),
(7983, 211, 0),
(7983, 216, 0),
(7986, 2, 0),
(7986, 160, 0),
(7986, 162, 0),
(7986, 173, 0),
(7986, 210, 0),
(7986, 211, 0),
(7986, 216, 0),
(7989, 2, 0),
(7989, 160, 0),
(7989, 162, 0),
(7989, 169, 0),
(7989, 210, 0),
(7989, 211, 0),
(7989, 216, 0),
(7990, 2, 0),
(7990, 160, 0),
(7990, 162, 0),
(7990, 210, 0),
(7990, 212, 0),
(7990, 216, 0),
(7993, 2, 0),
(7993, 160, 0),
(7993, 162, 0),
(7993, 170, 0),
(7993, 175, 0),
(7993, 179, 0),
(7993, 210, 0),
(7993, 216, 0),
(7996, 2, 0),
(7996, 160, 0),
(7996, 162, 0),
(7996, 168, 0),
(7996, 174, 0),
(7996, 208, 0),
(7996, 210, 0),
(7996, 213, 0),
(7996, 216, 0),
(7999, 2, 0),
(7999, 160, 0),
(7999, 162, 0),
(7999, 170, 0),
(7999, 210, 0),
(7999, 216, 0),
(8002, 2, 0),
(8002, 160, 0),
(8002, 162, 0),
(8002, 170, 0),
(8002, 210, 0),
(8002, 213, 0),
(8002, 216, 0),
(8006, 2, 0),
(8006, 160, 0),
(8006, 162, 0),
(8006, 200, 0),
(8006, 210, 0),
(8006, 216, 0),
(8006, 222, 0),
(8010, 2, 0),
(8010, 160, 0),
(8010, 162, 0),
(8010, 170, 0),
(8010, 175, 0),
(8010, 210, 0),
(8010, 216, 0),
(8014, 2, 0),
(8014, 160, 0),
(8014, 162, 0),
(8014, 210, 0),
(8014, 211, 0),
(8014, 212, 0),
(8014, 216, 0),
(8014, 222, 0),
(8017, 2, 0),
(8017, 160, 0),
(8017, 162, 0),
(8017, 165, 0),
(8017, 168, 0),
(8017, 169, 0),
(8017, 210, 0),
(8017, 216, 0),
(8021, 2, 0),
(8021, 160, 0),
(8021, 162, 0),
(8021, 165, 0),
(8021, 169, 0),
(8021, 174, 0),
(8021, 210, 0),
(8021, 213, 0),
(8021, 216, 0),
(8027, 2, 0),
(8027, 160, 0),
(8027, 162, 0),
(8027, 185, 0),
(8027, 210, 0),
(8027, 216, 0),
(8030, 2, 0),
(8030, 160, 0),
(8030, 162, 0),
(8030, 164, 0),
(8030, 210, 0),
(8030, 211, 0),
(8035, 2, 0),
(8035, 160, 0),
(8035, 162, 0),
(8035, 164, 0),
(8035, 210, 0),
(8038, 2, 0),
(8038, 160, 0),
(8038, 210, 0),
(8038, 211, 0),
(8038, 216, 0),
(8041, 2, 0),
(8041, 160, 0),
(8041, 210, 0),
(8041, 211, 0),
(8041, 216, 0),
(8044, 2, 0),
(8044, 160, 0),
(8044, 210, 0),
(8044, 211, 0),
(8044, 216, 0),
(8047, 2, 0),
(8047, 160, 0),
(8047, 210, 0),
(8047, 211, 0),
(8047, 216, 0),
(8050, 2, 0),
(8050, 160, 0),
(8050, 210, 0),
(8050, 211, 0),
(8050, 216, 0),
(8053, 2, 0),
(8053, 160, 0),
(8053, 210, 0),
(8053, 211, 0),
(8053, 216, 0),
(8056, 2, 0),
(8056, 160, 0),
(8056, 162, 0),
(8056, 210, 0),
(8056, 216, 0),
(8058, 2, 0),
(8058, 160, 0),
(8058, 162, 0),
(8058, 210, 0),
(8062, 2, 0),
(8062, 160, 0),
(8062, 162, 0),
(8062, 210, 0),
(8062, 211, 0),
(8063, 2, 0),
(8063, 160, 0),
(8063, 162, 0),
(8063, 174, 0),
(8063, 210, 0),
(8063, 211, 0),
(8063, 213, 0),
(8063, 216, 0),
(8067, 2, 0),
(8067, 160, 0),
(8067, 210, 0),
(8067, 211, 0),
(8067, 216, 0),
(8072, 2, 0),
(8072, 160, 0),
(8072, 162, 0),
(8072, 165, 0),
(8072, 168, 0),
(8072, 169, 0),
(8072, 193, 0),
(8072, 194, 0),
(8072, 210, 0),
(8072, 216, 0),
(8073, 2, 0),
(8073, 160, 0),
(8073, 210, 0),
(8073, 211, 0),
(8073, 216, 0),
(8078, 2, 0),
(8078, 160, 0),
(8078, 210, 0),
(8078, 211, 0),
(8078, 216, 0),
(8081, 2, 0),
(8081, 160, 0),
(8081, 162, 0),
(8081, 173, 0),
(8081, 210, 0),
(8081, 211, 0),
(8081, 216, 0),
(8086, 2, 0),
(8086, 160, 0),
(8086, 162, 0),
(8086, 165, 0),
(8086, 169, 0),
(8086, 170, 0),
(8086, 185, 0),
(8086, 210, 0),
(8086, 211, 0),
(8086, 216, 0),
(8090, 2, 0),
(8090, 160, 0),
(8090, 162, 0),
(8090, 174, 0),
(8090, 200, 0),
(8090, 210, 0),
(8090, 211, 0),
(8090, 212, 0),
(8090, 213, 0),
(8090, 216, 0),
(8090, 222, 0),
(8094, 2, 0),
(8094, 160, 0),
(8094, 162, 0),
(8094, 169, 0),
(8094, 170, 0),
(8094, 174, 0),
(8094, 210, 0),
(8094, 211, 0),
(8094, 213, 0),
(8094, 216, 0),
(8094, 246, 0),
(8098, 2, 0),
(8098, 160, 0),
(8098, 162, 0),
(8098, 173, 0),
(8098, 210, 0),
(8098, 211, 0),
(8098, 216, 0),
(8101, 2, 0),
(8101, 160, 0),
(8101, 162, 0),
(8101, 173, 0),
(8101, 174, 0),
(8101, 210, 0),
(8101, 211, 0),
(8101, 212, 0),
(8101, 213, 0),
(8101, 216, 0),
(8103, 2, 0),
(8103, 160, 0),
(8103, 162, 0),
(8103, 210, 0),
(8103, 211, 0),
(8109, 2, 0),
(8109, 160, 0),
(8109, 162, 0),
(8109, 210, 0),
(8109, 211, 0),
(8110, 2, 0),
(8110, 160, 0),
(8110, 162, 0),
(8110, 176, 0),
(8110, 199, 0),
(8110, 202, 0),
(8110, 210, 0),
(8110, 216, 0),
(8114, 2, 0),
(8114, 160, 0),
(8114, 210, 0),
(8114, 211, 0),
(8114, 216, 0),
(8118, 2, 0),
(8118, 160, 0),
(8118, 210, 0),
(8118, 211, 0),
(8121, 2, 0),
(8121, 160, 0),
(8121, 162, 0),
(8121, 210, 0),
(8121, 212, 0),
(8121, 213, 0),
(8121, 216, 0),
(8121, 222, 0),
(8121, 246, 0),
(8125, 2, 0),
(8125, 160, 0),
(8125, 162, 0),
(8125, 169, 0),
(8125, 170, 0),
(8125, 174, 0),
(8125, 210, 0),
(8125, 213, 0),
(8125, 216, 0),
(8127, 2, 0),
(8127, 160, 0),
(8127, 162, 0),
(8127, 210, 0),
(8127, 211, 0),
(8127, 212, 0),
(8127, 216, 0),
(8127, 222, 0),
(8132, 2, 0),
(8132, 160, 0),
(8132, 162, 0),
(8132, 210, 0),
(8132, 211, 0),
(8132, 212, 0),
(8132, 216, 0),
(8132, 222, 0),
(8135, 2, 0),
(8135, 160, 0),
(8135, 162, 0),
(8135, 210, 0),
(8135, 211, 0),
(8135, 212, 0),
(8135, 216, 0),
(8135, 222, 0),
(8138, 2, 0),
(8138, 160, 0),
(8138, 162, 0),
(8138, 210, 0),
(8138, 211, 0),
(8138, 212, 0),
(8138, 216, 0),
(8138, 222, 0),
(8141, 2, 0),
(8141, 160, 0),
(8141, 162, 0),
(8141, 210, 0),
(8141, 211, 0),
(8141, 212, 0),
(8141, 216, 0),
(8141, 222, 0),
(8144, 2, 0),
(8144, 160, 0),
(8144, 162, 0),
(8144, 210, 0),
(8144, 211, 0),
(8144, 212, 0),
(8144, 216, 0),
(8144, 222, 0),
(8147, 2, 0),
(8147, 160, 0),
(8147, 162, 0),
(8147, 210, 0),
(8147, 211, 0),
(8147, 212, 0),
(8147, 216, 0),
(8147, 222, 0),
(8151, 2, 0),
(8151, 188, 0),
(8152, 2, 0),
(8152, 160, 0),
(8152, 162, 0),
(8152, 164, 0),
(8152, 210, 0),
(8152, 211, 0),
(8157, 2, 0),
(8157, 160, 0),
(8157, 210, 0),
(8157, 211, 0),
(8157, 216, 0),
(8160, 2, 0),
(8160, 160, 0),
(8160, 162, 0),
(8160, 170, 0),
(8160, 175, 0),
(8160, 216, 0),
(8164, 2, 0),
(8164, 160, 0),
(8164, 210, 0),
(8164, 211, 0),
(8164, 216, 0),
(8167, 2, 0),
(8167, 160, 0),
(8167, 162, 0),
(8167, 166, 0),
(8167, 186, 0),
(8167, 210, 0),
(8167, 216, 0),
(8167, 227, 0),
(8172, 2, 0),
(8172, 160, 0),
(8172, 162, 0),
(8172, 170, 0),
(8172, 172, 0),
(8172, 188, 0),
(8172, 210, 0),
(8172, 216, 0),
(8172, 246, 0),
(8176, 2, 0),
(8176, 160, 0),
(8176, 162, 0),
(8176, 165, 0),
(8176, 210, 0),
(8176, 216, 0),
(8177, 2, 0),
(8177, 160, 0),
(8177, 162, 0),
(8177, 210, 0),
(8177, 211, 0),
(8177, 212, 0),
(8177, 216, 0),
(8177, 222, 0),
(8183, 2, 0),
(8183, 160, 0),
(8183, 162, 0),
(8183, 210, 0),
(8183, 211, 0),
(8183, 212, 0),
(8183, 216, 0),
(8183, 222, 0),
(8184, 2, 0),
(8184, 160, 0),
(8184, 162, 0),
(8184, 170, 0),
(8184, 172, 0),
(8184, 188, 0),
(8184, 210, 0),
(8184, 216, 0),
(8188, 2, 0),
(8188, 160, 0),
(8188, 162, 0),
(8188, 170, 0),
(8188, 210, 0),
(8188, 211, 0),
(8188, 216, 0),
(8194, 2, 0),
(8194, 160, 0),
(8194, 162, 0),
(8194, 163, 0),
(8194, 164, 0),
(8194, 183, 0),
(8194, 199, 0),
(8194, 202, 0),
(8194, 210, 0),
(8194, 216, 0),
(8256, 2, 0),
(8256, 160, 0),
(8256, 210, 0),
(8256, 211, 0),
(8256, 216, 0),
(8259, 2, 0),
(8259, 160, 0),
(8259, 162, 0),
(8259, 164, 0),
(8259, 210, 0),
(8262, 2, 0),
(8262, 160, 0),
(8262, 210, 0),
(8262, 216, 0),
(8265, 2, 0),
(8265, 160, 0),
(8265, 162, 0),
(8265, 174, 0),
(8265, 193, 0),
(8265, 210, 0),
(8265, 216, 0),
(8268, 2, 0),
(8268, 160, 0),
(8268, 210, 0),
(8268, 211, 0),
(8268, 216, 0),
(8272, 2, 0),
(8272, 160, 0),
(8272, 210, 0),
(8272, 211, 0),
(8272, 216, 0),
(8275, 2, 0),
(8275, 160, 0),
(8275, 162, 0),
(8275, 210, 0),
(8275, 211, 0),
(8275, 216, 0),
(8278, 2, 0),
(8278, 160, 0),
(8278, 162, 0),
(8278, 164, 0),
(8278, 210, 0),
(8278, 211, 0),
(8279, 2, 0),
(8279, 160, 0),
(8279, 162, 0),
(8279, 172, 0),
(8279, 188, 0),
(8279, 210, 0),
(8279, 216, 0),
(8284, 2, 0),
(8284, 160, 0),
(8284, 162, 0),
(8284, 166, 0),
(8284, 168, 0),
(8284, 210, 0),
(8284, 216, 0),
(8287, 2, 0),
(8287, 160, 0),
(8287, 210, 0),
(8287, 211, 0),
(8287, 216, 0),
(8291, 2, 0),
(8291, 160, 0),
(8291, 162, 0),
(8291, 166, 0),
(8291, 210, 0),
(8291, 216, 0),
(8296, 2, 0),
(8296, 160, 0),
(8296, 161, 0),
(8296, 162, 0),
(8296, 163, 0),
(8296, 164, 0),
(8296, 183, 0),
(8296, 210, 0),
(8296, 211, 0),
(8296, 216, 0),
(8296, 218, 0),
(8300, 2, 0),
(8300, 160, 0),
(8300, 162, 0),
(8300, 165, 0),
(8300, 169, 0),
(8300, 210, 0),
(8300, 216, 0),
(8303, 2, 0),
(8303, 160, 0),
(8303, 162, 0),
(8303, 186, 0),
(8303, 210, 0),
(8303, 216, 0),
(8307, 2, 0),
(8307, 160, 0),
(8307, 162, 0),
(8307, 165, 0),
(8307, 174, 0),
(8307, 210, 0),
(8307, 213, 0),
(8307, 216, 0),
(8318, 2, 0),
(8318, 160, 0),
(8318, 162, 0),
(8318, 163, 0),
(8318, 164, 0),
(8318, 179, 0),
(8318, 210, 0),
(8318, 214, 0),
(8318, 216, 0),
(8328, 2, 0),
(8328, 160, 0),
(8328, 162, 0),
(8328, 170, 0),
(8328, 172, 0),
(8328, 188, 0),
(8328, 210, 0),
(8328, 216, 0),
(8331, 2, 0),
(8331, 160, 0),
(8331, 162, 0),
(8331, 186, 0),
(8331, 210, 0),
(8331, 216, 0),
(8334, 2, 0),
(8334, 160, 0),
(8334, 162, 0),
(8334, 172, 0),
(8334, 188, 0),
(8334, 210, 0),
(8334, 216, 0),
(8335, 2, 0),
(8335, 160, 0),
(8335, 210, 0),
(8335, 211, 0),
(8335, 216, 0),
(8339, 2, 0),
(8339, 160, 0),
(8339, 162, 0),
(8339, 179, 0),
(8339, 210, 0),
(8339, 216, 0),
(8343, 2, 0),
(8343, 160, 0),
(8343, 210, 0),
(8343, 211, 0),
(8343, 216, 0),
(8349, 2, 0),
(8349, 160, 0),
(8349, 162, 0),
(8349, 172, 0),
(8349, 188, 0),
(8349, 210, 0),
(8349, 216, 0),
(8353, 2, 0),
(8353, 160, 0),
(8353, 162, 0),
(8353, 163, 0),
(8353, 164, 0),
(8353, 179, 0),
(8353, 210, 0),
(8353, 214, 0),
(8353, 216, 0),
(8353, 218, 0),
(8353, 227, 0),
(8356, 2, 0),
(8356, 160, 0),
(8356, 162, 0),
(8356, 172, 0),
(8356, 188, 0),
(8356, 210, 0),
(8356, 216, 0),
(8361, 2, 0),
(8361, 160, 0),
(8361, 162, 0),
(8361, 172, 0),
(8361, 188, 0),
(8361, 210, 0),
(8361, 216, 0),
(8365, 2, 0),
(8365, 160, 0),
(8365, 162, 0),
(8365, 172, 0),
(8365, 188, 0),
(8365, 210, 0),
(8365, 216, 0),
(8369, 2, 0),
(8369, 160, 0),
(8369, 162, 0),
(8369, 210, 0),
(8369, 214, 0),
(8369, 216, 0),
(8381, 2, 0),
(8381, 160, 0),
(8381, 163, 0),
(8381, 210, 0),
(8381, 211, 0),
(8381, 214, 0),
(8381, 216, 0),
(8381, 249, 0),
(8390, 2, 0),
(8390, 160, 0),
(8390, 161, 0),
(8390, 199, 0),
(8390, 202, 0),
(8390, 210, 0),
(8390, 211, 0),
(8390, 216, 0),
(8390, 218, 0),
(8394, 2, 0),
(8394, 160, 0),
(8394, 186, 0),
(8394, 210, 0),
(8394, 211, 0),
(8394, 216, 0),
(8397, 2, 0),
(8397, 160, 0),
(8397, 210, 0),
(8397, 211, 0),
(8397, 214, 0),
(8397, 216, 0),
(8401, 2, 0),
(8401, 160, 0),
(8401, 210, 0),
(8401, 211, 0),
(8401, 216, 0),
(8401, 218, 0),
(8404, 2, 0),
(8404, 160, 0),
(8404, 162, 0),
(8404, 170, 0),
(8404, 210, 0),
(8404, 211, 0),
(8404, 216, 0),
(8410, 2, 0),
(8410, 160, 0),
(8410, 162, 0),
(8410, 163, 0),
(8410, 164, 0),
(8410, 210, 0),
(8410, 216, 0),
(8410, 218, 0),
(8413, 2, 0),
(8413, 160, 0),
(8413, 162, 0),
(8413, 170, 0),
(8413, 210, 0),
(8413, 211, 0),
(8413, 216, 0),
(8416, 2, 0),
(8416, 160, 0),
(8416, 162, 0),
(8416, 170, 0),
(8416, 210, 0),
(8416, 211, 0),
(8416, 216, 0),
(8422, 2, 0),
(8422, 160, 0),
(8422, 210, 0),
(8422, 211, 0),
(8422, 216, 0),
(8422, 218, 0),
(8426, 2, 0),
(8426, 160, 0),
(8426, 161, 0),
(8426, 210, 0),
(8426, 211, 0),
(8426, 216, 0),
(8426, 218, 0),
(8426, 227, 0),
(8434, 2, 0),
(8434, 160, 0),
(8434, 162, 0),
(8434, 170, 0),
(8434, 210, 0),
(8434, 211, 0),
(8434, 216, 0),
(8437, 2, 0),
(8437, 160, 0),
(8437, 179, 0),
(8437, 210, 0),
(8437, 211, 0),
(8437, 216, 0),
(8440, 2, 0),
(8440, 160, 0),
(8440, 162, 0),
(8440, 165, 0),
(8440, 210, 0),
(8440, 211, 0),
(8440, 216, 0),
(8444, 2, 0),
(8444, 160, 0),
(8444, 162, 0),
(8444, 208, 0),
(8444, 210, 0),
(8444, 211, 0),
(8444, 216, 0),
(8447, 2, 0),
(8447, 160, 0),
(8447, 170, 0),
(8447, 210, 0),
(8447, 211, 0),
(8447, 216, 0),
(8450, 2, 0),
(8450, 160, 0),
(8450, 162, 0),
(8450, 170, 0),
(8450, 210, 0),
(8450, 211, 0),
(8450, 216, 0),
(8453, 2, 0),
(8453, 15, 0),
(8456, 2, 0),
(8456, 160, 0),
(8456, 162, 0),
(8456, 210, 0),
(8456, 211, 0),
(8456, 216, 0),
(8460, 2, 0),
(8460, 10, 0),
(8460, 15, 0),
(8470, 2, 0),
(8470, 160, 0),
(8470, 162, 0),
(8470, 170, 0),
(8470, 210, 0),
(8470, 211, 0),
(8470, 216, 0),
(8473, 2, 0),
(8473, 160, 0),
(8473, 162, 0),
(8473, 169, 0),
(8473, 210, 0),
(8473, 211, 0),
(8473, 216, 0),
(8478, 2, 0),
(8478, 160, 0),
(8478, 162, 0),
(8478, 170, 0),
(8478, 210, 0),
(8478, 211, 0),
(8478, 216, 0),
(8481, 2, 0),
(8481, 160, 0),
(8481, 162, 0),
(8481, 170, 0),
(8481, 210, 0),
(8481, 211, 0),
(8481, 216, 0),
(8484, 2, 0),
(8484, 160, 0),
(8484, 162, 0),
(8484, 194, 0),
(8484, 210, 0),
(8484, 211, 0),
(8484, 216, 0),
(8487, 2, 0),
(8487, 160, 0),
(8487, 162, 0),
(8487, 170, 0),
(8487, 210, 0),
(8487, 211, 0),
(8487, 216, 0),
(8490, 2, 0),
(8490, 160, 0),
(8490, 161, 0),
(8490, 183, 0),
(8490, 210, 0),
(8490, 211, 0),
(8490, 216, 0),
(8490, 218, 0),
(8492, 2, 0),
(8492, 160, 0),
(8492, 162, 0),
(8492, 210, 0),
(8492, 211, 0),
(8492, 212, 0),
(8492, 216, 0),
(8492, 222, 0),
(8500, 2, 0),
(8500, 15, 0),
(8500, 160, 0),
(8500, 162, 0),
(8500, 210, 0),
(8500, 211, 0),
(8500, 216, 0),
(8503, 2, 0),
(8503, 15, 0),
(8503, 160, 0),
(8503, 162, 0),
(8503, 210, 0),
(8503, 211, 0),
(8503, 216, 0),
(8506, 2, 0),
(8506, 160, 0),
(8506, 179, 0),
(8506, 210, 0),
(8506, 211, 0),
(8506, 216, 0),
(8519, 2, 0),
(8519, 160, 0),
(8519, 210, 0),
(8519, 211, 0),
(8519, 216, 0),
(8522, 2, 0),
(8522, 160, 0),
(8522, 210, 0),
(8522, 211, 0),
(8522, 216, 0),
(8525, 2, 0),
(8525, 160, 0),
(8525, 162, 0),
(8525, 163, 0),
(8525, 210, 0),
(8525, 211, 0),
(8528, 2, 0),
(8528, 160, 0),
(8528, 162, 0),
(8528, 165, 0),
(8528, 166, 0),
(8528, 168, 0),
(8528, 179, 0),
(8528, 210, 0),
(8528, 214, 0),
(8528, 216, 0),
(8529, 2, 0),
(8529, 162, 0),
(8529, 163, 0),
(8529, 164, 0),
(8529, 210, 0),
(8529, 211, 0),
(8534, 2, 0),
(8534, 160, 0),
(8534, 162, 0),
(8534, 166, 0),
(8534, 210, 0),
(8534, 211, 0),
(8534, 216, 0),
(8535, 2, 0),
(8535, 160, 0),
(8535, 162, 0),
(8535, 186, 0),
(8535, 199, 0),
(8535, 200, 0),
(8535, 210, 0),
(8535, 212, 0),
(8535, 216, 0),
(8535, 222, 0),
(8539, 2, 0),
(8539, 160, 0),
(8539, 210, 0),
(8539, 211, 0),
(8539, 216, 0),
(8542, 2, 0),
(8542, 160, 0),
(8542, 161, 0),
(8542, 162, 0),
(8542, 163, 0),
(8542, 164, 0),
(8542, 183, 0),
(8542, 210, 0),
(8542, 216, 0),
(8542, 218, 0),
(8542, 227, 0),
(8546, 2, 0),
(8546, 160, 0),
(8546, 162, 0),
(8546, 163, 0),
(8546, 164, 0),
(8546, 210, 0),
(8550, 2, 0),
(8550, 160, 0),
(8550, 199, 0),
(8550, 210, 0),
(8550, 211, 0),
(8550, 216, 0),
(8551, 2, 0),
(8551, 160, 0),
(8551, 161, 0),
(8551, 162, 0),
(8551, 163, 0),
(8551, 164, 0),
(8551, 210, 0),
(8551, 216, 0),
(8551, 218, 0),
(8551, 227, 0),
(8555, 2, 0),
(8555, 15, 0),
(8555, 160, 0),
(8555, 162, 0),
(8555, 210, 0),
(8555, 211, 0),
(8555, 216, 0),
(8558, 2, 0),
(8558, 160, 0),
(8558, 163, 0),
(8558, 210, 0),
(8563, 2, 0),
(8563, 210, 0),
(8563, 211, 0),
(8566, 2, 0),
(8566, 15, 0),
(8569, 2, 0),
(8569, 160, 0),
(8569, 161, 0),
(8569, 162, 0),
(8569, 163, 0),
(8569, 164, 0),
(8569, 210, 0),
(8569, 216, 0),
(8569, 218, 0),
(8569, 227, 0),
(8572, 2, 0),
(8572, 160, 0),
(8572, 161, 0),
(8572, 162, 0),
(8572, 163, 0),
(8572, 164, 0),
(8572, 183, 0),
(8572, 210, 0),
(8572, 216, 0),
(8572, 218, 0),
(8572, 227, 0),
(8573, 2, 0),
(8573, 160, 0),
(8573, 162, 0),
(8573, 170, 0),
(8573, 210, 0),
(8573, 211, 0),
(8573, 216, 0),
(8575, 2, 0),
(8575, 15, 0),
(8575, 160, 0),
(8575, 210, 0),
(8575, 211, 0),
(8575, 216, 0),
(8578, 2, 0),
(8578, 160, 0),
(8578, 161, 0),
(8578, 162, 0),
(8578, 163, 0),
(8578, 164, 0),
(8578, 210, 0),
(8578, 216, 0),
(8578, 218, 0),
(8578, 227, 0),
(8582, 2, 0),
(8582, 160, 0),
(8582, 162, 0),
(8582, 210, 0),
(8582, 211, 0),
(8582, 212, 0),
(8582, 216, 0),
(8582, 222, 0),
(8586, 2, 0),
(8586, 15, 0),
(8586, 160, 0),
(8586, 210, 0),
(8586, 211, 0),
(8586, 216, 0),
(8590, 2, 0),
(8590, 15, 0),
(8590, 160, 0),
(8590, 210, 0),
(8590, 211, 0),
(8590, 216, 0),
(8594, 2, 0),
(8594, 160, 0),
(8594, 163, 0),
(8594, 210, 0),
(8594, 211, 0),
(8597, 2, 0),
(8597, 160, 0),
(8597, 210, 0),
(8597, 211, 0),
(8597, 216, 0),
(8600, 2, 0),
(8600, 15, 0),
(8600, 160, 0),
(8600, 210, 0),
(8600, 211, 0),
(8600, 216, 0),
(8603, 2, 0),
(8603, 15, 0),
(8603, 160, 0),
(8603, 210, 0),
(8603, 211, 0),
(8603, 216, 0),
(8607, 2, 0),
(8607, 160, 0),
(8607, 162, 0),
(8607, 170, 0),
(8607, 210, 0),
(8607, 211, 0),
(8607, 216, 0),
(8610, 2, 0),
(8610, 15, 0),
(8615, 2, 0),
(8615, 15, 0),
(8621, 2, 0),
(8621, 160, 0),
(8621, 170, 0),
(8621, 210, 0),
(8621, 211, 0),
(8621, 216, 0),
(8624, 2, 0),
(8624, 160, 0),
(8624, 170, 0),
(8624, 210, 0),
(8624, 211, 0),
(8624, 216, 0),
(8628, 2, 0),
(8628, 160, 0),
(8628, 163, 0),
(8628, 211, 0),
(8628, 216, 0),
(8635, 2, 0),
(8635, 160, 0),
(8635, 210, 0),
(8635, 216, 0),
(8681, 2, 0),
(8681, 160, 0),
(8681, 161, 0),
(8681, 162, 0),
(8681, 163, 0),
(8681, 164, 0),
(8681, 183, 0),
(8681, 210, 0),
(8681, 216, 0),
(8681, 218, 0),
(8681, 227, 0),
(8687, 2, 0),
(8687, 160, 0),
(8687, 162, 0),
(8687, 170, 0),
(8687, 210, 0),
(8687, 211, 0),
(8687, 216, 0),
(8689, 2, 0),
(8689, 160, 0),
(8689, 162, 0),
(8689, 170, 0),
(8689, 210, 0),
(8689, 211, 0),
(8689, 216, 0),
(8692, 2, 0),
(8692, 15, 0),
(8692, 160, 0),
(8692, 162, 0),
(8692, 210, 0),
(8692, 211, 0),
(8692, 216, 0),
(8695, 2, 0),
(8695, 160, 0),
(8695, 162, 0),
(8695, 170, 0),
(8695, 210, 0),
(8695, 211, 0),
(8695, 216, 0),
(8697, 2, 0),
(8697, 160, 0),
(8697, 161, 0),
(8697, 166, 0),
(8697, 186, 0),
(8697, 200, 0),
(8697, 210, 0),
(8697, 211, 0),
(8697, 212, 0),
(8697, 216, 0),
(8697, 218, 0),
(8697, 222, 0),
(8697, 227, 0),
(8699, 2, 0),
(8699, 15, 0),
(8705, 2, 0),
(8705, 160, 0),
(8705, 162, 0),
(8705, 170, 0),
(8705, 210, 0),
(8705, 211, 0),
(8705, 216, 0),
(8709, 2, 0),
(8709, 160, 0),
(8709, 162, 0),
(8709, 170, 0),
(8709, 210, 0),
(8709, 211, 0),
(8709, 216, 0),
(8712, 2, 0),
(8712, 160, 0),
(8712, 161, 0),
(8712, 183, 0),
(8712, 210, 0),
(8712, 211, 0),
(8712, 216, 0),
(8712, 218, 0),
(8712, 227, 0),
(8714, 2, 0),
(8714, 160, 0),
(8714, 170, 0),
(8714, 210, 0),
(8714, 211, 0),
(8714, 216, 0),
(8718, 2, 0),
(8718, 160, 0),
(8718, 162, 0),
(8718, 208, 0),
(8718, 210, 0),
(8718, 211, 0),
(8718, 216, 0),
(8722, 2, 0),
(8722, 160, 0),
(8722, 162, 0),
(8722, 170, 0),
(8722, 210, 0),
(8722, 211, 0),
(8722, 216, 0),
(8725, 2, 0),
(8725, 160, 0),
(8725, 162, 0),
(8725, 169, 0),
(8725, 210, 0),
(8725, 211, 0),
(8725, 216, 0),
(8726, 2, 0),
(8726, 160, 0),
(8726, 165, 0),
(8726, 168, 0),
(8726, 169, 0),
(8726, 210, 0),
(8726, 211, 0),
(8726, 216, 0),
(8730, 2, 0),
(8730, 160, 0),
(8730, 162, 0),
(8730, 170, 0),
(8730, 210, 0),
(8730, 211, 0),
(8730, 216, 0),
(8738, 2, 0),
(8738, 160, 0),
(8738, 165, 0),
(8738, 166, 0),
(8738, 168, 0),
(8738, 170, 0),
(8738, 179, 0),
(8738, 210, 0),
(8738, 211, 0),
(8738, 216, 0),
(8742, 2, 0),
(8742, 160, 0),
(8742, 161, 0),
(8742, 183, 0),
(8742, 186, 0),
(8742, 210, 0),
(8742, 211, 0),
(8742, 216, 0),
(8742, 218, 0),
(8742, 227, 0),
(8742, 249, 0),
(8746, 2, 0),
(8746, 160, 0),
(8746, 161, 0),
(8746, 183, 0),
(8746, 210, 0),
(8746, 211, 0),
(8746, 216, 0),
(8746, 218, 0),
(8746, 227, 0),
(8750, 2, 0),
(8750, 160, 0),
(8750, 179, 0),
(8750, 210, 0),
(8750, 211, 0),
(8750, 216, 0),
(8756, 2, 0),
(8756, 160, 0),
(8756, 162, 0),
(8756, 164, 0),
(8756, 216, 0),
(8759, 2, 0),
(8759, 160, 0),
(8759, 162, 0),
(8759, 210, 0),
(8759, 216, 0),
(8762, 2, 0),
(8762, 160, 0),
(8762, 162, 0),
(8762, 164, 0),
(8762, 210, 0),
(8762, 211, 0),
(8765, 2, 0),
(8765, 160, 0),
(8765, 162, 0),
(8765, 164, 0),
(8765, 210, 0),
(8765, 211, 0),
(8768, 2, 0),
(8768, 160, 0),
(8768, 162, 0),
(8768, 163, 0),
(8768, 164, 0),
(8768, 210, 0),
(8771, 2, 0),
(8771, 160, 0),
(8771, 162, 0),
(8771, 210, 0),
(8771, 216, 0),
(8771, 218, 0),
(8774, 2, 0),
(8774, 160, 0),
(8774, 162, 0),
(8774, 163, 0),
(8774, 164, 0),
(8774, 211, 0),
(8774, 216, 0),
(8777, 2, 0),
(8777, 160, 0),
(8777, 170, 0),
(8777, 210, 0),
(8777, 211, 0),
(8777, 216, 0),
(8780, 2, 0),
(8780, 160, 0),
(8780, 170, 0),
(8780, 210, 0),
(8780, 211, 0),
(8780, 216, 0),
(8783, 2, 0),
(8783, 160, 0),
(8783, 170, 0),
(8783, 210, 0),
(8783, 211, 0),
(8783, 216, 0),
(8786, 2, 0),
(8786, 160, 0),
(8786, 166, 0),
(8786, 179, 0),
(8786, 210, 0),
(8786, 211, 0),
(8786, 216, 0),
(8786, 227, 0),
(8787, 2, 0),
(8787, 160, 0),
(8787, 210, 0),
(8787, 211, 0),
(8787, 216, 0),
(8791, 2, 0),
(8791, 160, 0),
(8791, 210, 0),
(8791, 211, 0),
(8791, 213, 0),
(8791, 216, 0),
(8793, 2, 0),
(8793, 160, 0),
(8793, 179, 0),
(8793, 210, 0),
(8793, 211, 0),
(8793, 216, 0),
(8793, 227, 0),
(8796, 2, 0),
(8796, 15, 0),
(8796, 160, 0),
(8796, 210, 0),
(8796, 211, 0),
(8796, 216, 0),
(8801, 2, 0),
(8801, 15, 0),
(8801, 160, 0),
(8801, 210, 0),
(8801, 211, 0),
(8801, 216, 0),
(8802, 2, 0),
(8802, 160, 0),
(8802, 161, 0),
(8802, 163, 0),
(8802, 164, 0),
(8802, 183, 0),
(8802, 210, 0),
(8802, 211, 0),
(8802, 216, 0),
(8802, 218, 0),
(8802, 227, 0),
(8805, 2, 0),
(8805, 160, 0),
(8805, 161, 0),
(8805, 183, 0),
(8805, 210, 0),
(8805, 211, 0),
(8805, 216, 0),
(8805, 218, 0),
(8805, 227, 0),
(8809, 2, 0),
(8809, 160, 0),
(8809, 172, 0),
(8809, 210, 0),
(8809, 211, 0),
(8809, 216, 0),
(8812, 2, 0),
(8812, 160, 0),
(8812, 161, 0),
(8812, 210, 0),
(8812, 211, 0),
(8812, 216, 0),
(8812, 218, 0),
(8812, 227, 0),
(8814, 2, 0),
(8814, 15, 0),
(8814, 160, 0),
(8814, 210, 0),
(8814, 211, 0),
(8814, 216, 0),
(8819, 2, 0),
(8819, 160, 0),
(8819, 210, 0),
(8819, 211, 0),
(8819, 216, 0),
(8823, 2, 0),
(8823, 160, 0),
(8823, 161, 0),
(8823, 179, 0),
(8823, 186, 0),
(8823, 210, 0),
(8823, 211, 0),
(8823, 216, 0),
(8823, 218, 0),
(8823, 227, 0),
(8828, 2, 0),
(8828, 160, 0),
(8828, 173, 0),
(8828, 179, 0),
(8828, 210, 0),
(8828, 211, 0),
(8828, 216, 0),
(8832, 2, 0),
(8832, 160, 0),
(8832, 162, 0),
(8832, 170, 0),
(8832, 175, 0),
(8832, 179, 0),
(8832, 210, 0),
(8832, 216, 0),
(8838, 2, 0),
(8838, 160, 0),
(8838, 162, 0),
(8838, 163, 0),
(8838, 164, 0),
(8838, 172, 0),
(8838, 210, 0),
(8838, 216, 0),
(8838, 227, 0),
(8848, 2, 0),
(8848, 160, 0),
(8848, 162, 0),
(8848, 175, 0),
(8848, 210, 0),
(8848, 216, 0),
(8848, 227, 0),
(8848, 246, 0),
(8849, 2, 0),
(8849, 160, 0),
(8849, 165, 0),
(8849, 210, 0),
(8849, 211, 0),
(8849, 216, 0),
(8854, 2, 0),
(8854, 160, 0),
(8854, 188, 0),
(8854, 210, 0),
(8854, 211, 0),
(8854, 216, 0),
(8862, 2, 0),
(8862, 160, 0),
(8862, 165, 0),
(8862, 169, 0),
(8862, 210, 0),
(8862, 211, 0),
(8862, 216, 0),
(8868, 2, 0),
(8868, 160, 0),
(8868, 162, 0),
(8868, 164, 0),
(8871, 2, 0),
(8871, 160, 0),
(8871, 170, 0),
(8871, 210, 0),
(8871, 211, 0),
(8871, 216, 0),
(8874, 2, 0),
(8874, 160, 0),
(8874, 166, 0),
(8874, 210, 0),
(8874, 211, 0),
(8874, 216, 0),
(8877, 2, 0),
(8877, 160, 0),
(8877, 170, 0),
(8877, 210, 0),
(8877, 211, 0),
(8877, 216, 0),
(8880, 2, 0),
(8880, 15, 0),
(8880, 160, 0),
(8880, 210, 0),
(8880, 211, 0),
(8880, 216, 0),
(8883, 2, 0),
(8883, 160, 0),
(8883, 170, 0),
(8883, 210, 0),
(8883, 211, 0),
(8883, 216, 0),
(8886, 2, 0),
(8886, 160, 0),
(8886, 170, 0),
(8886, 210, 0),
(8886, 211, 0),
(8886, 216, 0),
(8890, 2, 0),
(8890, 160, 0),
(8890, 170, 0),
(8890, 210, 0),
(8890, 211, 0),
(8890, 216, 0),
(8893, 2, 0),
(8893, 160, 0),
(8893, 210, 0),
(8893, 211, 0),
(8893, 216, 0),
(8896, 2, 0),
(8896, 160, 0),
(8896, 170, 0),
(8896, 210, 0),
(8896, 211, 0),
(8896, 216, 0),
(8899, 2, 0),
(8899, 160, 0),
(8899, 162, 0),
(8899, 200, 0),
(8899, 210, 0),
(8899, 212, 0),
(8899, 216, 0),
(8899, 222, 0),
(8908, 2, 0),
(8908, 160, 0),
(8908, 162, 0),
(8908, 210, 0),
(8908, 211, 0),
(8908, 216, 0),
(8908, 218, 0),
(8911, 2, 0),
(8911, 15, 0),
(8912, 2, 0),
(8912, 160, 0),
(8912, 162, 0),
(8912, 166, 0),
(8912, 168, 0),
(8912, 179, 0),
(8912, 210, 0),
(8912, 216, 0),
(8912, 227, 0),
(8916, 2, 0),
(8916, 160, 0),
(8916, 162, 0),
(8916, 170, 0),
(8916, 210, 0),
(8916, 211, 0),
(8916, 216, 0),
(8917, 2, 0),
(8917, 15, 0),
(8917, 160, 0),
(8917, 210, 0),
(8917, 211, 0),
(8917, 216, 0),
(8921, 2, 0),
(8921, 160, 0),
(8921, 170, 0),
(8921, 210, 0),
(8921, 211, 0),
(8921, 216, 0),
(8925, 2, 0),
(8925, 15, 0),
(8925, 160, 0),
(8925, 210, 0),
(8925, 211, 0),
(8925, 216, 0),
(8927, 2, 0),
(8927, 160, 0),
(8927, 170, 0),
(8927, 210, 0),
(8927, 211, 0),
(8927, 216, 0),
(8933, 2, 0),
(8933, 15, 0),
(8933, 160, 0),
(8933, 162, 0),
(8933, 210, 0),
(8933, 211, 0),
(8933, 216, 0),
(8936, 2, 0),
(8936, 15, 0),
(8936, 160, 0),
(8936, 210, 0),
(8936, 211, 0),
(8936, 216, 0),
(8941, 2, 0),
(8941, 160, 0),
(8941, 169, 0),
(8941, 210, 0),
(8941, 211, 0),
(8941, 216, 0),
(8947, 2, 0),
(8947, 160, 0),
(8947, 169, 0),
(8947, 210, 0),
(8947, 211, 0),
(8947, 216, 0),
(8948, 2, 0),
(8948, 160, 0),
(8948, 162, 0),
(8948, 170, 0),
(8948, 173, 0),
(8948, 210, 0),
(8948, 216, 0),
(8948, 227, 0),
(8948, 246, 0),
(8954, 2, 0),
(8954, 160, 0),
(8954, 169, 0),
(8954, 210, 0),
(8954, 211, 0),
(8954, 216, 0),
(8955, 2, 0),
(8955, 160, 0),
(8955, 162, 0),
(8955, 179, 0),
(8955, 210, 0),
(8955, 216, 0),
(8955, 227, 0),
(8959, 2, 0),
(8959, 15, 0),
(8959, 160, 0),
(8959, 210, 0),
(8959, 211, 0),
(8959, 216, 0),
(8962, 2, 0),
(8962, 160, 0),
(8962, 162, 0),
(8962, 172, 0),
(8962, 184, 0),
(8962, 186, 0),
(8962, 210, 0),
(8962, 216, 0),
(8962, 249, 0),
(8966, 2, 0),
(8966, 160, 0),
(8966, 199, 0),
(8966, 210, 0),
(8966, 211, 0),
(8966, 216, 0),
(8969, 2, 0),
(8969, 15, 0),
(8969, 160, 0),
(8969, 210, 0),
(8969, 211, 0),
(8969, 216, 0),
(8973, 2, 0),
(8973, 160, 0),
(8973, 162, 0),
(8973, 165, 0),
(8973, 170, 0),
(8973, 179, 0),
(8973, 210, 0),
(8973, 216, 0),
(8973, 227, 0),
(8980, 2, 0),
(8980, 160, 0),
(8980, 162, 0),
(8980, 186, 0),
(8980, 200, 0),
(8980, 210, 0),
(8980, 212, 0),
(8980, 216, 0),
(8980, 222, 0),
(8980, 227, 0),
(8984, 2, 0),
(8984, 175, 0),
(8984, 216, 0),
(8992, 2, 0),
(8992, 160, 0),
(8992, 162, 0),
(8992, 170, 0),
(8992, 193, 0),
(8992, 194, 0),
(8992, 210, 0),
(8992, 216, 0),
(8992, 227, 0),
(8995, 2, 0),
(8995, 160, 0),
(8995, 162, 0),
(8995, 170, 0),
(8995, 173, 0),
(8995, 185, 0),
(8995, 210, 0),
(8995, 211, 0),
(8995, 216, 0),
(8995, 227, 0),
(8995, 246, 0),
(9000, 2, 0),
(9000, 160, 0),
(9000, 162, 0),
(9000, 165, 0),
(9000, 166, 0),
(9000, 168, 0),
(9000, 169, 0),
(9000, 210, 0),
(9000, 216, 0),
(9001, 2, 0),
(9001, 160, 0),
(9001, 170, 0),
(9001, 210, 0),
(9001, 211, 0),
(9001, 216, 0),
(9015, 2, 0),
(9015, 160, 0),
(9015, 165, 0),
(9015, 168, 0),
(9015, 210, 0),
(9015, 211, 0),
(9015, 216, 0),
(9017, 2, 0),
(9017, 160, 0),
(9017, 162, 0),
(9017, 175, 0),
(9017, 210, 0),
(9017, 216, 0),
(9021, 2, 0),
(9021, 160, 0),
(9021, 170, 0),
(9021, 210, 0),
(9021, 211, 0),
(9021, 216, 0),
(9026, 2, 0),
(9026, 160, 0),
(9026, 162, 0),
(9026, 172, 0),
(9026, 186, 0),
(9026, 210, 0),
(9026, 216, 0),
(9029, 2, 0),
(9029, 160, 0),
(9029, 175, 0),
(9029, 210, 0),
(9029, 211, 0),
(9029, 216, 0),
(9034, 2, 0),
(9034, 160, 0),
(9034, 162, 0),
(9034, 175, 0),
(9034, 210, 0),
(9034, 211, 0),
(9034, 216, 0),
(9040, 2, 0),
(9040, 160, 0),
(9040, 210, 0),
(9040, 211, 0),
(9040, 212, 0),
(9040, 216, 0),
(9040, 222, 0),
(9060, 2, 0),
(9060, 160, 0),
(9060, 170, 0),
(9060, 210, 0),
(9060, 211, 0),
(9060, 216, 0),
(9063, 2, 0),
(9063, 160, 0),
(9063, 170, 0),
(9063, 210, 0),
(9063, 211, 0),
(9063, 216, 0),
(9068, 2, 0),
(9068, 160, 0),
(9068, 170, 0),
(9068, 210, 0),
(9068, 211, 0),
(9068, 216, 0),
(9072, 2, 0),
(9072, 160, 0),
(9072, 173, 0),
(9072, 210, 0),
(9072, 211, 0),
(9072, 216, 0),
(9079, 2, 0),
(9079, 160, 0),
(9079, 170, 0),
(9079, 210, 0),
(9079, 211, 0),
(9079, 216, 0),
(9083, 2, 0),
(9083, 160, 0),
(9083, 170, 0),
(9083, 210, 0),
(9083, 211, 0),
(9083, 216, 0),
(9087, 2, 0),
(9087, 160, 0),
(9087, 173, 0),
(9087, 210, 0),
(9087, 211, 0),
(9087, 216, 0),
(9090, 2, 0),
(9090, 15, 0),
(9090, 160, 0),
(9090, 210, 0),
(9090, 211, 0),
(9090, 216, 0),
(9093, 2, 0),
(9093, 160, 0),
(9093, 210, 0),
(9093, 211, 0),
(9093, 216, 0),
(9097, 2, 0),
(9097, 15, 0),
(9097, 160, 0),
(9097, 210, 0),
(9097, 211, 0),
(9097, 216, 0),
(9100, 2, 0),
(9100, 160, 0),
(9100, 170, 0),
(9100, 210, 0),
(9100, 211, 0),
(9100, 216, 0),
(9105, 2, 0),
(9105, 160, 0),
(9105, 170, 0),
(9105, 210, 0),
(9105, 211, 0),
(9105, 216, 0),
(9108, 2, 0),
(9108, 160, 0),
(9108, 170, 0),
(9108, 210, 0),
(9108, 211, 0),
(9108, 216, 0),
(9121, 2, 0),
(9121, 15, 0),
(9121, 160, 0),
(9121, 210, 0),
(9121, 211, 0),
(9121, 216, 0),
(9125, 2, 0),
(9125, 15, 0),
(9125, 160, 0),
(9125, 162, 0),
(9125, 170, 0),
(9125, 210, 0),
(9125, 211, 0),
(9125, 216, 0),
(9137, 2, 0),
(9137, 160, 0),
(9137, 200, 0),
(9137, 210, 0),
(9137, 211, 0),
(9137, 216, 0),
(9142, 2, 0),
(9142, 160, 0),
(9142, 168, 0),
(9142, 210, 0),
(9142, 211, 0),
(9142, 216, 0),
(9145, 2, 0),
(9145, 15, 0),
(9145, 160, 0),
(9145, 210, 0),
(9145, 211, 0),
(9145, 216, 0),
(9149, 2, 0),
(9149, 15, 0),
(9149, 160, 0),
(9149, 210, 0),
(9149, 211, 0),
(9149, 216, 0),
(9150, 2, 0),
(9150, 15, 0),
(9150, 160, 0),
(9150, 162, 0),
(9150, 179, 0),
(9150, 210, 0),
(9150, 211, 0),
(9150, 216, 0),
(9154, 2, 0),
(9154, 160, 0),
(9154, 203, 0),
(9154, 210, 0),
(9154, 211, 0),
(9154, 216, 0),
(9159, 2, 0),
(9159, 160, 0),
(9159, 203, 0),
(9159, 210, 0),
(9159, 211, 0),
(9159, 216, 0),
(9163, 2, 0),
(9163, 160, 0),
(9163, 210, 0),
(9163, 211, 0),
(9163, 216, 0),
(9171, 2, 0),
(9171, 160, 0),
(9171, 203, 0),
(9171, 210, 0),
(9171, 211, 0),
(9171, 216, 0),
(9174, 2, 0),
(9174, 160, 0),
(9174, 210, 0),
(9174, 211, 0),
(9174, 216, 0),
(9175, 2, 0),
(9175, 160, 0),
(9175, 165, 0),
(9175, 169, 0),
(9175, 172, 0),
(9175, 210, 0),
(9175, 211, 0),
(9175, 216, 0),
(9181, 2, 0),
(9181, 160, 0),
(9181, 172, 0),
(9181, 210, 0),
(9181, 211, 0),
(9181, 216, 0),
(9183, 2, 0),
(9183, 160, 0),
(9183, 162, 0),
(9183, 173, 0),
(9183, 185, 0),
(9183, 210, 0),
(9183, 211, 0),
(9183, 216, 0),
(9205, 2, 0),
(9205, 15, 0),
(9205, 160, 0),
(9205, 188, 0),
(9205, 210, 0),
(9205, 211, 0),
(9205, 216, 0),
(9207, 2, 0),
(9207, 160, 0),
(9207, 176, 0),
(9207, 210, 0),
(9207, 211, 0),
(9207, 216, 0),
(9210, 2, 0),
(9210, 160, 0),
(9210, 176, 0),
(9210, 210, 0),
(9210, 211, 0),
(9210, 216, 0),
(9211, 2, 0),
(9211, 160, 0),
(9211, 162, 0),
(9211, 165, 0),
(9211, 193, 0),
(9211, 194, 0),
(9211, 210, 0),
(9211, 211, 0),
(9211, 216, 0),
(9216, 2, 0),
(9216, 160, 0),
(9216, 210, 0),
(9216, 211, 0),
(9216, 216, 0),
(9218, 2, 0),
(9218, 160, 0),
(9218, 162, 0),
(9218, 170, 0),
(9218, 179, 0),
(9218, 210, 0),
(9218, 211, 0),
(9218, 216, 0),
(9225, 2, 0),
(9225, 160, 0),
(9225, 210, 0),
(9225, 211, 0),
(9225, 216, 0),
(9226, 2, 0),
(9226, 160, 0),
(9226, 162, 0),
(9226, 165, 0),
(9226, 170, 0),
(9226, 210, 0),
(9226, 211, 0),
(9226, 216, 0),
(9235, 2, 0),
(9235, 160, 0),
(9235, 176, 0),
(9235, 210, 0),
(9235, 211, 0),
(9235, 216, 0),
(9242, 2, 0),
(9242, 160, 0),
(9242, 203, 0),
(9242, 210, 0),
(9242, 211, 0),
(9242, 216, 0),
(9246, 2, 0),
(9246, 160, 0),
(9246, 203, 0),
(9246, 210, 0),
(9246, 211, 0),
(9246, 216, 0),
(9249, 2, 0),
(9249, 160, 0),
(9249, 176, 0),
(9249, 210, 0),
(9249, 211, 0),
(9249, 216, 0),
(9258, 2, 0),
(9258, 160, 0),
(9258, 210, 0),
(9258, 211, 0),
(9258, 216, 0),
(9262, 2, 0),
(9262, 160, 0),
(9262, 176, 0),
(9262, 210, 0),
(9262, 211, 0),
(9262, 216, 0),
(9271, 2, 0),
(9271, 160, 0),
(9271, 176, 0),
(9271, 210, 0),
(9271, 211, 0),
(9271, 216, 0),
(9278, 2, 0),
(9278, 160, 0),
(9278, 176, 0),
(9278, 210, 0),
(9278, 211, 0),
(9278, 216, 0),
(9292, 2, 0),
(9292, 160, 0),
(9292, 161, 0),
(9292, 210, 0),
(9292, 211, 0),
(9292, 216, 0),
(9292, 227, 0),
(9298, 2, 0),
(9298, 160, 0),
(9298, 210, 0),
(9298, 211, 0),
(9298, 216, 0),
(9298, 227, 0),
(9301, 2, 0),
(9301, 160, 0),
(9301, 210, 0),
(9301, 211, 0),
(9301, 216, 0),
(9308, 2, 0),
(9308, 160, 0),
(9308, 204, 0),
(9308, 210, 0),
(9308, 211, 0),
(9308, 216, 0),
(9313, 2, 0),
(9313, 160, 0),
(9313, 210, 0),
(9313, 211, 0),
(9313, 216, 0),
(9316, 2, 0),
(9316, 160, 0),
(9316, 176, 0),
(9316, 210, 0),
(9316, 211, 0),
(9316, 216, 0),
(9320, 2, 0),
(9320, 160, 0),
(9320, 204, 0),
(9320, 210, 0),
(9320, 211, 0),
(9320, 216, 0),
(9323, 2, 0),
(9323, 160, 0),
(9323, 162, 0),
(9323, 170, 0),
(9323, 172, 0),
(9323, 188, 0),
(9323, 210, 0),
(9323, 211, 0),
(9323, 216, 0),
(9328, 2, 0),
(9328, 160, 0),
(9328, 175, 0),
(9328, 210, 0),
(9328, 211, 0),
(9328, 216, 0),
(9331, 2, 0),
(9331, 160, 0),
(9331, 172, 0),
(9331, 210, 0),
(9331, 211, 0),
(9331, 216, 0),
(9333, 2, 0),
(9333, 160, 0),
(9333, 204, 0),
(9333, 210, 0),
(9333, 211, 0),
(9333, 216, 0),
(9335, 2, 0),
(9335, 160, 0),
(9335, 162, 0),
(9335, 175, 0),
(9335, 210, 0),
(9335, 211, 0),
(9335, 216, 0),
(9336, 2, 0),
(9336, 160, 0),
(9336, 170, 0),
(9336, 210, 0),
(9336, 211, 0),
(9341, 2, 0),
(9341, 160, 0),
(9341, 204, 0),
(9341, 210, 0),
(9341, 211, 0),
(9341, 216, 0),
(9345, 2, 0),
(9345, 160, 0),
(9345, 204, 0),
(9345, 210, 0),
(9345, 211, 0),
(9345, 216, 0),
(9346, 2, 0),
(9346, 160, 0),
(9346, 162, 0),
(9346, 174, 0),
(9346, 186, 0),
(9346, 210, 0),
(9346, 213, 0),
(9346, 216, 0),
(9355, 2, 0),
(9355, 160, 0),
(9355, 173, 0),
(9355, 210, 0),
(9355, 211, 0),
(9355, 216, 0),
(9361, 2, 0),
(9361, 160, 0),
(9361, 162, 0),
(9361, 175, 0),
(9361, 210, 0),
(9361, 211, 0),
(9361, 216, 0),
(9380, 2, 0),
(9380, 160, 0),
(9380, 203, 0),
(9380, 210, 0),
(9380, 211, 0),
(9380, 216, 0),
(9396, 2, 0),
(9396, 160, 0),
(9396, 203, 0),
(9396, 210, 0),
(9396, 211, 0),
(9396, 216, 0),
(9399, 2, 0),
(9399, 160, 0),
(9399, 203, 0),
(9399, 210, 0),
(9399, 211, 0),
(9399, 216, 0),
(9402, 2, 0),
(9402, 160, 0),
(9402, 204, 0),
(9402, 210, 0),
(9402, 211, 0),
(9402, 216, 0),
(9406, 2, 0),
(9406, 160, 0),
(9406, 204, 0),
(9406, 210, 0),
(9406, 211, 0),
(9406, 216, 0),
(9409, 2, 0),
(9409, 160, 0),
(9409, 204, 0),
(9409, 210, 0),
(9409, 211, 0),
(9409, 216, 0),
(9412, 2, 0),
(9412, 160, 0),
(9412, 204, 0),
(9412, 210, 0),
(9412, 211, 0),
(9412, 216, 0),
(9416, 2, 0),
(9416, 160, 0),
(9416, 204, 0),
(9416, 210, 0),
(9416, 211, 0),
(9416, 216, 0),
(9417, 2, 0),
(9417, 160, 0),
(9417, 162, 0),
(9417, 175, 0),
(9417, 194, 0),
(9417, 210, 0),
(9417, 211, 0),
(9417, 216, 0),
(9421, 2, 0),
(9421, 160, 0),
(9421, 204, 0),
(9421, 210, 0),
(9421, 211, 0),
(9421, 216, 0),
(9425, 2, 0),
(9425, 160, 0),
(9425, 210, 0),
(9425, 211, 0),
(9425, 216, 0),
(9426, 2, 0),
(9426, 160, 0),
(9426, 204, 0),
(9426, 210, 0),
(9426, 211, 0),
(9426, 216, 0),
(9428, 2, 0),
(9428, 160, 0),
(9428, 162, 0),
(9428, 174, 0),
(9428, 210, 0),
(9428, 211, 0),
(9428, 213, 0),
(9428, 216, 0),
(9431, 2, 0),
(9431, 160, 0),
(9431, 204, 0),
(9431, 210, 0),
(9431, 211, 0),
(9431, 216, 0),
(9434, 2, 0),
(9434, 15, 0),
(9438, 2, 0),
(9438, 160, 0),
(9438, 204, 0),
(9438, 210, 0),
(9438, 211, 0),
(9438, 216, 0),
(9439, 2, 0),
(9439, 160, 0),
(9439, 162, 0),
(9439, 193, 0),
(9439, 194, 0),
(9439, 210, 0),
(9439, 211, 0),
(9439, 216, 0),
(9443, 2, 0),
(9443, 160, 0),
(9443, 210, 0),
(9443, 211, 0),
(9443, 216, 0),
(9445, 2, 0),
(9445, 160, 0),
(9445, 203, 0),
(9445, 210, 0),
(9445, 211, 0),
(9445, 216, 0),
(9450, 2, 0),
(9450, 15, 0),
(9450, 160, 0),
(9450, 210, 0),
(9450, 211, 0),
(9450, 216, 0),
(9465, 2, 0),
(9465, 160, 0),
(9465, 203, 0),
(9465, 210, 0),
(9465, 211, 0),
(9465, 216, 0),
(9470, 2, 0),
(9470, 15, 0),
(9470, 160, 0),
(9470, 210, 0),
(9470, 211, 0),
(9470, 216, 0),
(9472, 2, 0),
(9472, 160, 0),
(9472, 162, 0),
(9472, 173, 0),
(9472, 210, 0),
(9472, 211, 0),
(9472, 216, 0),
(9475, 2, 0),
(9475, 160, 0),
(9475, 203, 0),
(9475, 210, 0),
(9475, 211, 0),
(9475, 216, 0),
(9483, 2, 0),
(9483, 15, 0),
(9483, 160, 0),
(9483, 210, 0),
(9483, 211, 0),
(9483, 216, 0),
(9484, 2, 0),
(9484, 160, 0),
(9484, 203, 0),
(9484, 210, 0),
(9484, 211, 0),
(9484, 216, 0),
(9491, 2, 0),
(9491, 160, 0),
(9491, 203, 0),
(9491, 210, 0),
(9491, 211, 0),
(9491, 216, 0),
(9496, 2, 0),
(9496, 160, 0),
(9496, 203, 0),
(9496, 210, 0),
(9496, 211, 0),
(9496, 216, 0),
(9502, 2, 0),
(9502, 160, 0),
(9502, 203, 0),
(9502, 210, 0),
(9502, 211, 0),
(9502, 216, 0),
(9506, 2, 0),
(9506, 160, 0),
(9506, 203, 0),
(9506, 210, 0),
(9506, 211, 0),
(9506, 216, 0),
(9509, 2, 0),
(9509, 160, 0),
(9509, 203, 0),
(9509, 210, 0),
(9509, 211, 0),
(9509, 216, 0),
(9512, 2, 0),
(9512, 15, 0),
(9512, 160, 0),
(9512, 210, 0),
(9512, 211, 0),
(9512, 216, 0),
(9513, 2, 0),
(9513, 160, 0),
(9513, 203, 0),
(9513, 210, 0),
(9513, 211, 0),
(9513, 216, 0),
(9518, 2, 0),
(9518, 15, 0),
(9518, 160, 0),
(9518, 210, 0),
(9518, 211, 0),
(9518, 216, 0),
(9521, 2, 0),
(9521, 160, 0),
(9521, 203, 0),
(9521, 210, 0),
(9521, 211, 0),
(9521, 216, 0),
(9525, 2, 0),
(9525, 15, 0),
(9525, 160, 0),
(9525, 210, 0),
(9525, 211, 0),
(9525, 216, 0),
(9528, 2, 0),
(9528, 160, 0),
(9528, 203, 0),
(9528, 210, 0),
(9528, 211, 0),
(9528, 216, 0),
(9531, 2, 0),
(9531, 160, 0),
(9531, 203, 0),
(9531, 210, 0),
(9531, 211, 0),
(9531, 216, 0),
(9538, 2, 0),
(9538, 160, 0),
(9538, 175, 0),
(9538, 210, 0),
(9538, 211, 0),
(9538, 216, 0),
(9539, 2, 0),
(9539, 160, 0),
(9539, 210, 0),
(9539, 211, 0),
(9539, 216, 0),
(9547, 2, 0),
(9547, 160, 0),
(9547, 204, 0),
(9547, 210, 0),
(9547, 211, 0),
(9547, 216, 0),
(9548, 2, 0),
(9548, 160, 0),
(9548, 210, 0),
(9548, 211, 0),
(9548, 216, 0),
(9548, 227, 0),
(9555, 2, 0),
(9555, 160, 0),
(9555, 210, 0),
(9555, 211, 0),
(9555, 216, 0),
(9555, 227, 0),
(9557, 2, 0),
(9557, 160, 0),
(9557, 204, 0),
(9557, 210, 0),
(9557, 211, 0),
(9557, 216, 0),
(9561, 2, 0),
(9561, 160, 0),
(9561, 210, 0),
(9561, 211, 0),
(9561, 216, 0),
(9561, 227, 0),
(9563, 2, 0),
(9563, 160, 0),
(9563, 204, 0),
(9563, 210, 0),
(9563, 211, 0),
(9563, 216, 0),
(9567, 2, 0),
(9567, 160, 0),
(9567, 204, 0),
(9567, 210, 0),
(9567, 211, 0),
(9567, 216, 0),
(9570, 2, 0),
(9570, 160, 0),
(9570, 210, 0),
(9570, 211, 0),
(9570, 216, 0),
(9570, 227, 0),
(9581, 2, 0),
(9581, 160, 0),
(9581, 210, 0),
(9581, 211, 0),
(9581, 216, 0),
(9581, 227, 0),
(9586, 2, 0),
(9586, 160, 0),
(9586, 176, 0),
(9586, 210, 0),
(9586, 211, 0),
(9586, 216, 0),
(9589, 2, 0),
(9589, 160, 0),
(9589, 204, 0),
(9589, 210, 0),
(9589, 211, 0),
(9589, 216, 0),
(9593, 2, 0),
(9593, 160, 0),
(9593, 176, 0),
(9593, 210, 0),
(9593, 211, 0),
(9593, 216, 0),
(9597, 2, 0),
(9597, 160, 0),
(9597, 204, 0),
(9597, 210, 0),
(9597, 211, 0),
(9597, 216, 0),
(9598, 2, 0),
(9598, 15, 0),
(9598, 210, 0),
(9598, 211, 0),
(9598, 216, 0),
(9601, 2, 0),
(9601, 160, 0),
(9601, 204, 0),
(9601, 210, 0),
(9601, 211, 0),
(9601, 216, 0),
(9607, 2, 0),
(9607, 15, 0),
(9607, 160, 0),
(9607, 210, 0),
(9607, 211, 0),
(9607, 216, 0),
(9611, 2, 0),
(9611, 160, 0),
(9611, 199, 0),
(9611, 210, 0),
(9611, 211, 0),
(9611, 216, 0),
(9617, 2, 0),
(9617, 15, 0),
(9617, 160, 0),
(9617, 210, 0),
(9617, 211, 0),
(9617, 216, 0),
(9637, 2, 0),
(9637, 160, 0),
(9637, 210, 0),
(9637, 211, 0),
(9637, 216, 0),
(9637, 227, 0),
(9640, 2, 0),
(9640, 160, 0),
(9640, 210, 0),
(9640, 211, 0),
(9640, 216, 0),
(9640, 227, 0),
(9643, 2, 0),
(9643, 160, 0),
(9643, 210, 0),
(9643, 211, 0),
(9643, 216, 0),
(9643, 227, 0),
(9646, 2, 0),
(9646, 160, 0),
(9646, 170, 0),
(9646, 210, 0),
(9646, 211, 0),
(9646, 216, 0),
(9649, 2, 0),
(9649, 160, 0),
(9649, 188, 0),
(9649, 210, 0),
(9649, 211, 0),
(9649, 216, 0),
(9652, 2, 0),
(9652, 15, 0),
(9652, 160, 0),
(9652, 210, 0),
(9652, 211, 0),
(9652, 216, 0),
(9654, 2, 0),
(9654, 160, 0),
(9654, 176, 0),
(9654, 204, 0),
(9654, 210, 0),
(9654, 211, 0),
(9654, 216, 0),
(9657, 2, 0),
(9657, 160, 0),
(9657, 170, 0),
(9657, 210, 0),
(9657, 211, 0),
(9657, 216, 0),
(9661, 2, 0),
(9661, 160, 0),
(9661, 170, 0),
(9661, 210, 0),
(9661, 211, 0),
(9661, 216, 0),
(9663, 2, 0),
(9663, 160, 0),
(9663, 210, 0),
(9663, 211, 0),
(9663, 212, 0),
(9663, 216, 0),
(9669, 2, 0),
(9669, 160, 0),
(9669, 174, 0),
(9669, 210, 0),
(9669, 211, 0),
(9669, 213, 0),
(9669, 216, 0),
(9692, 2, 0),
(9692, 160, 0),
(9692, 204, 0),
(9692, 210, 0),
(9692, 211, 0),
(9692, 216, 0),
(9697, 2, 0),
(9697, 160, 0),
(9697, 204, 0),
(9697, 210, 0),
(9697, 211, 0),
(9697, 216, 0),
(9700, 2, 0),
(9700, 160, 0),
(9700, 204, 0),
(9700, 210, 0),
(9700, 211, 0),
(9700, 216, 0),
(9706, 2, 0),
(9706, 160, 0),
(9706, 204, 0),
(9706, 210, 0),
(9706, 211, 0),
(9706, 216, 0),
(9709, 2, 0),
(9709, 160, 0),
(9709, 204, 0),
(9709, 210, 0),
(9709, 211, 0),
(9709, 216, 0),
(9710, 2, 0),
(9710, 160, 0),
(9710, 204, 0),
(9710, 210, 0),
(9710, 211, 0),
(9710, 216, 0),
(9724, 2, 0),
(9724, 160, 0),
(9724, 176, 0),
(9724, 210, 0),
(9724, 211, 0),
(9724, 216, 0),
(9735, 2, 0),
(9735, 160, 0),
(9735, 204, 0),
(9735, 210, 0),
(9735, 211, 0),
(9735, 216, 0),
(9740, 2, 0),
(9740, 160, 0),
(9740, 204, 0),
(9740, 210, 0),
(9740, 211, 0),
(9740, 216, 0),
(9746, 2, 0),
(9746, 160, 0),
(9746, 204, 0),
(9746, 210, 0),
(9746, 211, 0),
(9746, 216, 0),
(9750, 2, 0),
(9750, 160, 0),
(9750, 204, 0),
(9750, 210, 0),
(9750, 211, 0),
(9750, 216, 0),
(9757, 2, 0),
(9757, 160, 0),
(9757, 204, 0),
(9757, 210, 0),
(9757, 211, 0),
(9757, 216, 0),
(9768, 2, 0),
(9768, 160, 0),
(9768, 204, 0),
(9768, 210, 0),
(9768, 211, 0),
(9768, 216, 0),
(9798, 2, 0),
(9798, 160, 0),
(9798, 204, 0),
(9798, 210, 0),
(9798, 211, 0),
(9798, 216, 0),
(9869, 2, 0),
(9869, 160, 0),
(9869, 204, 0),
(9869, 210, 0),
(9869, 211, 0),
(9869, 216, 0),
(9873, 2, 0),
(9873, 160, 0),
(9873, 204, 0),
(9873, 210, 0),
(9873, 211, 0),
(9873, 216, 0),
(9876, 2, 0),
(9876, 160, 0),
(9876, 204, 0),
(9876, 210, 0);
INSERT INTO `wp_term_relationships` (`object_id`, `term_taxonomy_id`, `term_order`) VALUES
(9876, 211, 0),
(9876, 216, 0),
(9882, 2, 0),
(9882, 160, 0),
(9882, 204, 0),
(9882, 210, 0),
(9882, 211, 0),
(9882, 216, 0),
(9918, 2, 0),
(9918, 160, 0),
(9918, 210, 0),
(9918, 211, 0),
(9918, 216, 0),
(9926, 2, 0),
(9926, 160, 0),
(9926, 204, 0),
(9926, 211, 0),
(9926, 216, 0),
(9962, 2, 0),
(9962, 160, 0),
(9962, 204, 0),
(9962, 210, 0),
(9962, 211, 0),
(9962, 216, 0),
(9976, 2, 0),
(9976, 160, 0),
(9976, 204, 0),
(9976, 210, 0),
(9976, 211, 0),
(9976, 216, 0),
(9992, 2, 0),
(9992, 15, 0),
(9992, 160, 0),
(9992, 210, 0),
(9992, 211, 0),
(9992, 216, 0),
(10007, 2, 0),
(10007, 15, 0),
(10007, 160, 0),
(10007, 210, 0),
(10007, 211, 0),
(10007, 216, 0),
(10025, 2, 0),
(10025, 160, 0),
(10025, 204, 0),
(10025, 210, 0),
(10025, 211, 0),
(10025, 216, 0),
(10055, 2, 0),
(10055, 160, 0),
(10055, 204, 0),
(10055, 210, 0),
(10055, 211, 0),
(10055, 216, 0),
(10081, 2, 0),
(10081, 15, 0),
(10081, 160, 0),
(10081, 210, 0),
(10081, 211, 0),
(10081, 216, 0),
(10084, 2, 0),
(10084, 160, 0),
(10084, 204, 0),
(10084, 210, 0),
(10084, 211, 0),
(10084, 216, 0),
(10088, 2, 0),
(10088, 160, 0),
(10088, 204, 0),
(10088, 210, 0),
(10088, 211, 0),
(10088, 216, 0),
(10096, 2, 0),
(10096, 160, 0),
(10096, 199, 0),
(10096, 210, 0),
(10096, 211, 0),
(10096, 216, 0),
(10102, 2, 0),
(10102, 15, 0),
(10102, 160, 0),
(10102, 210, 0),
(10102, 211, 0),
(10102, 216, 0),
(10109, 2, 0),
(10109, 15, 0),
(10109, 160, 0),
(10109, 210, 0),
(10109, 211, 0),
(10109, 216, 0),
(10125, 20, 0),
(10126, 20, 0),
(10127, 20, 0),
(10129, 20, 0),
(10130, 20, 0),
(10133, 20, 0),
(10134, 20, 0),
(10136, 20, 0),
(10137, 20, 0),
(10138, 20, 0),
(10140, 20, 0),
(10141, 20, 0),
(10144, 20, 0),
(10145, 20, 0),
(10147, 20, 0),
(10148, 20, 0),
(10150, 20, 0),
(10151, 20, 0),
(10152, 20, 0),
(10155, 20, 0),
(10156, 20, 0),
(10157, 20, 0),
(10163, 20, 0),
(10165, 20, 0),
(10168, 20, 0),
(10170, 20, 0),
(10172, 20, 0),
(10174, 20, 0),
(10175, 20, 0),
(10176, 20, 0),
(10177, 20, 0),
(10179, 20, 0),
(10181, 20, 0),
(10184, 20, 0),
(10187, 20, 0),
(10188, 20, 0),
(10191, 20, 0),
(10192, 20, 0),
(10194, 2, 0),
(10194, 15, 0),
(10194, 160, 0),
(10194, 210, 0),
(10194, 211, 0),
(10194, 216, 0),
(10214, 2, 0),
(10214, 15, 0),
(10214, 160, 0),
(10214, 210, 0),
(10214, 211, 0),
(10214, 216, 0),
(10225, 2, 0),
(10225, 15, 0),
(10225, 160, 0),
(10225, 210, 0),
(10225, 211, 0),
(10225, 216, 0),
(10229, 2, 0),
(10229, 160, 0),
(10229, 210, 0),
(10229, 211, 0),
(10229, 212, 0),
(10229, 216, 0),
(10233, 2, 0),
(10233, 160, 0),
(10233, 176, 0),
(10233, 210, 0),
(10233, 211, 0),
(10233, 216, 0),
(10237, 2, 0),
(10237, 160, 0),
(10237, 199, 0),
(10237, 210, 0),
(10237, 211, 0),
(10237, 216, 0),
(10243, 2, 0),
(10243, 160, 0),
(10243, 176, 0),
(10243, 210, 0),
(10243, 211, 0),
(10243, 216, 0),
(10246, 2, 0),
(10246, 160, 0),
(10246, 188, 0),
(10246, 210, 0),
(10246, 211, 0),
(10246, 216, 0),
(10249, 2, 0),
(10249, 160, 0),
(10249, 176, 0),
(10249, 210, 0),
(10249, 211, 0),
(10249, 216, 0),
(10253, 2, 0),
(10253, 160, 0),
(10253, 208, 0),
(10253, 210, 0),
(10253, 211, 0),
(10253, 216, 0),
(10256, 2, 0),
(10256, 15, 0),
(10256, 160, 0),
(10256, 210, 0),
(10256, 211, 0),
(10256, 216, 0),
(10260, 2, 0),
(10260, 160, 0),
(10260, 169, 0),
(10260, 210, 0),
(10260, 211, 0),
(10260, 216, 0),
(10264, 2, 0),
(10264, 160, 0),
(10264, 210, 0),
(10264, 211, 0),
(10264, 212, 0),
(10264, 216, 0),
(10267, 2, 0),
(10267, 160, 0),
(10267, 170, 0),
(10267, 210, 0),
(10267, 211, 0),
(10267, 216, 0),
(10270, 2, 0),
(10270, 160, 0),
(10270, 210, 0),
(10270, 211, 0),
(10270, 216, 0),
(10270, 218, 0),
(10273, 2, 0),
(10273, 160, 0),
(10273, 185, 0),
(10273, 210, 0),
(10273, 211, 0),
(10273, 216, 0),
(10276, 2, 0),
(10276, 15, 0),
(10279, 2, 0),
(10279, 160, 0),
(10279, 165, 0),
(10279, 210, 0),
(10279, 211, 0),
(10279, 216, 0),
(10282, 2, 0),
(10282, 160, 0),
(10282, 204, 0),
(10282, 210, 0),
(10282, 211, 0),
(10282, 216, 0),
(10285, 2, 0),
(10285, 160, 0),
(10285, 208, 0),
(10285, 210, 0),
(10285, 211, 0),
(10285, 216, 0),
(10290, 2, 0),
(10290, 160, 0),
(10290, 175, 0),
(10290, 210, 0),
(10290, 211, 0),
(10290, 216, 0),
(10293, 2, 0),
(10293, 160, 0),
(10293, 168, 0),
(10293, 210, 0),
(10293, 211, 0),
(10293, 216, 0),
(10298, 2, 0),
(10298, 160, 0),
(10298, 170, 0),
(10298, 210, 0),
(10298, 211, 0),
(10298, 216, 0),
(10302, 2, 0),
(10302, 160, 0),
(10302, 204, 0),
(10302, 210, 0),
(10302, 211, 0),
(10302, 216, 0),
(10308, 2, 0),
(10308, 160, 0),
(10308, 204, 0),
(10308, 210, 0),
(10308, 211, 0),
(10308, 216, 0),
(10311, 2, 0),
(10311, 160, 0),
(10311, 204, 0),
(10311, 210, 0),
(10311, 211, 0),
(10311, 216, 0),
(10314, 2, 0),
(10314, 160, 0),
(10314, 204, 0),
(10314, 210, 0),
(10314, 211, 0),
(10314, 216, 0),
(10319, 2, 0),
(10319, 160, 0),
(10319, 204, 0),
(10319, 210, 0),
(10319, 211, 0),
(10319, 216, 0),
(10322, 2, 0),
(10322, 160, 0),
(10322, 204, 0),
(10322, 210, 0),
(10322, 211, 0),
(10322, 216, 0),
(10325, 2, 0),
(10325, 160, 0),
(10325, 176, 0),
(10325, 210, 0),
(10325, 211, 0),
(10325, 216, 0),
(10330, 2, 0),
(10330, 160, 0),
(10330, 176, 0),
(10330, 210, 0),
(10330, 211, 0),
(10330, 216, 0),
(10336, 2, 0),
(10336, 160, 0),
(10336, 176, 0),
(10336, 210, 0),
(10336, 211, 0),
(10336, 216, 0),
(10340, 2, 0),
(10340, 160, 0),
(10340, 176, 0),
(10340, 210, 0),
(10340, 211, 0),
(10340, 216, 0),
(10343, 2, 0),
(10343, 160, 0),
(10343, 176, 0),
(10343, 210, 0),
(10343, 211, 0),
(10343, 216, 0),
(10346, 2, 0),
(10346, 160, 0),
(10346, 176, 0),
(10346, 210, 0),
(10346, 211, 0),
(10346, 216, 0),
(10349, 2, 0),
(10349, 160, 0),
(10349, 176, 0),
(10349, 210, 0),
(10349, 211, 0),
(10349, 216, 0),
(10352, 2, 0),
(10352, 160, 0),
(10352, 176, 0),
(10352, 210, 0),
(10352, 211, 0),
(10352, 216, 0),
(10355, 2, 0),
(10355, 160, 0),
(10355, 176, 0),
(10355, 210, 0),
(10355, 211, 0),
(10355, 216, 0),
(10359, 2, 0),
(10359, 160, 0),
(10359, 176, 0),
(10359, 210, 0),
(10359, 211, 0),
(10359, 216, 0),
(10363, 2, 0),
(10363, 160, 0),
(10363, 176, 0),
(10363, 210, 0),
(10363, 211, 0),
(10363, 216, 0),
(10366, 2, 0),
(10366, 160, 0),
(10366, 176, 0),
(10366, 210, 0),
(10366, 211, 0),
(10366, 216, 0),
(10493, 2, 0),
(10493, 160, 0),
(10493, 210, 0),
(10493, 211, 0),
(10493, 216, 0),
(10493, 218, 0),
(10496, 2, 0),
(10496, 15, 0),
(10496, 160, 0),
(10496, 210, 0),
(10496, 211, 0),
(10496, 216, 0),
(10499, 2, 0),
(10499, 160, 0),
(10499, 165, 0),
(10499, 210, 0),
(10499, 211, 0),
(10499, 216, 0),
(10503, 2, 0),
(10503, 15, 0),
(10507, 2, 0),
(10507, 160, 0),
(10507, 165, 0),
(10507, 210, 0),
(10507, 211, 0),
(10507, 216, 0),
(10510, 2, 0),
(10510, 160, 0),
(10510, 204, 0),
(10510, 210, 0),
(10510, 211, 0),
(10510, 216, 0),
(10513, 2, 0),
(10513, 15, 0),
(10513, 160, 0),
(10513, 210, 0),
(10513, 211, 0),
(10513, 216, 0),
(10517, 2, 0),
(10517, 160, 0),
(10517, 188, 0),
(10517, 210, 0),
(10517, 211, 0),
(10517, 216, 0),
(10520, 2, 0),
(10520, 160, 0),
(10520, 175, 0),
(10520, 210, 0),
(10520, 211, 0),
(10520, 216, 0),
(10524, 2, 0),
(10524, 15, 0),
(10524, 160, 0),
(10524, 210, 0),
(10524, 211, 0),
(10524, 216, 0),
(10532, 2, 0),
(10532, 15, 0),
(10532, 160, 0),
(10532, 204, 0),
(10532, 210, 0),
(10532, 211, 0),
(10532, 216, 0),
(10538, 2, 0),
(10538, 160, 0),
(10538, 204, 0),
(10538, 210, 0),
(10538, 211, 0),
(10538, 216, 0),
(10541, 2, 0),
(10541, 160, 0),
(10541, 202, 0),
(10541, 204, 0),
(10541, 210, 0),
(10541, 211, 0),
(10541, 216, 0),
(10544, 2, 0),
(10544, 160, 0),
(10544, 204, 0),
(10544, 210, 0),
(10544, 211, 0),
(10544, 216, 0),
(10547, 2, 0),
(10547, 160, 0),
(10547, 199, 0),
(10547, 204, 0),
(10547, 210, 0),
(10547, 211, 0),
(10547, 216, 0),
(10550, 2, 0),
(10550, 160, 0),
(10550, 199, 0),
(10550, 210, 0),
(10550, 211, 0),
(10550, 216, 0),
(10575, 2, 0),
(10575, 160, 0),
(10575, 204, 0),
(10575, 210, 0),
(10575, 211, 0),
(10575, 216, 0),
(10579, 2, 0),
(10579, 160, 0),
(10579, 204, 0),
(10579, 210, 0),
(10579, 211, 0),
(10579, 216, 0),
(10582, 2, 0),
(10582, 160, 0),
(10582, 204, 0),
(10582, 210, 0),
(10582, 211, 0),
(10582, 216, 0),
(10585, 2, 0),
(10585, 160, 0),
(10585, 204, 0),
(10585, 210, 0),
(10585, 211, 0),
(10585, 216, 0),
(10592, 2, 0),
(10592, 160, 0),
(10592, 204, 0),
(10592, 210, 0),
(10592, 211, 0),
(10592, 216, 0),
(10595, 2, 0),
(10595, 15, 0),
(10598, 2, 0),
(10598, 160, 0),
(10598, 204, 0),
(10598, 210, 0),
(10598, 211, 0),
(10598, 216, 0),
(10764, 2, 0),
(10764, 160, 0),
(10764, 199, 0),
(10764, 202, 0),
(10764, 210, 0),
(10764, 211, 0),
(10764, 216, 0),
(10768, 2, 0),
(10768, 15, 0),
(10768, 160, 0),
(10768, 210, 0),
(10768, 211, 0),
(10768, 216, 0),
(10772, 2, 0),
(10772, 160, 0),
(10772, 193, 0),
(10772, 196, 0),
(10772, 210, 0),
(10772, 211, 0),
(10772, 216, 0),
(10775, 2, 0),
(10775, 160, 0),
(10775, 193, 0),
(10775, 196, 0),
(10775, 210, 0),
(10775, 211, 0),
(10775, 216, 0),
(10802, 2, 0),
(10802, 160, 0),
(10802, 179, 0),
(10802, 210, 0),
(10802, 211, 0),
(10802, 216, 0),
(10805, 2, 0),
(10805, 160, 0),
(10805, 199, 0),
(10805, 210, 0),
(10805, 211, 0),
(10805, 216, 0),
(10808, 2, 0),
(10808, 160, 0),
(10808, 173, 0),
(10808, 210, 0),
(10808, 211, 0),
(10808, 216, 0),
(10815, 2, 0),
(10815, 15, 0),
(10815, 160, 0),
(10815, 210, 0),
(10815, 211, 0),
(10815, 216, 0),
(10815, 218, 0),
(10821, 2, 0),
(10821, 160, 0),
(10821, 175, 0),
(10821, 210, 0),
(10821, 211, 0),
(10821, 216, 0),
(10879, 2, 0),
(10879, 160, 0),
(10879, 210, 0),
(10879, 211, 0),
(10879, 214, 0),
(10879, 216, 0),
(10883, 2, 0),
(10883, 160, 0),
(10883, 203, 0),
(10883, 210, 0),
(10883, 211, 0),
(10883, 216, 0),
(10889, 2, 0),
(10889, 160, 0),
(10889, 161, 0),
(10889, 210, 0),
(10889, 211, 0),
(10889, 216, 0),
(11506, 2, 0),
(11506, 160, 0),
(11506, 210, 0),
(11506, 211, 0),
(11506, 216, 0),
(11508, 2, 0),
(11508, 160, 0),
(11508, 204, 0),
(11508, 210, 0),
(11508, 211, 0),
(11508, 216, 0),
(11513, 2, 0),
(11513, 160, 0),
(11513, 196, 0),
(11513, 210, 0),
(11513, 211, 0),
(11513, 216, 0),
(11515, 2, 0),
(11515, 160, 0),
(11515, 196, 0),
(11515, 210, 0),
(11515, 211, 0),
(11515, 216, 0),
(11522, 2, 0),
(11522, 160, 0),
(11522, 210, 0),
(11522, 211, 0),
(11522, 216, 0),
(11522, 218, 0),
(11526, 2, 0),
(11526, 160, 0),
(11526, 208, 0),
(11526, 210, 0),
(11526, 211, 0),
(11526, 216, 0),
(11529, 2, 0),
(11529, 160, 0),
(11529, 196, 0),
(11529, 210, 0),
(11529, 211, 0),
(11529, 216, 0),
(11531, 2, 0),
(11531, 160, 0),
(11531, 199, 0),
(11531, 210, 0),
(11531, 211, 0),
(11531, 216, 0),
(11540, 2, 0),
(11540, 160, 0),
(11540, 194, 0),
(11540, 210, 0),
(11540, 211, 0),
(11540, 216, 0),
(11544, 2, 0),
(11544, 160, 0),
(11544, 208, 0),
(11544, 210, 0),
(11544, 211, 0),
(11544, 216, 0),
(11548, 2, 0),
(11548, 160, 0),
(11548, 175, 0),
(11548, 210, 0),
(11548, 211, 0),
(11548, 216, 0),
(11603, 2, 0),
(11603, 160, 0),
(11603, 196, 0),
(11603, 210, 0),
(11603, 211, 0),
(11603, 216, 0),
(11613, 2, 0),
(11613, 160, 0),
(11613, 210, 0),
(11613, 211, 0),
(11613, 216, 0),
(11696, 2, 0),
(11696, 160, 0),
(11696, 199, 0),
(11696, 210, 0),
(11696, 211, 0),
(11696, 216, 0),
(11699, 2, 0),
(11699, 160, 0),
(11699, 196, 0),
(11699, 210, 0),
(11699, 211, 0),
(11699, 216, 0),
(11704, 2, 0),
(11704, 160, 0),
(11704, 183, 0),
(11704, 210, 0),
(11704, 211, 0),
(11704, 216, 0),
(11981, 2, 0),
(11981, 160, 0),
(11981, 204, 0),
(11981, 210, 0),
(11981, 211, 0),
(11981, 216, 0),
(12010, 2, 0),
(12010, 160, 0),
(12010, 175, 0),
(12010, 210, 0),
(12010, 211, 0),
(12010, 216, 0),
(12992, 2, 0),
(12992, 15, 0),
(12992, 160, 0),
(12992, 210, 0),
(12992, 211, 0),
(12992, 216, 0),
(13008, 2, 0),
(13008, 210, 0),
(13033, 2, 0),
(13033, 170, 0),
(13033, 175, 0),
(13038, 2, 0),
(13038, 170, 0),
(13038, 175, 0),
(13045, 2, 0),
(13045, 170, 0),
(13045, 175, 0),
(13045, 232, 0),
(13056, 2, 0),
(13056, 170, 0),
(13056, 175, 0),
(13056, 232, 0),
(13063, 2, 0),
(13063, 170, 0),
(13063, 175, 0),
(13069, 2, 0),
(13069, 170, 0),
(13069, 175, 0),
(13069, 232, 0),
(13073, 2, 0),
(13073, 170, 0),
(13073, 213, 0),
(13073, 232, 0),
(13078, 2, 0),
(13078, 170, 0),
(13078, 174, 0),
(13083, 2, 0),
(13083, 170, 0),
(13083, 174, 0),
(13083, 232, 0),
(13138, 2, 0),
(13138, 175, 0),
(13138, 232, 0),
(13138, 233, 0),
(13142, 2, 0),
(13142, 232, 0),
(13148, 2, 0),
(13148, 232, 0),
(13148, 233, 0),
(13151, 2, 0),
(13151, 232, 0),
(13151, 233, 0),
(13155, 2, 0),
(13155, 232, 0),
(13155, 233, 0),
(13158, 2, 0),
(13158, 232, 0),
(13158, 233, 0),
(13177, 2, 0),
(13177, 170, 0),
(13177, 232, 0),
(13177, 233, 0),
(13178, 2, 0),
(13178, 170, 0),
(13178, 232, 0),
(13179, 2, 0),
(13179, 170, 0),
(13179, 232, 0),
(13179, 240, 0),
(13195, 2, 0),
(13195, 170, 0),
(13196, 2, 0),
(13196, 170, 0),
(13196, 232, 0),
(13210, 2, 0),
(13210, 170, 0),
(13210, 232, 0),
(13221, 2, 0),
(13221, 170, 0),
(13221, 232, 0),
(13221, 240, 0),
(13233, 2, 0),
(13233, 170, 0),
(13233, 232, 0),
(13238, 2, 0),
(13238, 170, 0),
(13251, 2, 0),
(13251, 232, 0),
(13251, 233, 0),
(13257, 2, 0),
(13257, 170, 0),
(13262, 2, 0),
(13262, 232, 0),
(13262, 233, 0),
(13292, 2, 0),
(13292, 170, 0),
(13292, 232, 0),
(13293, 2, 0),
(13293, 170, 0),
(13293, 232, 0),
(13294, 2, 0),
(13294, 170, 0),
(13295, 2, 0),
(13295, 170, 0),
(13295, 232, 0),
(13295, 233, 0),
(13296, 2, 0),
(13296, 170, 0),
(13296, 233, 0),
(13354, 2, 0),
(13354, 170, 0),
(13354, 233, 0),
(13360, 2, 0),
(13360, 170, 0),
(13360, 232, 0),
(13360, 233, 0),
(13372, 2, 0),
(13372, 170, 0),
(13372, 232, 0),
(13372, 233, 0),
(13382, 2, 0),
(13382, 170, 0),
(13382, 233, 0),
(13383, 2, 0),
(13383, 170, 0),
(13383, 233, 0),
(13390, 2, 0),
(13390, 170, 0),
(13390, 232, 0),
(13390, 233, 0),
(13395, 2, 0),
(13395, 170, 0),
(13395, 232, 0),
(13395, 233, 0),
(13400, 2, 0),
(13400, 170, 0),
(13400, 233, 0),
(13415, 2, 0),
(13415, 170, 0),
(13415, 233, 0),
(13422, 2, 0),
(13422, 170, 0),
(13422, 233, 0),
(13429, 2, 0),
(13429, 170, 0),
(13429, 232, 0),
(13429, 233, 0),
(13454, 2, 0),
(13454, 170, 0),
(13454, 233, 0),
(13462, 2, 0),
(13462, 170, 0),
(13462, 233, 0),
(13477, 2, 0),
(13477, 170, 0),
(13477, 233, 0),
(13485, 2, 0),
(13485, 170, 0),
(13485, 233, 0),
(13500, 2, 0),
(13500, 170, 0),
(13500, 233, 0),
(13507, 2, 0),
(13507, 15, 0),
(13536, 2, 0),
(13536, 170, 0),
(13536, 219, 0),
(13546, 2, 0),
(13546, 170, 0),
(13546, 219, 0),
(13553, 2, 0),
(13553, 170, 0),
(13553, 219, 0),
(13559, 2, 0),
(13559, 170, 0),
(13559, 219, 0),
(13564, 2, 0),
(13564, 170, 0),
(13564, 219, 0),
(13571, 2, 0),
(13571, 170, 0),
(13571, 219, 0),
(13577, 2, 0),
(13577, 170, 0),
(13577, 219, 0),
(13612, 2, 0),
(13612, 170, 0),
(13612, 219, 0),
(13613, 2, 0),
(13613, 170, 0),
(13613, 240, 0),
(13625, 2, 0),
(13625, 170, 0),
(13625, 240, 0),
(13630, 2, 0),
(13630, 170, 0),
(13630, 240, 0),
(13635, 2, 0),
(13635, 170, 0),
(13635, 240, 0),
(13641, 2, 0),
(13641, 170, 0),
(13641, 240, 0),
(13647, 2, 0),
(13647, 170, 0),
(13647, 240, 0),
(13651, 2, 0),
(13651, 170, 0),
(13651, 240, 0),
(13656, 2, 0),
(13656, 170, 0),
(13656, 240, 0),
(13657, 2, 0),
(13657, 15, 0),
(13741, 1, 0),
(13743, 1, 0),
(13749, 2, 0),
(13749, 232, 0),
(13749, 233, 0),
(13752, 2, 0),
(13752, 232, 0),
(13752, 233, 0),
(13757, 2, 0),
(13757, 232, 0),
(13757, 233, 0),
(13760, 2, 0),
(13760, 232, 0),
(13760, 233, 0),
(13775, 2, 0),
(13775, 232, 0),
(13775, 233, 0),
(13791, 2, 0),
(13791, 232, 0),
(13791, 233, 0),
(13799, 2, 0),
(13799, 173, 0),
(13799, 232, 0),
(13800, 2, 0),
(13800, 160, 0),
(13800, 196, 0),
(13800, 216, 0),
(13805, 2, 0),
(13805, 160, 0),
(13805, 170, 0),
(13805, 216, 0),
(13845, 2, 0),
(13845, 15, 0),
(13845, 232, 0),
(13845, 233, 0),
(13869, 2, 0),
(13869, 232, 0),
(13886, 2, 0),
(13886, 232, 0),
(13886, 233, 0),
(13896, 2, 0),
(13896, 232, 0),
(13896, 233, 0),
(13909, 2, 0),
(13909, 232, 0),
(13909, 233, 0),
(13915, 2, 0),
(13915, 232, 0),
(13915, 233, 0),
(13916, 2, 0),
(13916, 15, 0),
(13916, 232, 0),
(13916, 233, 0),
(13979, 2, 0),
(13979, 232, 0),
(13979, 233, 0),
(13983, 2, 0),
(13983, 15, 0),
(13983, 232, 0),
(13983, 233, 0),
(13994, 2, 0),
(13994, 160, 0),
(13994, 216, 0),
(13994, 218, 0),
(14000, 2, 0),
(14000, 160, 0),
(14000, 216, 0),
(14000, 218, 0),
(14005, 2, 0),
(14005, 244, 0),
(14005, 246, 0),
(14022, 2, 0),
(14022, 244, 0),
(14022, 246, 0),
(14031, 2, 0),
(14031, 232, 0),
(14036, 2, 0),
(14036, 232, 0),
(14038, 2, 0),
(14038, 232, 0),
(14038, 233, 0),
(14043, 2, 0),
(14043, 232, 0),
(14043, 233, 0),
(14048, 2, 0),
(14048, 160, 0),
(14048, 202, 0),
(14048, 210, 0),
(14048, 211, 0),
(14048, 216, 0),
(14054, 2, 0),
(14054, 15, 0),
(14054, 210, 0),
(14054, 211, 0),
(14057, 2, 0),
(14057, 232, 0),
(14060, 2, 0),
(14060, 15, 0),
(14060, 160, 0),
(14060, 210, 0),
(14060, 211, 0),
(14060, 216, 0),
(14062, 2, 0),
(14062, 160, 0),
(14062, 168, 0),
(14062, 210, 0),
(14062, 211, 0),
(14062, 216, 0),
(14065, 2, 0),
(14065, 232, 0),
(14065, 247, 0),
(14067, 2, 0),
(14067, 160, 0),
(14067, 170, 0),
(14067, 210, 0),
(14067, 211, 0),
(14067, 216, 0),
(14072, 2, 0),
(14072, 160, 0),
(14072, 170, 0),
(14072, 210, 0),
(14072, 211, 0),
(14072, 216, 0),
(14078, 2, 0),
(14078, 160, 0),
(14078, 168, 0),
(14078, 210, 0),
(14078, 211, 0),
(14078, 216, 0),
(14083, 2, 0),
(14083, 244, 0),
(14083, 246, 0),
(14088, 2, 0),
(14088, 160, 0),
(14088, 193, 0),
(14088, 210, 0),
(14088, 211, 0),
(14088, 216, 0),
(14093, 2, 0),
(14093, 244, 0),
(14093, 246, 0),
(14097, 2, 0),
(14097, 244, 0),
(14097, 246, 0),
(14098, 2, 0),
(14098, 232, 0),
(14098, 233, 0),
(14102, 2, 0),
(14102, 244, 0),
(14102, 246, 0),
(14106, 2, 0),
(14106, 244, 0),
(14106, 246, 0),
(14108, 2, 0),
(14108, 160, 0),
(14108, 193, 0),
(14108, 210, 0),
(14108, 211, 0),
(14108, 216, 0),
(14111, 2, 0),
(14111, 244, 0),
(14111, 246, 0),
(14114, 2, 0),
(14114, 244, 0),
(14114, 246, 0),
(14127, 2, 0),
(14127, 160, 0),
(14127, 202, 0),
(14127, 210, 0),
(14127, 211, 0),
(14127, 216, 0),
(14134, 2, 0),
(14134, 15, 0),
(14134, 160, 0),
(14134, 210, 0),
(14134, 211, 0),
(14134, 216, 0),
(14137, 2, 0),
(14137, 160, 0),
(14137, 175, 0),
(14137, 210, 0),
(14137, 211, 0),
(14137, 216, 0),
(14140, 2, 0),
(14140, 160, 0),
(14140, 186, 0),
(14140, 210, 0),
(14140, 211, 0),
(14140, 216, 0),
(14143, 2, 0),
(14143, 160, 0),
(14143, 202, 0),
(14143, 210, 0),
(14143, 211, 0),
(14143, 216, 0),
(14146, 2, 0),
(14146, 160, 0),
(14146, 210, 0),
(14146, 211, 0),
(14146, 216, 0),
(14146, 227, 0),
(14149, 2, 0),
(14149, 160, 0),
(14149, 210, 0),
(14149, 211, 0),
(14149, 216, 0),
(14149, 218, 0),
(14152, 2, 0),
(14152, 15, 0),
(14152, 160, 0),
(14152, 210, 0),
(14152, 211, 0),
(14152, 216, 0),
(14155, 2, 0),
(14155, 160, 0),
(14155, 172, 0),
(14155, 210, 0),
(14155, 211, 0),
(14155, 216, 0),
(14157, 2, 0),
(14157, 160, 0),
(14157, 210, 0),
(14157, 211, 0),
(14157, 216, 0),
(14157, 218, 0),
(14165, 2, 0),
(14165, 160, 0),
(14165, 210, 0),
(14165, 211, 0),
(14165, 216, 0),
(14165, 218, 0),
(14168, 2, 0),
(14168, 160, 0),
(14168, 193, 0),
(14168, 210, 0),
(14168, 211, 0),
(14168, 216, 0),
(14171, 2, 0),
(14171, 15, 0),
(14171, 160, 0),
(14171, 210, 0),
(14171, 211, 0),
(14171, 216, 0),
(14176, 2, 0),
(14176, 160, 0),
(14176, 210, 0),
(14176, 211, 0),
(14176, 216, 0),
(14176, 218, 0),
(14182, 2, 0),
(14182, 15, 0),
(14182, 160, 0),
(14182, 210, 0),
(14182, 211, 0),
(14182, 216, 0),
(14184, 2, 0),
(14184, 160, 0),
(14184, 210, 0),
(14184, 211, 0),
(14184, 216, 0),
(14184, 222, 0),
(14191, 2, 0),
(14191, 160, 0),
(14191, 210, 0),
(14191, 211, 0),
(14191, 216, 0),
(14191, 222, 0),
(14194, 2, 0),
(14194, 160, 0),
(14194, 210, 0),
(14194, 211, 0),
(14194, 216, 0),
(14194, 222, 0),
(14196, 2, 0),
(14196, 160, 0),
(14196, 210, 0),
(14196, 211, 0),
(14196, 216, 0),
(14196, 222, 0),
(14201, 2, 0),
(14201, 160, 0),
(14201, 210, 0),
(14201, 211, 0),
(14201, 216, 0),
(14201, 222, 0),
(14205, 2, 0),
(14205, 160, 0),
(14205, 210, 0),
(14205, 211, 0),
(14205, 216, 0),
(14205, 222, 0),
(14208, 2, 0),
(14208, 160, 0),
(14208, 210, 0),
(14208, 211, 0),
(14208, 216, 0),
(14208, 218, 0),
(14211, 2, 0),
(14211, 160, 0),
(14211, 210, 0),
(14211, 211, 0),
(14211, 216, 0),
(14211, 218, 0),
(14214, 2, 0),
(14214, 160, 0),
(14214, 210, 0),
(14214, 211, 0),
(14214, 216, 0),
(14214, 218, 0),
(14217, 2, 0),
(14217, 160, 0),
(14217, 210, 0),
(14217, 211, 0),
(14217, 216, 0),
(14217, 218, 0),
(14222, 2, 0),
(14222, 160, 0),
(14222, 208, 0),
(14222, 210, 0),
(14222, 211, 0),
(14222, 216, 0),
(14225, 2, 0),
(14225, 160, 0),
(14225, 208, 0),
(14225, 210, 0),
(14225, 211, 0),
(14225, 216, 0),
(14229, 2, 0),
(14229, 160, 0),
(14229, 208, 0),
(14229, 210, 0),
(14229, 211, 0),
(14229, 216, 0),
(14232, 2, 0),
(14232, 160, 0),
(14232, 208, 0),
(14232, 210, 0),
(14232, 211, 0),
(14232, 216, 0),
(14238, 2, 0),
(14238, 232, 0),
(14238, 247, 0),
(14243, 2, 0),
(14243, 244, 0),
(14243, 246, 0),
(14249, 2, 0),
(14249, 244, 0),
(14249, 246, 0),
(14254, 2, 0),
(14254, 244, 0),
(14254, 246, 0),
(14263, 2, 0),
(14263, 244, 0),
(14263, 246, 0),
(14268, 2, 0),
(14268, 244, 0),
(14268, 246, 0),
(14271, 2, 0),
(14271, 15, 0),
(14271, 239, 0),
(14271, 240, 0),
(14277, 2, 0),
(14277, 244, 0),
(14277, 246, 0),
(14281, 2, 0),
(14281, 244, 0),
(14281, 246, 0),
(14311, 2, 0),
(14311, 244, 0),
(14311, 245, 0),
(14316, 2, 0),
(14316, 244, 0),
(14316, 246, 0),
(14320, 2, 0),
(14320, 244, 0),
(14320, 245, 0),
(14327, 2, 0),
(14327, 244, 0),
(14327, 246, 0),
(14333, 2, 0),
(14333, 244, 0),
(14333, 246, 0),
(14343, 2, 0),
(14343, 244, 0),
(14343, 246, 0),
(14347, 2, 0),
(14347, 244, 0),
(14347, 246, 0),
(14351, 2, 0),
(14351, 244, 0),
(14351, 246, 0),
(14358, 2, 0),
(14358, 232, 0),
(14358, 247, 0),
(14363, 2, 0),
(14363, 244, 0),
(14363, 245, 0),
(14367, 2, 0),
(14367, 244, 0),
(14367, 245, 0),
(14370, 2, 0),
(14370, 232, 0),
(14370, 247, 0),
(14373, 2, 0),
(14373, 244, 0),
(14373, 245, 0),
(14378, 2, 0),
(14378, 244, 0),
(14378, 245, 0),
(14392, 2, 0),
(14392, 239, 0),
(14392, 240, 0),
(14393, 2, 0),
(14393, 244, 0),
(14393, 245, 0),
(14399, 2, 0),
(14399, 239, 0),
(14399, 240, 0),
(14402, 2, 0),
(14402, 244, 0),
(14402, 245, 0),
(14405, 2, 0),
(14405, 239, 0),
(14405, 240, 0),
(14411, 2, 0),
(14411, 239, 0),
(14411, 240, 0),
(14414, 2, 0),
(14414, 239, 0),
(14414, 240, 0),
(14425, 2, 0),
(14425, 239, 0),
(14425, 240, 0),
(14429, 2, 0),
(14429, 239, 0),
(14429, 240, 0),
(14434, 2, 0),
(14434, 239, 0),
(14434, 240, 0),
(14437, 2, 0),
(14437, 244, 0),
(14437, 246, 0),
(14441, 2, 0),
(14441, 244, 0),
(14441, 246, 0),
(14449, 2, 0),
(14449, 244, 0),
(14449, 246, 0),
(14455, 2, 0),
(14455, 239, 0),
(14455, 240, 0),
(14458, 2, 0),
(14458, 239, 0),
(14458, 240, 0),
(14464, 2, 0),
(14464, 244, 0),
(14464, 246, 0),
(14476, 2, 0),
(14476, 244, 0),
(14476, 246, 0),
(14485, 2, 0),
(14485, 244, 0),
(14485, 246, 0),
(14490, 2, 0),
(14490, 244, 0),
(14490, 246, 0),
(14495, 2, 0),
(14495, 232, 0),
(14495, 247, 0),
(14497, 2, 0),
(14497, 244, 0),
(14497, 246, 0),
(14512, 2, 0),
(14512, 232, 0),
(14512, 247, 0),
(14516, 2, 0),
(14516, 15, 0),
(14516, 160, 0),
(14516, 210, 0),
(14516, 211, 0),
(14516, 216, 0),
(14518, 2, 0),
(14518, 160, 0),
(14518, 210, 0),
(14518, 211, 0),
(14518, 216, 0),
(14524, 2, 0),
(14524, 15, 0),
(14524, 160, 0),
(14524, 210, 0),
(14524, 211, 0),
(14524, 216, 0),
(14526, 2, 0),
(14526, 160, 0),
(14526, 173, 0),
(14526, 210, 0),
(14526, 211, 0),
(14526, 216, 0),
(14530, 2, 0),
(14530, 160, 0),
(14530, 170, 0),
(14530, 210, 0),
(14530, 211, 0),
(14530, 216, 0),
(14533, 2, 0),
(14533, 160, 0),
(14533, 175, 0),
(14533, 210, 0),
(14533, 211, 0),
(14533, 216, 0),
(14536, 2, 0),
(14536, 160, 0),
(14536, 193, 0),
(14536, 210, 0),
(14536, 211, 0),
(14536, 216, 0),
(14538, 2, 0),
(14538, 160, 0),
(14538, 210, 0),
(14538, 211, 0),
(14538, 216, 0),
(14538, 227, 0),
(14542, 2, 0),
(14542, 170, 0),
(14542, 210, 0),
(14542, 211, 0),
(14545, 2, 0),
(14545, 160, 0),
(14545, 208, 0),
(14545, 210, 0),
(14545, 211, 0),
(14545, 216, 0),
(14548, 2, 0),
(14548, 160, 0),
(14548, 210, 0),
(14548, 211, 0),
(14548, 216, 0),
(14548, 222, 0),
(14551, 2, 0),
(14551, 232, 0),
(14551, 247, 0),
(14553, 2, 0),
(14553, 180, 0),
(14553, 219, 0),
(14556, 2, 0),
(14556, 180, 0),
(14556, 219, 0),
(14559, 2, 0),
(14559, 180, 0),
(14559, 219, 0),
(14563, 2, 0),
(14563, 180, 0),
(14563, 219, 0),
(14566, 2, 0),
(14566, 180, 0),
(14566, 219, 0),
(14570, 2, 0),
(14570, 180, 0),
(14570, 219, 0),
(14572, 2, 0),
(14572, 239, 0),
(14572, 240, 0),
(14574, 2, 0),
(14574, 180, 0),
(14574, 219, 0),
(14580, 2, 0),
(14580, 180, 0),
(14580, 219, 0),
(14583, 2, 0),
(14583, 180, 0),
(14583, 219, 0),
(14587, 2, 0),
(14587, 180, 0),
(14587, 219, 0),
(14591, 2, 0),
(14591, 180, 0),
(14591, 219, 0),
(14595, 2, 0),
(14595, 239, 0),
(14595, 240, 0),
(14598, 2, 0),
(14598, 239, 0),
(14598, 240, 0),
(14601, 2, 0),
(14601, 239, 0),
(14601, 240, 0),
(14604, 2, 0),
(14604, 239, 0),
(14604, 240, 0),
(14614, 2, 0),
(14614, 239, 0),
(14614, 240, 0),
(14618, 2, 0),
(14618, 180, 0),
(14618, 219, 0),
(14622, 2, 0),
(14622, 180, 0),
(14622, 219, 0),
(14625, 2, 0),
(14625, 180, 0),
(14625, 219, 0),
(14628, 2, 0),
(14628, 180, 0),
(14628, 219, 0),
(14631, 2, 0),
(14631, 180, 0),
(14631, 219, 0),
(14634, 2, 0),
(14634, 180, 0),
(14634, 219, 0),
(14637, 2, 0),
(14637, 180, 0),
(14637, 219, 0),
(14640, 2, 0),
(14640, 180, 0),
(14640, 219, 0),
(14648, 2, 0),
(14648, 239, 0),
(14648, 240, 0),
(14652, 2, 0),
(14652, 239, 0),
(14652, 240, 0),
(14662, 2, 0),
(14662, 244, 0),
(14662, 246, 0),
(14665, 2, 0),
(14665, 244, 0),
(14665, 246, 0),
(14669, 2, 0),
(14669, 244, 0),
(14669, 246, 0),
(14673, 2, 0),
(14673, 244, 0),
(14673, 246, 0),
(14676, 2, 0),
(14676, 244, 0),
(14676, 246, 0),
(14680, 2, 0),
(14680, 244, 0),
(14680, 246, 0),
(14681, 2, 0),
(14681, 239, 0),
(14681, 240, 0),
(14682, 2, 0),
(14682, 239, 0),
(14682, 240, 0),
(14683, 2, 0),
(14683, 239, 0),
(14683, 240, 0),
(14696, 2, 0),
(14696, 244, 0),
(14696, 246, 0),
(14701, 2, 0),
(14701, 244, 0),
(14701, 246, 0),
(14709, 2, 0),
(14709, 244, 0),
(14709, 246, 0),
(14719, 2, 0),
(14719, 239, 0),
(14719, 240, 0),
(14720, 2, 0),
(14720, 239, 0),
(14720, 240, 0),
(14721, 2, 0),
(14721, 239, 0),
(14721, 240, 0),
(14746, 2, 0),
(14746, 232, 0),
(14746, 247, 0),
(14751, 2, 0),
(14751, 232, 0),
(14751, 247, 0),
(14756, 2, 0),
(14756, 232, 0),
(14756, 247, 0),
(14759, 2, 0),
(14759, 244, 0),
(14759, 246, 0),
(14763, 2, 0),
(14763, 244, 0),
(14763, 246, 0),
(14773, 2, 0),
(14773, 244, 0),
(14773, 246, 0),
(14777, 2, 0),
(14777, 244, 0),
(14777, 246, 0),
(14790, 2, 0),
(14790, 232, 0),
(14790, 247, 0),
(14792, 2, 0),
(14792, 244, 0),
(14792, 246, 0),
(14799, 2, 0),
(14799, 232, 0),
(14799, 247, 0),
(14829, 2, 0),
(14829, 232, 0),
(14836, 2, 0),
(14836, 232, 0),
(14836, 233, 0),
(14840, 2, 0),
(14840, 232, 0),
(14840, 233, 0),
(14845, 2, 0),
(14845, 232, 0),
(14845, 233, 0),
(14847, 2, 0),
(14847, 244, 0),
(14847, 246, 0),
(14850, 2, 0),
(14850, 244, 0),
(14850, 246, 0),
(14855, 2, 0),
(14855, 244, 0),
(14855, 246, 0),
(14861, 2, 0),
(14861, 232, 0),
(14861, 233, 0),
(14869, 2, 0),
(14869, 232, 0),
(14869, 233, 0),
(14877, 2, 0),
(14877, 232, 0),
(14877, 233, 0),
(14880, 2, 0),
(14880, 232, 0),
(14884, 2, 0),
(14884, 244, 0),
(14884, 246, 0),
(14889, 2, 0),
(14889, 244, 0),
(14889, 246, 0),
(14894, 2, 0),
(14894, 239, 0),
(14894, 240, 0),
(14895, 2, 0),
(14895, 239, 0),
(14895, 240, 0),
(14896, 2, 0),
(14896, 239, 0),
(14896, 240, 0),
(14901, 2, 0),
(14901, 244, 0),
(14901, 246, 0),
(14906, 2, 0),
(14906, 244, 0),
(14906, 246, 0),
(14911, 2, 0),
(14911, 160, 0),
(14911, 208, 0),
(14911, 210, 0),
(14911, 211, 0),
(14911, 216, 0),
(14917, 2, 0),
(14917, 15, 0),
(14917, 160, 0),
(14917, 210, 0),
(14917, 211, 0),
(14917, 216, 0),
(14927, 2, 0),
(14927, 160, 0),
(14927, 175, 0),
(14927, 210, 0),
(14927, 211, 0),
(14927, 216, 0),
(14934, 2, 0),
(14934, 160, 0),
(14934, 193, 0),
(14934, 210, 0),
(14934, 211, 0),
(14934, 216, 0),
(14936, 2, 0),
(14936, 244, 0),
(14936, 246, 0),
(14942, 2, 0),
(14942, 160, 0),
(14942, 199, 0),
(14942, 210, 0),
(14942, 211, 0),
(14942, 216, 0),
(14946, 2, 0),
(14946, 160, 0),
(14946, 199, 0),
(14946, 210, 0),
(14946, 211, 0),
(14946, 216, 0),
(14949, 2, 0),
(14949, 244, 0),
(14949, 246, 0),
(14951, 2, 0),
(14951, 160, 0),
(14951, 199, 0),
(14951, 210, 0),
(14951, 211, 0),
(14951, 216, 0),
(14955, 2, 0),
(14955, 160, 0),
(14955, 164, 0),
(14955, 199, 0),
(14955, 211, 0),
(14955, 216, 0),
(14960, 2, 0),
(14960, 244, 0),
(14960, 246, 0),
(14964, 2, 0),
(14964, 232, 0),
(14964, 233, 0),
(14968, 2, 0),
(14968, 239, 0),
(14968, 240, 0),
(14969, 2, 0),
(14969, 239, 0),
(14969, 240, 0),
(14970, 2, 0),
(14970, 239, 0),
(14970, 240, 0),
(14971, 2, 0),
(14971, 239, 0),
(14971, 240, 0),
(14976, 2, 0),
(14976, 232, 0),
(14976, 233, 0),
(14994, 2, 0),
(14994, 244, 0),
(14994, 246, 0),
(14998, 2, 0),
(14998, 244, 0),
(14998, 246, 0),
(15003, 2, 0),
(15003, 244, 0),
(15003, 246, 0),
(15007, 2, 0),
(15007, 244, 0),
(15007, 246, 0),
(15011, 2, 0),
(15011, 244, 0),
(15011, 246, 0),
(15015, 2, 0),
(15015, 244, 0),
(15015, 246, 0),
(15019, 2, 0),
(15019, 244, 0),
(15019, 246, 0),
(15023, 2, 0),
(15023, 244, 0),
(15023, 246, 0),
(15059, 2, 0),
(15059, 160, 0),
(15059, 199, 0),
(15059, 210, 0),
(15059, 211, 0),
(15059, 216, 0),
(15063, 2, 0),
(15063, 160, 0),
(15063, 210, 0),
(15063, 211, 0),
(15063, 216, 0),
(15063, 227, 0),
(15067, 2, 0),
(15067, 160, 0),
(15067, 210, 0),
(15067, 211, 0),
(15067, 214, 0),
(15067, 216, 0),
(15070, 2, 0),
(15070, 15, 0),
(15070, 160, 0),
(15070, 210, 0),
(15070, 211, 0),
(15070, 216, 0),
(15073, 2, 0),
(15073, 180, 0),
(15073, 219, 0),
(15076, 2, 0),
(15076, 180, 0),
(15076, 219, 0),
(15082, 2, 0),
(15082, 180, 0),
(15082, 219, 0),
(15085, 2, 0),
(15085, 180, 0),
(15085, 219, 0),
(15087, 2, 0),
(15087, 180, 0),
(15087, 219, 0),
(15091, 2, 0),
(15091, 180, 0),
(15091, 219, 0),
(15094, 2, 0),
(15094, 244, 0),
(15094, 246, 0),
(15098, 2, 0),
(15098, 244, 0),
(15098, 246, 0),
(15101, 2, 0),
(15101, 239, 0),
(15101, 240, 0),
(15102, 2, 0),
(15102, 239, 0),
(15102, 240, 0),
(15103, 2, 0),
(15103, 239, 0),
(15103, 240, 0),
(15104, 2, 0),
(15104, 239, 0),
(15104, 240, 0),
(15107, 2, 0),
(15107, 244, 0),
(15107, 246, 0),
(15115, 2, 0),
(15115, 244, 0),
(15115, 246, 0),
(15119, 2, 0),
(15119, 232, 0),
(15119, 233, 0),
(15125, 2, 0),
(15125, 232, 0),
(15125, 233, 0),
(15136, 2, 0),
(15136, 239, 0),
(15136, 240, 0),
(15137, 2, 0),
(15137, 239, 0),
(15137, 240, 0),
(15138, 2, 0),
(15138, 239, 0),
(15138, 240, 0),
(15139, 2, 0),
(15139, 239, 0),
(15139, 240, 0),
(15152, 2, 0),
(15152, 244, 0),
(15152, 246, 0),
(15153, 2, 0),
(15153, 180, 0),
(15153, 219, 0),
(15165, 2, 0),
(15165, 244, 0),
(15165, 246, 0),
(15174, 2, 0),
(15174, 180, 0),
(15174, 219, 0),
(15177, 2, 0),
(15177, 244, 0),
(15177, 246, 0),
(15187, 2, 0),
(15187, 180, 0),
(15187, 219, 0),
(15190, 2, 0),
(15190, 180, 0),
(15190, 219, 0),
(15195, 2, 0),
(15195, 180, 0),
(15195, 219, 0),
(15197, 2, 0),
(15197, 244, 0),
(15197, 246, 0),
(15201, 2, 0),
(15201, 244, 0),
(15201, 246, 0),
(15205, 2, 0),
(15205, 239, 0),
(15205, 240, 0),
(15206, 2, 0),
(15206, 239, 0),
(15206, 240, 0),
(15213, 2, 0),
(15213, 244, 0),
(15213, 246, 0),
(15219, 2, 0),
(15219, 244, 0),
(15219, 246, 0),
(15223, 2, 0),
(15223, 244, 0),
(15223, 246, 0),
(15229, 2, 0),
(15229, 180, 0),
(15229, 219, 0),
(15231, 2, 0),
(15231, 180, 0),
(15231, 219, 0),
(15234, 2, 0),
(15234, 180, 0),
(15234, 219, 0),
(15238, 2, 0),
(15238, 180, 0),
(15238, 219, 0),
(15241, 2, 0),
(15241, 180, 0),
(15241, 219, 0),
(15244, 2, 0),
(15244, 180, 0),
(15244, 219, 0),
(15246, 2, 0),
(15246, 180, 0),
(15246, 219, 0),
(15251, 2, 0),
(15251, 180, 0),
(15251, 219, 0),
(15255, 2, 0),
(15255, 180, 0),
(15255, 219, 0),
(15260, 2, 0),
(15260, 180, 0),
(15260, 219, 0),
(15264, 2, 0),
(15264, 180, 0),
(15264, 219, 0),
(15267, 2, 0),
(15267, 180, 0),
(15267, 219, 0),
(15270, 2, 0),
(15270, 180, 0),
(15270, 219, 0),
(15274, 2, 0),
(15274, 180, 0),
(15274, 219, 0),
(15277, 2, 0),
(15277, 180, 0),
(15277, 219, 0),
(15281, 2, 0),
(15281, 180, 0),
(15281, 219, 0),
(15284, 2, 0),
(15284, 180, 0),
(15284, 219, 0),
(15287, 2, 0),
(15287, 180, 0),
(15287, 219, 0),
(15291, 2, 0),
(15291, 180, 0),
(15291, 219, 0),
(15293, 2, 0),
(15293, 244, 0),
(15293, 246, 0),
(15308, 2, 0),
(15308, 239, 0),
(15308, 240, 0),
(15309, 2, 0),
(15309, 239, 0),
(15309, 240, 0),
(15310, 2, 0),
(15310, 239, 0),
(15310, 240, 0),
(15311, 2, 0),
(15311, 239, 0),
(15311, 240, 0),
(15330, 2, 0),
(15330, 239, 0),
(15330, 240, 0),
(15331, 2, 0),
(15331, 239, 0),
(15331, 240, 0),
(15332, 2, 0),
(15332, 239, 0),
(15332, 240, 0),
(15333, 2, 0),
(15333, 239, 0),
(15333, 240, 0),
(15346, 2, 0),
(15346, 244, 0),
(15346, 246, 0),
(15352, 2, 0),
(15352, 232, 0),
(15352, 233, 0),
(15354, 2, 0),
(15354, 244, 0),
(15354, 246, 0),
(15359, 2, 0),
(15359, 244, 0),
(15359, 246, 0),
(15366, 2, 0),
(15366, 232, 0),
(15366, 247, 0),
(15367, 2, 0),
(15367, 244, 0),
(15367, 246, 0),
(15371, 2, 0),
(15371, 244, 0),
(15371, 246, 0),
(15378, 2, 0),
(15378, 244, 0),
(15378, 246, 0),
(15386, 2, 0),
(15386, 232, 0),
(15386, 247, 0),
(15392, 2, 0),
(15392, 244, 0),
(15392, 246, 0),
(15398, 2, 0),
(15398, 244, 0),
(15398, 246, 0),
(15409, 2, 0),
(15409, 232, 0),
(15409, 247, 0),
(15410, 2, 0),
(15410, 244, 0),
(15410, 246, 0),
(15418, 2, 0),
(15418, 232, 0),
(15418, 247, 0),
(15423, 2, 0),
(15423, 244, 0),
(15423, 246, 0),
(15427, 2, 0),
(15427, 244, 0),
(15427, 246, 0),
(15434, 2, 0),
(15434, 244, 0),
(15434, 246, 0),
(15439, 2, 0),
(15439, 239, 0),
(15439, 240, 0),
(15440, 2, 0),
(15440, 239, 0),
(15440, 240, 0),
(15441, 2, 0),
(15441, 239, 0),
(15441, 240, 0),
(15442, 2, 0),
(15442, 239, 0),
(15442, 240, 0),
(15462, 2, 0),
(15462, 232, 0),
(15462, 247, 0),
(15466, 2, 0),
(15466, 232, 0),
(15466, 233, 0),
(15467, 2, 0),
(15467, 239, 0),
(15467, 240, 0),
(15468, 2, 0),
(15468, 239, 0),
(15468, 240, 0),
(15469, 2, 0),
(15469, 239, 0),
(15469, 240, 0),
(15470, 2, 0),
(15470, 239, 0),
(15470, 240, 0),
(15485, 2, 0),
(15485, 232, 0),
(15485, 233, 0),
(16076, 2, 0),
(16076, 180, 0),
(16076, 219, 0),
(16078, 2, 0),
(16078, 180, 0),
(16078, 219, 0),
(16081, 2, 0),
(16081, 180, 0),
(16081, 219, 0),
(16088, 2, 0),
(16088, 180, 0),
(16088, 219, 0),
(16092, 2, 0),
(16092, 180, 0),
(16092, 219, 0),
(16095, 2, 0),
(16095, 180, 0),
(16095, 219, 0),
(16100, 2, 0),
(16100, 180, 0),
(16100, 219, 0),
(16103, 2, 0),
(16103, 180, 0),
(16103, 219, 0),
(16106, 2, 0),
(16106, 180, 0),
(16106, 219, 0),
(16109, 2, 0),
(16109, 180, 0),
(16109, 219, 0),
(16114, 2, 0),
(16114, 180, 0),
(16114, 219, 0),
(16115, 2, 0),
(16115, 180, 0),
(16115, 219, 0),
(16116, 2, 0),
(16116, 180, 0),
(16116, 219, 0),
(16124, 2, 0),
(16124, 180, 0),
(16124, 219, 0),
(16128, 2, 0),
(16128, 180, 0),
(16128, 219, 0),
(16131, 2, 0),
(16131, 180, 0),
(16131, 219, 0),
(16134, 2, 0),
(16134, 180, 0),
(16134, 219, 0),
(16136, 2, 0),
(16136, 180, 0),
(16136, 219, 0),
(16140, 2, 0),
(16140, 180, 0),
(16140, 219, 0),
(16142, 2, 0),
(16142, 180, 0),
(16142, 219, 0),
(16146, 2, 0),
(16146, 180, 0),
(16146, 219, 0),
(16149, 2, 0),
(16149, 180, 0),
(16149, 219, 0),
(16154, 2, 0),
(16154, 180, 0),
(16154, 219, 0),
(16157, 2, 0),
(16157, 180, 0),
(16157, 219, 0),
(16161, 2, 0),
(16161, 180, 0),
(16161, 219, 0),
(16164, 2, 0),
(16164, 180, 0),
(16164, 219, 0),
(16167, 2, 0),
(16167, 180, 0),
(16167, 219, 0),
(16170, 2, 0),
(16170, 180, 0),
(16170, 219, 0),
(16173, 2, 0),
(16173, 180, 0),
(16173, 219, 0),
(16175, 2, 0),
(16175, 180, 0),
(16175, 219, 0),
(16178, 2, 0),
(16178, 180, 0),
(16178, 219, 0),
(16181, 2, 0),
(16181, 180, 0),
(16181, 219, 0),
(16186, 2, 0),
(16186, 180, 0),
(16186, 219, 0),
(16189, 2, 0),
(16189, 180, 0),
(16189, 219, 0),
(16192, 2, 0),
(16192, 180, 0),
(16192, 219, 0),
(16195, 2, 0),
(16195, 180, 0),
(16195, 219, 0),
(16198, 2, 0),
(16198, 180, 0),
(16198, 219, 0),
(16201, 2, 0),
(16201, 180, 0),
(16201, 219, 0),
(16204, 2, 0),
(16204, 180, 0),
(16204, 219, 0),
(16207, 2, 0),
(16207, 180, 0),
(16207, 219, 0),
(16210, 2, 0),
(16210, 180, 0),
(16210, 219, 0),
(16212, 2, 0),
(16212, 180, 0),
(16212, 219, 0),
(16215, 2, 0),
(16215, 180, 0),
(16215, 219, 0),
(16219, 2, 0),
(16219, 180, 0),
(16219, 219, 0),
(16221, 2, 0),
(16221, 180, 0),
(16221, 219, 0),
(16225, 2, 0),
(16225, 180, 0),
(16225, 219, 0),
(16234, 2, 0),
(16234, 160, 0),
(16234, 199, 0),
(16234, 210, 0),
(16234, 211, 0),
(16234, 216, 0),
(16238, 2, 0),
(16238, 160, 0),
(16238, 208, 0),
(16238, 210, 0),
(16238, 211, 0),
(16238, 216, 0),
(16241, 2, 0),
(16241, 210, 0),
(16241, 211, 0),
(16241, 216, 0),
(16244, 2, 0),
(16244, 160, 0),
(16244, 199, 0),
(16244, 210, 0),
(16244, 211, 0),
(16244, 216, 0),
(16247, 2, 0),
(16247, 160, 0),
(16247, 199, 0),
(16247, 210, 0),
(16247, 211, 0),
(16247, 216, 0),
(16250, 2, 0),
(16250, 160, 0),
(16250, 199, 0),
(16250, 210, 0),
(16250, 211, 0),
(16250, 216, 0),
(16257, 2, 0),
(16257, 160, 0),
(16257, 210, 0),
(16257, 211, 0),
(16257, 216, 0),
(16257, 218, 0),
(16260, 2, 0),
(16260, 160, 0),
(16260, 210, 0),
(16260, 211, 0),
(16260, 216, 0),
(16265, 2, 0),
(16265, 160, 0),
(16265, 210, 0),
(16265, 211, 0),
(16265, 216, 0),
(16268, 2, 0),
(16268, 160, 0),
(16268, 210, 0),
(16268, 211, 0),
(16268, 216, 0),
(16273, 2, 0),
(16273, 160, 0),
(16273, 210, 0),
(16273, 211, 0),
(16273, 216, 0),
(16277, 2, 0),
(16277, 160, 0),
(16277, 210, 0),
(16277, 211, 0),
(16277, 216, 0),
(16282, 2, 0),
(16282, 160, 0),
(16282, 210, 0),
(16282, 211, 0),
(16282, 216, 0),
(16286, 2, 0),
(16286, 160, 0),
(16286, 210, 0),
(16286, 211, 0),
(16286, 216, 0),
(16290, 2, 0),
(16290, 160, 0),
(16290, 210, 0),
(16290, 211, 0),
(16290, 216, 0),
(16293, 2, 0),
(16293, 160, 0),
(16293, 210, 0),
(16293, 211, 0),
(16293, 216, 0),
(16296, 2, 0),
(16296, 160, 0),
(16296, 210, 0),
(16296, 211, 0),
(16296, 216, 0),
(16338, 2, 0),
(16338, 15, 0),
(16347, 2, 0),
(16347, 249, 0),
(16351, 2, 0),
(16351, 210, 0),
(16351, 239, 0),
(16356, 2, 0),
(16356, 251, 0),
(16361, 2, 0),
(16361, 15, 0),
(16361, 252, 0),
(16364, 2, 0),
(16364, 175, 0),
(16367, 2, 0),
(16367, 175, 0),
(16416, 2, 0),
(16416, 186, 0),
(16424, 2, 0),
(16424, 15, 0),
(16428, 2, 0),
(16428, 184, 0),
(16478, 2, 0),
(16478, 214, 0),
(16481, 2, 0),
(16481, 193, 0),
(16484, 2, 0),
(16484, 251, 0),
(16488, 2, 0),
(16488, 15, 0),
(16535, 2, 0),
(16535, 249, 0),
(16538, 2, 0),
(16538, 166, 0),
(16541, 2, 0),
(16541, 251, 0),
(16546, 2, 0),
(16546, 166, 0),
(16549, 2, 0),
(16549, 251, 0),
(16574, 2, 0),
(16574, 174, 0),
(16577, 2, 0),
(16577, 251, 0),
(16580, 2, 0),
(16580, 188, 0),
(16584, 2, 0),
(16584, 199, 0),
(16586, 2, 0),
(16586, 170, 0),
(16592, 2, 0),
(16592, 15, 0),
(16594, 2, 0),
(16594, 15, 0),
(16644, 2, 0),
(16644, 251, 0),
(16645, 2, 0),
(16645, 214, 0),
(16645, 249, 0),
(16647, 2, 0),
(16647, 208, 0),
(16653, 2, 0),
(16653, 208, 0),
(16673, 2, 0),
(16673, 239, 0),
(16675, 2, 0),
(16675, 15, 0),
(16694, 2, 0),
(16694, 249, 0),
(16697, 2, 0),
(16697, 15, 0),
(16722, 2, 0),
(16722, 15, 0),
(16726, 2, 0),
(16726, 15, 0),
(16731, 2, 0),
(16731, 13, 0),
(16731, 15, 0),
(16737, 2, 0),
(16737, 15, 0),
(16740, 2, 0),
(16740, 15, 0),
(16743, 2, 0),
(16743, 214, 0),
(16746, 2, 0),
(16746, 214, 0),
(16746, 249, 0),
(16795, 2, 0),
(16795, 15, 0),
(16799, 2, 0),
(16799, 166, 0),
(16802, 2, 0),
(16802, 249, 0),
(16805, 2, 0),
(16805, 15, 0),
(16808, 2, 0),
(16808, 15, 0),
(16811, 2, 0),
(16811, 214, 0),
(16814, 2, 0),
(16814, 214, 0),
(16832, 2, 0),
(16832, 251, 0),
(16836, 2, 0),
(16836, 15, 0),
(16839, 2, 0),
(16839, 15, 0),
(16843, 2, 0),
(16843, 251, 0),
(16889, 2, 0),
(16889, 210, 0),
(16889, 249, 0),
(16892, 2, 0),
(16892, 210, 0),
(16895, 2, 0),
(16895, 184, 0),
(16895, 210, 0),
(16898, 2, 0),
(16898, 173, 0),
(16898, 210, 0),
(16901, 2, 0),
(16901, 184, 0),
(16901, 210, 0),
(16905, 2, 0),
(16905, 15, 0),
(16905, 184, 0),
(16905, 210, 0),
(16908, 2, 0),
(16908, 15, 0),
(16908, 210, 0),
(16911, 2, 0),
(16911, 15, 0),
(16911, 210, 0),
(16920, 2, 0),
(16920, 15, 0),
(16926, 2, 0),
(16926, 186, 0),
(16926, 210, 0),
(16929, 2, 0),
(16929, 186, 0),
(16929, 210, 0),
(16933, 2, 0),
(16933, 210, 0),
(16933, 249, 0),
(16936, 2, 0),
(16936, 210, 0),
(16936, 249, 0),
(16939, 2, 0),
(16939, 210, 0),
(16939, 249, 0),
(16943, 2, 0),
(16943, 210, 0),
(16943, 249, 0),
(16946, 2, 0),
(16946, 208, 0),
(16946, 210, 0),
(16961, 2, 0),
(16961, 210, 0),
(16961, 214, 0),
(16967, 2, 0),
(16967, 184, 0),
(16967, 210, 0),
(16970, 2, 0),
(16970, 15, 0),
(16972, 2, 0),
(16972, 210, 0),
(16976, 2, 0),
(16976, 186, 0),
(16976, 210, 0),
(16980, 2, 0),
(16980, 173, 0),
(16980, 210, 0),
(16984, 2, 0),
(16984, 210, 0),
(16984, 249, 0),
(16987, 2, 0),
(16987, 210, 0),
(16987, 249, 0),
(16991, 2, 0),
(16991, 161, 0),
(16991, 210, 0),
(16991, 218, 0),
(17003, 2, 0),
(17003, 210, 0),
(17003, 249, 0),
(17010, 2, 0),
(17010, 210, 0),
(17010, 249, 0),
(17018, 2, 0),
(17018, 218, 0),
(17021, 2, 0),
(17021, 210, 0),
(17024, 2, 0),
(17024, 161, 0),
(17024, 210, 0),
(17027, 2, 0),
(17027, 210, 0),
(17027, 218, 0),
(17055, 2, 0),
(17055, 208, 0),
(17055, 210, 0),
(17059, 2, 0),
(17059, 208, 0),
(17059, 210, 0),
(17063, 2, 0),
(17063, 210, 0),
(17063, 218, 0),
(17070, 2, 0),
(17070, 15, 0),
(17070, 210, 0),
(17070, 214, 0),
(17073, 2, 0),
(17073, 161, 0),
(17073, 210, 0),
(17073, 218, 0),
(17094, 2, 0),
(17094, 210, 0),
(17094, 218, 0),
(17104, 2, 0),
(17104, 15, 0),
(17107, 2, 0),
(17107, 249, 0),
(17110, 2, 0),
(17110, 210, 0),
(17121, 2, 0),
(17121, 15, 0),
(17125, 2, 0),
(17125, 15, 0),
(17128, 2, 0),
(17128, 210, 0),
(17128, 218, 0),
(17131, 2, 0),
(17131, 208, 0),
(17131, 210, 0),
(17131, 218, 0),
(17135, 2, 0),
(17135, 210, 0),
(17135, 214, 0),
(17138, 2, 0),
(17138, 210, 0),
(17138, 284, 0),
(17142, 2, 0),
(17142, 210, 0),
(17142, 284, 0),
(17157, 2, 0),
(17157, 15, 0),
(17160, 2, 0),
(17160, 15, 0),
(17163, 2, 0),
(17163, 210, 0),
(17163, 214, 0),
(17167, 2, 0),
(17167, 15, 0),
(17181, 2, 0),
(17181, 15, 0),
(17184, 2, 0),
(17184, 210, 0),
(17184, 218, 0),
(17187, 2, 0),
(17187, 161, 0),
(17187, 210, 0),
(17187, 218, 0),
(17208, 2, 0),
(17208, 199, 0),
(17217, 2, 0),
(17217, 161, 0),
(17217, 164, 0),
(17221, 2, 0),
(17221, 15, 0),
(17225, 255, 0),
(17227, 255, 0),
(17239, 2, 0),
(17239, 210, 0),
(17239, 284, 0),
(17242, 2, 0),
(17242, 164, 0),
(17242, 210, 0),
(17242, 218, 0),
(17245, 2, 0),
(17245, 164, 0),
(17245, 218, 0),
(17248, 2, 0),
(17248, 164, 0),
(17248, 218, 0),
(17252, 2, 0),
(17252, 164, 0),
(17252, 218, 0),
(17273, 2, 0),
(17273, 210, 0),
(17273, 218, 0),
(17276, 2, 0),
(17276, 183, 0),
(17280, 2, 0),
(17280, 218, 0),
(17284, 2, 0),
(17284, 164, 0),
(17284, 210, 0),
(17284, 218, 0),
(17287, 2, 0),
(17287, 202, 0),
(17287, 210, 0),
(17321, 2, 0),
(17321, 199, 0),
(17321, 210, 0),
(17324, 2, 0),
(17324, 199, 0),
(17324, 210, 0),
(17327, 2, 0),
(17327, 199, 0),
(17327, 210, 0),
(17330, 2, 0),
(17330, 208, 0),
(17330, 210, 0),
(17333, 2, 0),
(17333, 186, 0),
(17333, 210, 0),
(17340, 2, 0),
(17340, 210, 0),
(17340, 214, 0),
(17348, 2, 0),
(17348, 208, 0),
(17348, 210, 0),
(17359, 2, 0),
(17359, 186, 0),
(17369, 2, 0),
(17369, 15, 0),
(17372, 2, 0),
(17372, 210, 0),
(17372, 218, 0),
(17375, 2, 0),
(17375, 179, 0),
(17375, 210, 0),
(17378, 2, 0),
(17378, 214, 0),
(17391, 255, 0),
(17397, 255, 0),
(17410, 2, 0),
(17410, 161, 0),
(17410, 210, 0),
(17413, 2, 0),
(17413, 249, 0),
(17428, 255, 0),
(17433, 255, 0),
(17437, 255, 0),
(17441, 255, 0),
(17449, 255, 0),
(17452, 255, 0),
(17458, 255, 0),
(17461, 255, 0),
(17471, 255, 0),
(17475, 255, 0),
(17478, 255, 0),
(17482, 255, 0),
(17487, 1, 0),
(17492, 255, 0),
(17496, 255, 0),
(17499, 255, 0),
(17503, 255, 0),
(17507, 255, 0),
(17511, 255, 0),
(17515, 255, 0),
(17703, 288, 0),
(17703, 289, 0),
(17785, 1, 0),
(17788, 1, 0),
(17792, 1, 0),
(17794, 1, 0),
(17810, 1, 0),
(17810, 290, 0),
(17810, 291, 0),
(17810, 292, 0),
(17810, 293, 0),
(17810, 294, 0),
(17810, 295, 0),
(17812, 1, 0),
(17812, 296, 0),
(17812, 297, 0),
(17812, 298, 0),
(17812, 299, 0),
(17812, 300, 0),
(17812, 301, 0),
(17812, 302, 0),
(17812, 303, 0),
(17812, 304, 0),
(17812, 305, 0),
(17814, 1, 0),
(17816, 1, 0),
(17819, 1, 0),
(17821, 1, 0),
(17825, 1, 0),
(17829, 1, 0),
(17831, 1, 0),
(17833, 1, 0),
(17835, 1, 0),
(17837, 1, 0),
(17840, 1, 0),
(17840, 306, 0),
(17840, 307, 0),
(17840, 308, 0),
(17840, 309, 0),
(17840, 310, 0),
(17840, 311, 0),
(17840, 312, 0),
(17840, 313, 0),
(17840, 314, 0),
(17840, 315, 0),
(17840, 316, 0),
(17840, 317, 0),
(17840, 318, 0),
(17840, 319, 0),
(17840, 320, 0),
(17840, 321, 0),
(17843, 1, 0),
(17854, 1, 0),
(17857, 1, 0),
(17859, 1, 0),
(17865, 1, 0),
(17871, 1, 0),
(17871, 322, 0),
(17871, 323, 0),
(17871, 324, 0),
(17871, 325, 0),
(17874, 1, 0),
(17874, 322, 0),
(17874, 323, 0),
(17874, 326, 0),
(17874, 327, 0),
(17876, 1, 0),
(17878, 1, 0),
(17880, 1, 0),
(17882, 1, 0),
(17885, 1, 0),
(17888, 1, 0),
(17888, 322, 0),
(17888, 323, 0),
(17888, 324, 0),
(17888, 325, 0),
(17888, 326, 0),
(17888, 328, 0),
(17888, 329, 0),
(17888, 330, 0),
(17888, 331, 0),
(17888, 332, 0),
(17890, 1, 0),
(17890, 322, 0),
(17890, 323, 0),
(17890, 324, 0),
(17890, 325, 0),
(17890, 326, 0),
(17890, 328, 0),
(17890, 329, 0),
(17890, 330, 0),
(17890, 331, 0),
(17890, 332, 0),
(17893, 1, 0),
(17898, 1, 0),
(17905, 1, 0),
(17907, 1, 0),
(17915, 333, 0),
(17915, 334, 0),
(17923, 1, 0),
(17926, 1, 0),
(17929, 333, 0),
(17929, 334, 0),
(17931, 1, 0),
(17935, 335, 0),
(17935, 336, 0),
(17937, 1, 0),
(17941, 1, 0),
(17941, 337, 0),
(17941, 338, 0),
(17941, 339, 0),
(17941, 340, 0),
(17941, 341, 0),
(17941, 342, 0),
(17941, 343, 0),
(17941, 344, 0),
(17941, 345, 0),
(17941, 346, 0),
(17941, 347, 0),
(17941, 348, 0),
(17941, 349, 0),
(17941, 350, 0),
(17941, 351, 0),
(17941, 352, 0),
(17941, 353, 0),
(17941, 354, 0),
(17941, 355, 0),
(17941, 356, 0),
(17941, 357, 0),
(17941, 358, 0),
(17949, 2, 0),
(17949, 184, 0),
(17949, 359, 0),
(17950, 2, 0),
(17950, 15, 0),
(17950, 252, 0),
(17952, 2, 0),
(17952, 15, 0),
(17953, 2, 0),
(17953, 218, 0),
(17956, 2, 0),
(17956, 15, 0),
(17956, 360, 0),
(17966, 2, 0),
(17966, 218, 0),
(17967, 2, 0),
(17967, 233, 0),
(17969, 2, 0),
(17969, 218, 0),
(17970, 2, 0),
(17970, 15, 0),
(17971, 2, 0),
(17971, 15, 0),
(17982, 2, 0),
(17982, 218, 0),
(17984, 15, 0),
(17992, 1, 0),
(17995, 2, 0),
(17995, 284, 0),
(18000, 2, 0),
(18000, 161, 0),
(18004, 2, 0),
(18004, 284, 0),
(18006, 2, 0),
(18006, 284, 0),
(18008, 2, 0),
(18008, 284, 0),
(18014, 2, 0),
(18014, 284, 0),
(18019, 2, 0),
(18019, 284, 0),
(18022, 2, 0),
(18022, 284, 0),
(18025, 2, 0),
(18025, 284, 0),
(18029, 2, 0),
(18029, 284, 0),
(18032, 2, 0),
(18032, 284, 0),
(18035, 2, 0),
(18035, 284, 0),
(18038, 2, 0),
(18038, 284, 0),
(18042, 2, 0),
(18042, 284, 0),
(18046, 2, 0),
(18046, 193, 0),
(18046, 194, 0),
(18049, 2, 0),
(18049, 15, 0),
(18052, 2, 0),
(18052, 284, 0),
(18059, 1, 0),
(18061, 1, 0),
(18065, 1, 0),
(18070, 361, 0),
(18070, 362, 0),
(18075, 1, 0),
(18078, 1, 0),
(18081, 1, 0),
(18084, 361, 0),
(18084, 362, 0),
(18090, 363, 0),
(18090, 364, 0),
(18092, 365, 0),
(18092, 366, 0),
(18094, 365, 0),
(18094, 366, 0),
(18096, 367, 0),
(18096, 368, 0),
(18098, 1, 0),
(18100, 1, 0),
(18106, 1, 0),
(18110, 288, 0),
(18110, 369, 0),
(18113, 334, 0),
(18113, 370, 0),
(18115, 334, 0),
(18115, 370, 0),
(18117, 334, 0),
(18117, 370, 0),
(18224, 1, 0),
(18264, 1, 0),
(18267, 1, 0),
(18269, 1, 0),
(18271, 1, 0),
(18273, 1, 0),
(18276, 1, 0),
(18278, 1, 0),
(18280, 1, 0),
(18280, 296, 0),
(18280, 297, 0),
(18280, 298, 0),
(18280, 299, 0),
(18280, 300, 0),
(18280, 301, 0),
(18280, 302, 0),
(18280, 303, 0),
(18280, 304, 0),
(18280, 305, 0),
(18280, 371, 0),
(18280, 372, 0),
(18280, 373, 0),
(18280, 374, 0),
(18280, 375, 0),
(18280, 376, 0),
(18280, 377, 0),
(18280, 378, 0),
(18280, 379, 0),
(18280, 380, 0),
(18280, 381, 0),
(18280, 382, 0),
(18280, 383, 0),
(18280, 384, 0),
(18280, 385, 0),
(18280, 386, 0),
(18280, 387, 0),
(18280, 388, 0),
(18280, 389, 0),
(18280, 390, 0),
(18280, 391, 0),
(18280, 392, 0),
(18280, 393, 0),
(18280, 394, 0),
(18280, 395, 0),
(18280, 396, 0),
(18280, 397, 0),
(18280, 398, 0),
(18280, 399, 0),
(18282, 31, 0),
(18283, 31, 0),
(18284, 31, 0),
(18285, 31, 0),
(18286, 31, 0),
(18287, 31, 0),
(18288, 31, 0),
(18289, 31, 0),
(18290, 31, 0),
(18291, 31, 0),
(18292, 31, 0),
(18293, 31, 0),
(18294, 31, 0),
(18295, 31, 0),
(18296, 31, 0),
(18297, 31, 0),
(18298, 31, 0),
(18299, 31, 0),
(18300, 31, 0),
(18301, 31, 0),
(18302, 31, 0),
(18303, 31, 0),
(18304, 31, 0),
(18305, 31, 0),
(18306, 31, 0),
(18307, 31, 0),
(18308, 31, 0),
(18309, 31, 0),
(18310, 31, 0),
(18311, 31, 0),
(18312, 31, 0),
(18313, 31, 0),
(18314, 31, 0),
(18315, 31, 0),
(18316, 31, 0),
(18317, 31, 0),
(18318, 31, 0),
(18319, 31, 0),
(18320, 31, 0),
(18321, 31, 0),
(18322, 31, 0),
(18323, 31, 0),
(18324, 31, 0),
(18325, 31, 0),
(18326, 31, 0),
(18327, 31, 0),
(18328, 31, 0),
(18329, 31, 0),
(18330, 31, 0),
(18331, 31, 0),
(18332, 31, 0),
(18333, 31, 0),
(18334, 31, 0),
(18337, 1, 0),
(18343, 1, 0),
(18345, 1, 0),
(18349, 1, 0),
(18352, 1, 0),
(18357, 1, 0),
(18360, 1, 0),
(18362, 334, 0),
(18362, 400, 0),
(18364, 334, 0),
(18364, 400, 0),
(18366, 334, 0),
(18366, 400, 0),
(18368, 1, 0),
(18407, 1, 0),
(18411, 1, 0),
(18422, 2, 0),
(18422, 15, 0),
(18422, 401, 0),
(18423, 2, 0),
(18423, 284, 0),
(18423, 402, 0),
(18440, 2, 0),
(18440, 249, 0),
(18443, 2, 0),
(18443, 15, 0),
(18443, 402, 0),
(18447, 2, 0),
(18447, 188, 0),
(18450, 2, 0),
(18450, 15, 0),
(18450, 403, 0),
(18453, 2, 0),
(18453, 15, 0),
(18453, 403, 0),
(18456, 2, 0),
(18456, 15, 0),
(18456, 404, 0),
(18460, 2, 0),
(18460, 249, 0),
(18460, 402, 0),
(18463, 2, 0),
(18463, 15, 0),
(18463, 402, 0),
(18467, 2, 0),
(18467, 249, 0),
(18467, 402, 0),
(18470, 2, 0),
(18470, 15, 0),
(18470, 404, 0),
(18473, 2, 0),
(18473, 15, 0),
(18476, 2, 0),
(18476, 15, 0),
(18476, 402, 0),
(18479, 2, 0),
(18479, 15, 0),
(18479, 402, 0),
(18482, 2, 0),
(18482, 405, 0),
(18486, 2, 0),
(18486, 249, 0),
(18490, 2, 0),
(18490, 406, 0),
(18494, 2, 0),
(18494, 406, 0),
(18497, 2, 0),
(18497, 404, 0),
(18497, 406, 0),
(18502, 2, 0),
(18502, 15, 0),
(18502, 404, 0),
(18505, 407, 0),
(18505, 408, 0),
(18509, 2, 0),
(18509, 406, 0),
(18516, 2, 0),
(18516, 406, 0),
(18520, 1, 0),
(18520, 293, 0),
(18520, 294, 0),
(18520, 295, 0),
(18520, 409, 0),
(18520, 410, 0),
(18520, 411, 0),
(18520, 412, 0),
(18520, 413, 0),
(18520, 414, 0),
(18520, 415, 0),
(18520, 416, 0),
(18520, 417, 0),
(18520, 418, 0),
(18520, 419, 0),
(18520, 420, 0),
(18520, 421, 0),
(18520, 422, 0),
(18520, 423, 0),
(18520, 424, 0),
(18520, 425, 0),
(18520, 426, 0),
(18520, 427, 0),
(18520, 428, 0),
(18520, 429, 0),
(18520, 430, 0),
(18520, 431, 0),
(18520, 432, 0),
(18520, 433, 0),
(18520, 434, 0),
(18520, 435, 0),
(18520, 436, 0),
(18520, 437, 0),
(18520, 438, 0),
(18520, 439, 0),
(18520, 440, 0),
(18520, 441, 0),
(18520, 442, 0),
(18520, 443, 0),
(18520, 444, 0),
(18520, 445, 0),
(18520, 446, 0),
(18521, 2, 0),
(18521, 406, 0),
(18526, 2, 0),
(18526, 447, 0),
(18531, 2, 0),
(18531, 249, 0),
(18535, 2, 0),
(18535, 249, 0),
(18540, 2, 0),
(18540, 249, 0),
(18545, 2, 0),
(18545, 249, 0),
(18548, 2, 0),
(18548, 15, 0),
(18553, 2, 0),
(18553, 249, 0),
(18556, 1, 0),
(18560, 2, 0),
(18560, 406, 0),
(18561, 1, 0),
(18566, 2, 0),
(18566, 447, 0),
(18571, 2, 0),
(18571, 448, 0),
(18576, 1, 0),
(18579, 2, 0),
(18579, 15, 0),
(18579, 448, 0),
(18586, 2, 0),
(18586, 447, 0),
(18594, 2, 0),
(18594, 405, 0),
(18597, 2, 0),
(18597, 193, 0),
(18601, 2, 0),
(18601, 447, 0),
(18604, 2, 0),
(18604, 449, 0),
(18608, 2, 0),
(18608, 450, 0),
(18612, 2, 0),
(18612, 451, 0),
(18617, 2, 0),
(18617, 210, 0),
(18622, 2, 0),
(18622, 406, 0),
(18627, 2, 0),
(18627, 452, 0),
(18632, 2, 0),
(18632, 452, 0),
(18635, 2, 0),
(18635, 452, 0),
(18640, 2, 0),
(18640, 452, 0),
(18645, 2, 0),
(18645, 199, 0),
(18650, 2, 0),
(18650, 218, 0),
(18653, 2, 0),
(18653, 284, 0),
(18708, 2, 0),
(18708, 450, 0),
(18712, 2, 0),
(18712, 15, 0),
(18716, 2, 0),
(18716, 249, 0),
(18720, 2, 0),
(18720, 249, 0),
(18724, 2, 0),
(18724, 453, 0),
(18727, 2, 0),
(18727, 454, 0),
(18731, 2, 0),
(18731, 455, 0),
(18736, 2, 0),
(18736, 15, 0),
(18740, 2, 0),
(18740, 447, 0),
(18749, 2, 0),
(18749, 169, 0),
(18751, 1, 0),
(18752, 1, 0),
(18759, 1, 0),
(18763, 2, 0),
(18763, 447, 0),
(18767, 2, 0),
(18767, 188, 0),
(18771, 2, 0),
(18771, 188, 0),
(18774, 2, 0),
(18774, 452, 0),
(18778, 2, 0),
(18778, 15, 0),
(18782, 2, 0),
(18782, 452, 0),
(18788, 2, 0),
(18788, 406, 0),
(18791, 2, 0),
(18791, 284, 0),
(18794, 2, 0),
(18794, 15, 0),
(18800, 2, 0),
(18800, 447, 0),
(18803, 2, 0),
(18803, 451, 0),
(18806, 2, 0),
(18806, 406, 0),
(18811, 2, 0),
(18811, 15, 0),
(18814, 2, 0),
(18814, 406, 0),
(18817, 2, 0),
(18817, 456, 0),
(18821, 2, 0),
(18821, 406, 0),
(18825, 2, 0),
(18825, 406, 0),
(18829, 2, 0),
(18829, 406, 0),
(18832, 2, 0),
(18832, 457, 0),
(18836, 2, 0),
(18836, 15, 0),
(18840, 2, 0),
(18840, 406, 0),
(18845, 2, 0),
(18845, 458, 0),
(18848, 2, 0),
(18848, 447, 0),
(18851, 2, 0),
(18851, 249, 0),
(18854, 2, 0),
(18854, 406, 0),
(18858, 2, 0),
(18858, 406, 0),
(18861, 2, 0),
(18861, 451, 0),
(18864, 2, 0),
(18864, 451, 0),
(18867, 2, 0),
(18867, 218, 0),
(18871, 2, 0),
(18871, 406, 0),
(18874, 2, 0),
(18874, 457, 0),
(18878, 2, 0),
(18878, 447, 0),
(18881, 2, 0),
(18881, 15, 0),
(18881, 447, 0),
(18888, 2, 0),
(18888, 405, 0),
(18892, 2, 0),
(18892, 457, 0),
(18896, 2, 0),
(18896, 249, 0),
(18899, 2, 0),
(18899, 406, 0),
(18902, 2, 0),
(18902, 451, 0),
(18905, 2, 0),
(18905, 406, 0),
(18908, 2, 0),
(18908, 406, 0),
(18912, 2, 0),
(18912, 214, 0),
(18916, 2, 0),
(18916, 459, 0),
(18922, 2, 0),
(18922, 447, 0),
(18926, 2, 0),
(18926, 450, 0),
(18929, 2, 0),
(18929, 406, 0),
(18932, 2, 0),
(18932, 406, 0),
(18935, 2, 0),
(18935, 249, 0),
(18941, 2, 0),
(18941, 218, 0),
(18944, 2, 0),
(18944, 447, 0),
(18948, 2, 0),
(18948, 453, 0),
(18953, 2, 0),
(18953, 249, 0),
(18958, 2, 0),
(18958, 199, 0),
(18962, 2, 0),
(18962, 406, 0),
(18968, 2, 0),
(18968, 447, 0),
(18973, 2, 0),
(18973, 249, 0),
(18978, 2, 0),
(18978, 452, 0),
(18982, 2, 0),
(18982, 218, 0),
(18987, 2, 0),
(18987, 454, 0),
(18991, 2, 0),
(18991, 15, 0),
(18995, 2, 0),
(18995, 165, 0),
(18999, 2, 0),
(18999, 447, 0),
(19002, 2, 0),
(19002, 188, 0),
(19008, 2, 0),
(19008, 459, 0),
(19013, 2, 0),
(19013, 165, 0),
(19019, 2, 0),
(19019, 249, 0),
(19023, 2, 0),
(19023, 406, 0),
(19041, 2, 0),
(19041, 214, 0),
(19045, 2, 0),
(19045, 406, 0),
(19048, 2, 0),
(19048, 454, 0),
(19052, 2, 0),
(19052, 199, 0),
(19059, 2, 0),
(19059, 406, 0),
(19063, 2, 0),
(19063, 15, 0),
(19067, 2, 0),
(19067, 15, 0),
(19071, 2, 0),
(19071, 165, 0),
(19074, 2, 0),
(19074, 460, 0),
(19077, 2, 0),
(19077, 461, 0),
(19080, 2, 0),
(19080, 284, 0),
(19085, 2, 0),
(19085, 406, 0),
(19089, 2, 0),
(19089, 406, 0),
(19098, 2, 0),
(19098, 449, 0),
(19103, 2, 0),
(19103, 284, 0),
(19111, 2, 0),
(19111, 406, 0),
(19114, 2, 0),
(19114, 406, 0),
(19118, 2, 0),
(19118, 406, 0),
(19122, 2, 0),
(19122, 447, 0),
(19126, 1, 0),
(19127, 2, 0),
(19127, 165, 0),
(19133, 2, 0),
(19133, 165, 0),
(19137, 2, 0),
(19137, 406, 0),
(19142, 2, 0),
(19142, 188, 0),
(19149, 2, 0),
(19149, 214, 0),
(19152, 2, 0),
(19152, 406, 0),
(19156, 2, 0),
(19156, 15, 0),
(19161, 2, 0),
(19161, 15, 0),
(19168, 2, 0),
(19168, 15, 0),
(19172, 2, 0),
(19172, 15, 0),
(19176, 2, 0),
(19176, 457, 0),
(19182, 2, 0),
(19182, 457, 0),
(19186, 2, 0),
(19186, 457, 0),
(19196, 2, 0),
(19196, 462, 0),
(19203, 2, 0),
(19203, 463, 0),
(19206, 2, 0),
(19206, 464, 0),
(19213, 2, 0),
(19213, 214, 0),
(19217, 2, 0),
(19217, 451, 0),
(19222, 2, 0),
(19222, 464, 0),
(19225, 2, 0),
(19225, 451, 0),
(19229, 2, 0),
(19229, 15, 0),
(19240, 2, 0),
(19240, 452, 0),
(19243, 2, 0),
(19243, 406, 0),
(19246, 2, 0),
(19246, 188, 0),
(19250, 2, 0),
(19250, 249, 0),
(19253, 2, 0),
(19253, 249, 0),
(19257, 2, 0),
(19257, 249, 0),
(19261, 449, 0),
(19262, 2, 0),
(19262, 449, 0),
(19265, 2, 0),
(19265, 447, 0),
(19268, 2, 0),
(19268, 447, 0),
(19271, 2, 0),
(19271, 457, 0),
(19276, 2, 0),
(19276, 406, 0),
(19281, 2, 0),
(19281, 249, 0),
(19284, 2, 0),
(19284, 188, 0),
(19288, 2, 0),
(19288, 406, 0),
(19295, 2, 0),
(19295, 406, 0),
(19300, 2, 0),
(19300, 465, 0),
(19306, 2, 0),
(19306, 284, 0),
(19312, 2, 0),
(19312, 199, 0),
(19329, 2, 0),
(19329, 199, 0),
(19334, 2, 0),
(19334, 199, 0),
(19339, 2, 0),
(19339, 199, 0),
(19344, 2, 0),
(19344, 199, 0),
(19348, 2, 0),
(19348, 199, 0),
(19351, 2, 0),
(19351, 461, 0),
(19355, 2, 0),
(19355, 249, 0),
(19356, 407, 0),
(19356, 408, 0),
(19357, 407, 0),
(19357, 408, 0),
(19362, 2, 0),
(19362, 218, 0),
(19373, 2, 0),
(19373, 249, 0),
(19377, 2, 0),
(19377, 15, 0),
(19383, 2, 0),
(19383, 466, 0),
(19387, 2, 0),
(19387, 208, 0),
(19392, 2, 0),
(19392, 249, 0),
(19395, 2, 0),
(19395, 447, 0),
(19398, 2, 0),
(19398, 467, 0),
(19403, 1, 0),
(19405, 2, 0),
(19405, 406, 0),
(19409, 1, 0),
(19416, 2, 0),
(19416, 169, 0),
(19424, 472, 0),
(19424, 473, 0),
(19424, 474, 0),
(19424, 475, 0),
(19424, 476, 0),
(19424, 477, 0),
(19433, 2, 0),
(19433, 188, 0),
(19437, 2, 0),
(19437, 284, 0),
(19441, 2, 0),
(19441, 462, 0),
(19445, 2, 0),
(19445, 462, 0),
(19450, 2, 0),
(19450, 249, 0),
(19453, 2, 0),
(19453, 165, 0),
(19458, 2, 0),
(19458, 249, 0),
(19461, 2, 0),
(19461, 208, 0),
(19464, 2, 0),
(19464, 249, 0),
(19472, 2, 0),
(19472, 457, 0),
(19483, 2, 0),
(19483, 478, 0),
(19486, 2, 0);
INSERT INTO `wp_term_relationships` (`object_id`, `term_taxonomy_id`, `term_order`) VALUES
(19486, 194, 0),
(19489, 2, 0),
(19489, 453, 0),
(19492, 2, 0),
(19492, 406, 0),
(19495, 2, 0),
(19495, 451, 0),
(19502, 2, 0),
(19502, 461, 0),
(19505, 2, 0),
(19505, 406, 0),
(19510, 2, 0),
(19510, 464, 0),
(19514, 2, 0),
(19514, 451, 0),
(19519, 2, 0),
(19519, 464, 0),
(19525, 2, 0),
(19525, 455, 0),
(19532, 2, 0),
(19532, 249, 0),
(19535, 2, 0),
(19535, 249, 0),
(19538, 2, 0),
(19538, 15, 0),
(19542, 2, 0),
(19542, 406, 0),
(19546, 2, 0),
(19546, 249, 0),
(19555, 2, 0),
(19555, 249, 0),
(19561, 2, 0),
(19561, 188, 0),
(19565, 2, 0),
(19565, 458, 0),
(19570, 2, 0),
(19570, 479, 0),
(19573, 2, 0),
(19573, 480, 0),
(19576, 2, 0),
(19576, 447, 0),
(19580, 2, 0),
(19580, 406, 0),
(19586, 2, 0),
(19586, 406, 0),
(19590, 2, 0),
(19590, 406, 0),
(19594, 2, 0),
(19594, 406, 0),
(19597, 2, 0),
(19597, 249, 0),
(19600, 2, 0),
(19600, 406, 0),
(19603, 2, 0),
(19603, 208, 0),
(19606, 2, 0),
(19606, 208, 0),
(19609, 2, 0),
(19609, 170, 0),
(19613, 1, 0),
(19615, 1, 0),
(19618, 2, 0),
(19618, 481, 0),
(19621, 2, 0),
(19621, 482, 0),
(19624, 2, 0),
(19624, 249, 0),
(19629, 2, 0),
(19629, 406, 0),
(19634, 2, 0),
(19634, 194, 0),
(19636, 1, 0),
(19640, 2, 0),
(19640, 450, 0),
(19643, 2, 0),
(19643, 450, 0),
(19649, 2, 0),
(19649, 194, 0),
(19652, 2, 0),
(19652, 450, 0),
(19655, 2, 0),
(19655, 165, 0),
(19662, 2, 0),
(19662, 249, 0),
(19665, 2, 0),
(19665, 284, 0),
(19669, 2, 0),
(19669, 483, 0),
(19672, 2, 0),
(19672, 249, 0),
(19677, 2, 0),
(19677, 457, 0),
(19680, 2, 0),
(19680, 249, 0),
(19683, 2, 0),
(19683, 406, 0),
(19687, 1, 0),
(19692, 2, 0),
(19692, 249, 0),
(19695, 2, 0),
(19695, 453, 0),
(19698, 2, 0),
(19698, 406, 0),
(19701, 2, 0),
(19701, 447, 0),
(19705, 2, 0),
(19705, 249, 0),
(19712, 2, 0),
(19712, 454, 0),
(19716, 2, 0),
(19716, 461, 0),
(19725, 2, 0),
(19725, 406, 0),
(19730, 2, 0),
(19730, 406, 0),
(19733, 1, 0),
(19736, 2, 0),
(19736, 406, 0),
(19739, 2, 0),
(19739, 214, 0),
(19744, 2, 0),
(19744, 451, 0),
(19750, 2, 0),
(19750, 188, 0),
(19753, 2, 0),
(19753, 406, 0),
(19757, 2, 0),
(19757, 406, 0),
(19761, 1, 0),
(19763, 2, 0),
(19763, 484, 0),
(19769, 2, 0),
(19769, 484, 0),
(19772, 484, 0),
(19773, 2, 0),
(19773, 484, 0),
(19776, 2, 0),
(19776, 406, 0),
(19779, 2, 0),
(19779, 406, 0),
(19782, 2, 0),
(19782, 208, 0),
(19805, 2, 0),
(19805, 202, 0),
(19814, 2, 0),
(19814, 464, 0),
(19819, 1, 0),
(19822, 489, 0),
(19822, 490, 0),
(19822, 491, 0),
(19822, 492, 0),
(19822, 493, 0),
(19822, 494, 0),
(19824, 1, 0),
(19829, 2, 0),
(19829, 188, 0),
(19832, 2, 0),
(19832, 495, 0),
(19837, 2, 0),
(19837, 406, 0),
(19840, 2, 0),
(19840, 481, 0),
(19843, 2, 0),
(19843, 496, 0),
(19847, 1, 0),
(19856, 1, 0),
(19858, 1, 0),
(19859, 1, 0),
(19860, 1, 0),
(19861, 1, 0),
(19867, 1, 0),
(19869, 1, 0),
(19872, 1, 0),
(19879, 1, 0),
(19883, 1, 0),
(19885, 1, 0),
(19895, 288, 0),
(19895, 497, 0),
(19902, 1, 0),
(19904, 2, 0),
(19904, 464, 0),
(19908, 2, 0),
(19908, 481, 0),
(19912, 2, 0),
(19912, 464, 0),
(19916, 2, 0),
(19916, 406, 0),
(19921, 2, 0),
(19921, 498, 0),
(19925, 2, 0),
(19925, 447, 0),
(19928, 2, 0),
(19928, 461, 0),
(19931, 2, 0),
(19931, 406, 0),
(19935, 2, 0),
(19935, 249, 0),
(19938, 2, 0),
(19938, 461, 0),
(19942, 2, 0),
(19942, 214, 0),
(19945, 2, 0),
(19945, 249, 0),
(19949, 2, 0),
(19949, 465, 0),
(19951, 2, 0),
(19951, 406, 0),
(19958, 2, 0),
(19958, 406, 0),
(19963, 2, 0),
(19963, 165, 0),
(19968, 2, 0),
(19968, 499, 0),
(19971, 2, 0),
(19971, 499, 0),
(19975, 2, 0),
(19975, 498, 0),
(19978, 2, 0),
(19978, 499, 0),
(19981, 2, 0),
(19981, 165, 0),
(19987, 1, 0),
(19991, 2, 0),
(19991, 284, 0),
(19995, 2, 0),
(19995, 193, 0),
(19998, 2, 0),
(19998, 452, 0),
(20002, 2, 0),
(20002, 249, 0),
(20013, 2, 0),
(20013, 481, 0),
(20016, 2, 0),
(20016, 188, 0),
(20019, 2, 0),
(20019, 478, 0),
(20022, 500, 0),
(20022, 501, 0),
(20026, 1, 0),
(20028, 1, 0),
(20031, 2, 0),
(20031, 406, 0),
(20034, 2, 0),
(20034, 406, 0),
(20037, 2, 0),
(20037, 502, 0),
(20042, 1, 0),
(20044, 2, 0),
(20044, 406, 0),
(20047, 2, 0),
(20047, 406, 0),
(20053, 2, 0),
(20053, 186, 0),
(20057, 2, 0),
(20057, 503, 0),
(20060, 2, 0),
(20060, 502, 0),
(20064, 2, 0),
(20064, 504, 0),
(20068, 2, 0),
(20068, 461, 0),
(20072, 2, 0),
(20072, 188, 0),
(20079, 2, 0),
(20079, 406, 0),
(20082, 2, 0),
(20082, 503, 0),
(20086, 2, 0),
(20086, 450, 0),
(20091, 2, 0),
(20091, 194, 0),
(20096, 505, 0),
(20096, 506, 0),
(20098, 288, 0),
(20101, 1, 0),
(20101, 507, 0),
(20104, 2, 0),
(20104, 450, 0),
(20107, 2, 0),
(20107, 406, 0),
(20110, 2, 0),
(20110, 406, 0),
(20113, 2, 0),
(20113, 406, 0),
(20116, 2, 0),
(20116, 406, 0),
(20119, 2, 0),
(20119, 165, 0),
(20125, 2, 0),
(20125, 406, 0),
(20129, 2, 0),
(20129, 481, 0),
(20133, 1, 0),
(20135, 2, 0),
(20135, 214, 0),
(20138, 2, 0),
(20138, 165, 0),
(20142, 2, 0),
(20142, 406, 0),
(20150, 2, 0),
(20150, 450, 0),
(20154, 2, 0),
(20154, 249, 0),
(20158, 2, 0),
(20158, 450, 0),
(20162, 2, 0),
(20162, 406, 0),
(20165, 2, 0),
(20165, 447, 0),
(20168, 2, 0),
(20168, 406, 0),
(20172, 2, 0),
(20172, 169, 0),
(20175, 2, 0),
(20175, 447, 0),
(20180, 2, 0),
(20180, 508, 0),
(20186, 2, 0),
(20186, 406, 0),
(20189, 2, 0),
(20189, 479, 0),
(20194, 2, 0),
(20194, 509, 0),
(20197, 2, 0),
(20197, 406, 0),
(20200, 2, 0),
(20200, 186, 0),
(20204, 2, 0),
(20204, 249, 0),
(20208, 2, 0),
(20208, 450, 0),
(20211, 2, 0),
(20211, 406, 0),
(20214, 2, 0),
(20214, 453, 0),
(20217, 2, 0),
(20217, 406, 0),
(20220, 2, 0),
(20220, 510, 0),
(20223, 2, 0),
(20223, 186, 0),
(20227, 2, 0),
(20227, 406, 0),
(20230, 2, 0),
(20230, 511, 0),
(20234, 1, 0),
(20237, 2, 0),
(20237, 249, 0),
(20240, 2, 0),
(20240, 452, 0),
(20243, 2, 0),
(20243, 452, 0),
(20246, 2, 0),
(20246, 406, 0),
(20249, 2, 0),
(20249, 406, 0),
(20253, 2, 0),
(20253, 465, 0),
(20257, 512, 0),
(20257, 513, 0),
(20260, 2, 0),
(20260, 406, 0),
(20265, 514, 0),
(20265, 515, 0),
(20268, 2, 0),
(20268, 465, 0),
(20272, 2, 0),
(20272, 406, 0),
(20275, 2, 0),
(20275, 465, 0),
(20279, 2, 0),
(20279, 465, 0),
(20284, 2, 0),
(20284, 465, 0),
(20287, 1, 0),
(20287, 516, 0),
(20292, 2, 0),
(20292, 465, 0),
(20297, 2, 0),
(20297, 406, 0),
(20300, 2, 0),
(20300, 517, 0),
(20305, 2, 0),
(20305, 249, 0),
(20308, 2, 0),
(20308, 465, 0),
(20313, 1, 0),
(20317, 1, 0),
(20321, 333, 0),
(20321, 518, 0),
(20321, 519, 0),
(20321, 520, 0),
(20321, 521, 0),
(20324, 333, 0),
(20324, 518, 0),
(20324, 519, 0),
(20324, 522, 0),
(20327, 2, 0),
(20327, 450, 0),
(20332, 2, 0),
(20332, 406, 0),
(20336, 2, 0),
(20336, 170, 0),
(20337, 1, 0),
(20345, 1, 0),
(20347, 1, 0),
(20350, 2, 0),
(20350, 249, 0),
(20351, 1, 0),
(20357, 2, 0),
(20357, 447, 0),
(20360, 2, 0),
(20360, 457, 0),
(20365, 1, 0),
(20367, 333, 0),
(20367, 518, 0),
(20367, 522, 0),
(20367, 523, 0),
(20372, 333, 0),
(20372, 518, 0),
(20372, 519, 0),
(20372, 523, 0),
(20375, 333, 0),
(20375, 518, 0),
(20375, 519, 0),
(20375, 522, 0),
(20375, 523, 0),
(20379, 2, 0),
(20379, 450, 0),
(20382, 2, 0),
(20382, 194, 0),
(20388, 1, 0),
(20392, 1, 0),
(20394, 1, 0),
(20397, 370, 0),
(20397, 518, 0),
(20397, 519, 0),
(20397, 524, 0),
(20400, 1, 0),
(20403, 2, 0),
(20403, 450, 0),
(20406, 2, 0),
(20406, 450, 0),
(20412, 2, 0),
(20412, 406, 0),
(20416, 2, 0),
(20416, 453, 0),
(20421, 1, 0),
(20424, 1, 0),
(20428, 1, 0),
(20431, 1, 0),
(20434, 1, 0),
(20437, 1, 0),
(20441, 1, 0),
(20445, 1, 0),
(20448, 1, 0),
(20450, 1, 0),
(20452, 1, 0),
(20456, 1, 0),
(20457, 1, 0),
(20461, 525, 0),
(20465, 1, 0),
(20468, 526, 0),
(20468, 527, 0),
(20471, 1, 0),
(20474, 1, 0),
(20479, 1, 0),
(20492, 1, 0),
(20493, 1, 0),
(20510, 1, 0),
(20511, 1, 0),
(20515, 528, 0),
(20515, 529, 0),
(20521, 1, 0),
(20521, 532, 0),
(20521, 533, 0),
(20521, 534, 0),
(20521, 535, 0),
(20521, 536, 0),
(20521, 537, 0),
(20521, 538, 0),
(20523, 333, 0),
(20523, 531, 0),
(20528, 1, 0),
(20528, 539, 0),
(20532, 541, 0),
(20532, 542, 0),
(20534, 1, 0),
(20536, 1, 0),
(20541, 1, 0),
(20545, 543, 0),
(20545, 544, 0),
(20548, 1, 0),
(20549, 1, 0),
(20550, 1, 0),
(20554, 1, 0),
(20557, 1, 0),
(20559, 1, 0),
(20564, 1, 0),
(20567, 528, 0),
(20567, 545, 0),
(20569, 528, 0),
(20569, 546, 0),
(20571, 333, 0),
(20571, 547, 0),
(20573, 528, 0),
(20573, 548, 0),
(20575, 333, 0),
(20575, 549, 0),
(20578, 528, 0),
(20578, 550, 0),
(20581, 528, 0),
(20581, 551, 0),
(20583, 553, 0),
(20583, 554, 0),
(20583, 555, 0),
(20585, 556, 0),
(20585, 557, 0),
(20587, 556, 0),
(20587, 557, 0),
(20589, 556, 0),
(20589, 558, 0),
(20591, 333, 0),
(20591, 559, 0),
(20593, 556, 0),
(20593, 560, 0),
(20601, 529, 0),
(20601, 543, 0),
(20605, 1, 0),
(20608, 333, 0),
(20608, 561, 0),
(20610, 528, 0),
(20610, 562, 0),
(20614, 1, 0),
(20614, 563, 0);

-- --------------------------------------------------------

--
-- Table structure for table `wp_term_taxonomy`
--

CREATE TABLE `wp_term_taxonomy` (
  `term_taxonomy_id` bigint(20) UNSIGNED NOT NULL,
  `term_id` bigint(20) UNSIGNED NOT NULL DEFAULT 0,
  `taxonomy` varchar(32) NOT NULL DEFAULT '',
  `description` longtext NOT NULL,
  `parent` bigint(20) UNSIGNED NOT NULL DEFAULT 0,
  `count` bigint(20) NOT NULL DEFAULT 0
) ENGINE=InnoDB DEFAULT CHARSET=utf8mb4 COLLATE=utf8mb4_unicode_ci;

--
-- Dumping data for table `wp_term_taxonomy`
--

INSERT INTO `wp_term_taxonomy` (`term_taxonomy_id`, `term_id`, `taxonomy`, `description`, `parent`, `count`) VALUES
(1, 1, 'category', '', 0, 159),
(2, 2, 'product_type', '', 0, 1653),
(3, 3, 'product_type', '', 0, 0),
(4, 4, 'product_type', '', 0, 0),
(5, 5, 'product_type', '', 0, 0),
(6, 6, 'product_visibility', '', 0, 0),
(7, 7, 'product_visibility', '', 0, 0),
(8, 8, 'product_visibility', '', 0, 0),
(9, 9, 'product_visibility', '', 0, 0),
(10, 10, 'product_visibility', '', 0, 1),
(11, 11, 'product_visibility', '', 0, 0),
(12, 12, 'product_visibility', '', 0, 0),
(13, 13, 'product_visibility', '', 0, 1),
(14, 14, 'product_visibility', '', 0, 0),
(15, 15, 'product_cat', 'اگر به دنبال کتاب‌هایی برای رشد شخصی، علمی و حرفه‌ای هستید، سایت جت پروژه می‌توانید بهترین پیشنهادات را پیدا کنید. کتاب‌هایی که تاثیر زیادی بر زندگی شما خواهند داشت.', 0, 158),
(17, 17, 'product_tag', '', 0, 0),
(18, 18, 'product_tag', '', 0, 0),
(20, 20, 'nav_menu', '', 0, 40),
(27, 27, 'nav_menu', '', 0, 38),
(28, 28, 'nav_menu', '', 0, 2),
(30, 30, 'product_tag', '', 0, 0),
(31, 31, 'nav_menu', '', 0, 56),
(33, 33, 'post_tag', '', 0, 0),
(34, 34, 'post_tag', '', 0, 0),
(35, 35, 'pa_سطح-دوره', '', 0, 0),
(36, 36, 'pa_سطح-دوره', '', 0, 0),
(37, 37, 'pa_سطح-دوره', '', 0, 0),
(38, 38, 'pa_نوع-دوره', '', 0, 0),
(39, 39, 'pa_نوع-دوره', '', 0, 0),
(40, 40, 'portfolio_category', '', 0, 1),
(41, 41, 'portfolio_category', '', 0, 0),
(42, 42, 'portfolio_category', '', 0, 0),
(43, 43, 'portfolio_category', '', 0, 0),
(44, 44, 'portfolio_category', '', 0, 0),
(45, 45, 'post_format', '', 0, 2),
(46, 46, 'post_format', '', 0, 2),
(49, 49, 'post_tag', '', 0, 1),
(50, 50, 'post_tag', '', 0, 1),
(51, 51, 'post_tag', '', 0, 0),
(52, 52, 'post_tag', '', 0, 0),
(53, 53, 'post_tag', '', 0, 0),
(54, 54, 'post_tag', '', 0, 1),
(57, 57, 'product_tag', '', 0, 0),
(58, 58, 'product_tag', '', 0, 0),
(59, 59, 'action-group', '', 0, 0),
(60, 60, 'action-group', '', 0, 0),
(63, 63, 'post_tag', '', 0, 2),
(64, 64, 'post_tag', '', 0, 1),
(65, 65, 'post_tag', '', 0, 1),
(66, 66, 'product_tag', '', 0, 0),
(67, 67, 'product_tag', '', 0, 0),
(68, 68, 'product_tag', '', 0, 0),
(69, 69, 'product_tag', '', 0, 0),
(70, 70, 'product_tag', '', 0, 0),
(71, 71, 'product_type', '', 0, 0),
(72, 72, 'product_type', '', 0, 0),
(73, 73, 'product_type', '', 0, 0),
(75, 75, 'wp_log_type', '', 0, 1),
(76, 76, 'elementor_library_type', '', 0, 0),
(78, 78, 'product_tag', '', 0, 0),
(79, 79, 'product_tag', '', 0, 0),
(80, 80, 'elementor_library_type', '', 0, 15),
(81, 81, 'course-tag', '', 0, 2),
(82, 82, 'course-tag', '', 0, 2),
(83, 83, 'course-category', '', 0, 6),
(84, 84, 'wp_theme', '', 0, 1),
(85, 85, 'course-category', '', 0, 3),
(86, 86, 'course-tag', '', 0, 6),
(87, 87, 'course-category', '', 0, 2),
(88, 88, 'course-tag', '', 0, 2),
(89, 89, 'course-tag', '', 0, 1),
(91, 91, 'elementor_library_type', '', 0, 4),
(160, 160, 'product_cat', 'سایت جت  پروژه به دلیل محتوای جذاب و داستان‌های قوی، می‌توانند تجربه‌های خواندنی فوق‌العاده‌ای را برای شما فراهم کنند. از ادبیات کلاسیک تا معاصر، و از کتاب‌های انگیزشی تا فانتزی، هر کدام از این آثار می‌توانند به شما الهام و دانش جدیدی بدهند.\r\n\r\n', 0, 696),
(161, 161, 'product_cat', 'سایت جت پروژه به معرفی رمان‌های پرطرفدار و پرفروش می‌پردازد که در طول زمان توانسته‌اند توجه خوانندگان را جلب کنند. این رمان‌ها معمولاً شامل داستان‌های جذاب، شخصیت‌های عمیق و موضوعات متنوع هستند که تجربه‌های انسانی را به تصویر می‌کشند.\r\n', 0, 34),
(162, 162, 'product_cat', 'در سایت جت پروژه این کتاب‌ها به دلیل محتوای جذاب، داستان‌های قوی و موضوعات مرتبط با زندگی روزمره، در نمایشگاه کتاب 1403 مورد استقبال قرار گرفتند.\r\n\r\n', 0, 259),
(163, 163, 'product_cat', 'در سایت جت پروژه به بررسی پرفروش‌ترین آثار کلاسیک ادبیات پرداخته می‌شود که تأثیر شگرفی بر فرهنگ و ادبیات جهانی گذاشته‌اند. این آثار شامل داستان‌ها، رمان‌ها و شعرهایی هستند که به دلیل داستان‌پردازی قوی، شخصیت‌های جذاب و مضامین عمیق، نسل‌های مختلفی از خوانندگان را تحت تأثیر قرار داده‌اند. از جمله آثار مشهور می‌توان به \"غرور و تعصب\" اثر جین آستن، \"جنایت و مکافات\" اثر داستایوفسکی، و \"موبی دیک\" اثر هرمان ملویل اشاره کرد. این بخش همچنین شامل تحلیل‌های ادبی، نقد کتاب و معرفی نویسندگان برجسته‌ای است که آثار آن‌ها هنوز هم در لیست پرفروش‌ها قرار دارند.\r\n\r\n', 0, 54),
(164, 164, 'product_cat', 'در سایت جت پروژه، به بررسی لیست پرفروش‌های نیویورک تایمز پرداخته می‌شود که شامل کتاب‌هایی است که در هر هفته به عنوان محبوب‌ترین و پرفروش‌ترین آثار در آمریکا شناخته می‌شوند. این لیست شامل انواع ژانرها از جمله رمان، غیرداستانی، کتاب‌های کودک و نوجوان، و کتاب‌های خودیاری است. در این بخش، به تحلیل کتاب‌های پرفروش، معرفی نویسندگان و بررسی تأثیرات فرهنگی این آثار بر جامعه پرداخته می‌شود. همچنین، نظرات و نقدهای خوانندگان و منتقدان درباره این کتاب‌ها نیز ارائه می‌شود تا به خوانندگان کمک کند تا انتخاب بهتری داشته باشند.\r\n\r\n', 0, 80),
(165, 165, 'product_cat', 'در این دسته‌بندی در سایت جت پروژه ، بهترین منابع و راهنمایی‌ها برای کمک به دانش‌آموزان و دانشجویان در درک بهتر دروس و موفقیت در امتحانات ارائه می‌شود. از نکات مطالعه تا تکنیک‌های یادگیری، اینجا همه چیز برای پیشرفت تحصیلی شما وجود دارد.\r\n\r\n', 0, 46),
(166, 166, 'product_cat', 'سایت جت پروژه به ارائه و انتشار داستان‌های مناسب برای دانش‌آموزان دبستانی می‌پردازد. داستان‌های ما شامل ماجراهای هیجان‌انگیز، آموزنده و سرگرم‌کننده هستند که به رشد تخیل و مهارت‌های زبانی کودکان کمک می‌کنند.\r\n', 0, 17),
(168, 168, 'product_cat', 'سایت جت پروژه به ارائه و انتشار داستان‌های مناسب برای دانش‌آموزان دبیرستانی می‌پردازد. داستان‌ها شامل موضوعات متنوعی از جمله دوستی، عشق، چالش‌های تحصیلی و تجربیات نوجوانی هستند که می‌توانند به رشد شخصیتی و اجتماعی دانش‌آموزان کمک کنند.\r\n', 0, 14),
(169, 169, 'product_cat', 'در این دسته‌بندی در سایت جت پروژه، بهترین منابع، نکات و استراتژی‌ها برای موفقیت در کنکور ارائه می‌شود. از برنامه‌ریزی درسی گرفته تا نمونه سوالات و مشاوره‌های تحصیلی، همه چیز برای آمادگی شما در کنکور در اینجا موجود است.\r\n\r\n', 0, 32),
(170, 170, 'product_cat', 'سایت جت پروژه به ارائه و انتشار داستان‌های دانشگاهی می‌پردازد که شامل تجربیات دانشجویان، چالش‌های تحصیلی، دوستی‌ها و ماجراهای زندگی دانشگاهی است. هر داستان می‌تواند الهام‌بخش و آموزنده باشد و به دیگران کمک کند تا با چالش‌های مشابه روبرو شوند.\r\n', 0, 155),
(172, 172, 'product_cat', 'سایت جت پروژه به معرفی رشته علوم پزشکی می‌پردازد که شامل موضوعاتی چون پزشکی، دندانپزشکی، داروسازی، پرستاری و علوم آزمایشگاهی است. این رشته به دانشجویان مهارت‌های علمی و عملی لازم برای تشخیص، پیشگیری و درمان بیماری‌ها را ارائه می‌دهد.\r\n', 0, 24),
(173, 173, 'product_cat', 'سایت جت پروژه به معرفی رشته علوم اقتصادی و مدیریت می‌پردازد، شامل مباحث مختلفی چون نظریه‌های اقتصادی، مدیریت منابع، بازاریابی، و تحلیل داده‌ها. این رشته به دانشجویان مهارت‌های لازم برای تحلیل مسائل اقتصادی و مدیریتی را ارائه می‌دهد و آن‌ها را برای ورود به بازار کار آماده می‌کند.\r\n', 0, 22),
(174, 174, 'product_cat', 'سایت جت پروژه به معرفی رشته علوم انسانی می‌پردازد که شامل موضوعاتی چون فلسفه، روانشناسی، جامعه‌شناسی، تاریخ و زبان‌شناسی است. این رشته به دانشجویان کمک می‌کند تا درک عمیق‌تری از رفتار انسانی، فرهنگ و ساختارهای اجتماعی پیدا کنند.\r\n', 0, 23),
(175, 175, 'product_cat', 'سایت جت پروژه به معرفی رشته مهندسی می‌پردازد که شامل گرایش‌های مختلفی چون مهندسی برق، مهندسی مکانیک، مهندسی عمران، مهندسی کامپیوتر و مهندسی صنایع است. این رشته به دانشجویان مهارت‌های تحلیلی و فنی لازم برای طراحی، ساخت و بهینه‌سازی سیستم‌ها و فرآیندها را آموزش می‌دهد.\r\n', 0, 34),
(176, 176, 'product_cat', 'سایت جت پروژه به معرفی رشته هنر می‌پردازد که شامل گرایش‌های مختلفی چون هنرهای تجسمی، طراحی گرافیک، موسیقی، تئاتر، و ادبیات است. این رشته به دانشجویان کمک می‌کند تا خلاقیت خود را پرورش دهند و توانایی‌های خود را در زمینه‌های مختلف هنری توسعه دهند.\r\n', 0, 29),
(179, 179, 'product_cat', 'سایت جت پروژه، ما به بررسی موضوعات علمی و فنی می‌پردازیم که شامل آخرین تحقیقات، نوآوری‌ها، و فناوری‌های روز دنیا هستند. این مقالات به خوانندگان کمک می‌کنند تا با مفاهیم علمی، تکنیک‌های فنی و روندهای جدید در دنیای علم و فناوری آشنا شوند. از فیزیک و شیمی گرفته تا مهندسی و فناوری اطلاعات، این دسته‌بندی به شما امکان می‌دهد تا درک عمیق‌تری از دنیای علمی و فنی پیدا کنید.\r\n', 0, 28),
(180, 180, 'product_cat', 'در سایت جت پروژه، مجموعه‌ای از مقالات علمی و آموزشی در زمینه‌های مختلف ارائه می‌شود. این مقالات می‌توانند به عنوان منبعی برای پژوهش، یادگیری و گسترش دانش در موضوعات مختلف مورد استفاده قرار گیرند.\r\n\r\n', 0, 96),
(183, 183, 'product_cat', 'سایت جت پروژه به ارائه و انتشار داستان‌های خارجی در ژانرهای مختلف می‌پردازد. از داستان‌های کلاسیک نویسندگان بزرگ جهان گرفته تا داستان‌های معاصر و نوآورانه، هر داستان دنیای خاص خود را دارد و می‌تواند الهام‌بخش و آموزنده باشد.\r\n', 0, 14),
(184, 184, 'product_cat', 'سایت جت پروژه، ما به بررسی کتاب‌های انگیزشی می‌پردازیم که به شما کمک می‌کنند تا انگیزه و انرژی لازم برای تحقق اهداف خود را پیدا کنید. این کتاب‌ها شامل داستان‌های الهام‌بخش، تکنیک‌های موفقیت و راهکارهای رشد شخصی هستند. با مطالعه این آثار، شما می‌توانید به بهبود خود، افزایش اعتماد به نفس و دستیابی به موفقیت‌های بزرگ‌تر بپردازید.\r\n', 0, 13),
(185, 185, 'product_cat', 'در این دسته‌بندی در سایت جت پروژه، بهترین منابع و راهکارها در زمینه مدیریت و تجارت ارائه می‌شود. از تکنیک‌های مدیریت تا استراتژی‌های تجاری، اینجا همه چیز برای رشد و موفقیت در دنیای کسب‌وکار وجود دارد.\r\n\r\n', 0, 6),
(186, 186, 'product_cat', 'سایت جت پروژه به معرفی سبک زندگی به عنوان مجموعه‌ای از عادات، رفتارها و انتخاب‌های فردی می‌پردازد که بر کیفیت زندگی تأثیر می‌گذارد. سبک زندگی شامل جنبه‌های مختلفی از جمله تغذیه، فعالیت بدنی، خواب، روابط اجتماعی و مدیریت استرس است.\r\n', 0, 28),
(188, 188, 'product_cat', 'سایت جت پروژه  به بررسی آخرین پیشرفت‌ها، روش‌های درمانی و اطلاعات ضروری در حوزه پزشکی می‌پردازد. با استفاده از مطالب ما، می‌توانید با جدیدترین تحقیقات و روش‌های درمانی آشنا شوید و اطلاعات مفیدی درباره‌ی بهداشت و سلامت کسب کنید.\r\n', 0, 38),
(193, 193, 'product_cat', 'در سایت جت پروژه، به بررسی روش‌ها و منابع مختلف آموزش زبان‌های خارجی پرداخته می‌شود. آموزش زبان به عنوان یک مهارت حیاتی در دنیای امروز، شامل تکنیک‌ها و استراتژی‌های مختلفی است که به یادگیری مؤثر زبان‌های جدید کمک می‌کند. این بخش شامل مباحثی چون یادگیری زبان از طریق مکالمه، مطالعه متون، استفاده از منابع آنلاین، و تکنولوژی‌های آموزشی است. همچنین، به بررسی چالش‌های رایج در یادگیری زبان و بهترین شیوه‌ها برای غلبه بر آن‌ها پرداخته می‌شود. این بخش شامل منابع آموزشی، کتاب‌ها، برنامه‌های کاربردی و دوره‌های آنلاین است که به زبان‌آموزان کمک می‌کند تا مهارت‌های زبانی خود را بهبود بخشند.\r\n\r\n', 0, 17),
(194, 194, 'product_cat', 'در سایت جت پروژه، به بررسی زبان انگلیسی به عنوان یکی از پرکاربردترین زبان‌های جهان پرداخته می‌شود. زبان انگلیسی نه تنها زبان رسمی بسیاری از کشورهاست، بلکه زبان بین‌المللی تجارت، علم و فرهنگ نیز به شمار می‌آید. این بخش شامل مباحثی چون گرامر زبان انگلیسی، واژگان، تلفظ و مهارت‌های شنیداری و گفتاری است. همچنین، به بررسی ادبیات انگلیسی و نویسندگان مشهور مانند شکسپیر، جین آستن و چارلز دیکنز پرداخته می‌شود. منابع آموزشی، دوره‌های آنلاین و ابزارهای یادگیری زبان انگلیسی نیز در این بخش ارائه می‌شود تا به زبان‌آموزان کمک کند تا مهارت‌های زبانی خود را تقویت کنند.\r\n\r\n', 0, 17),
(196, 196, 'product_cat', 'در سایت جت پروژه جت، به بررسی زبان و ادبیات آلمانی به عنوان یکی از زبان‌های مهم و تأثیرگذار در جهان پرداخته می‌شود. زبان آلمانی نه تنها زبان رسمی آلمان است، بلکه در اتریش، سوئیس و برخی کشورهای دیگر نیز صحبت می‌شود. این بخش شامل مباحثی چون ساختار زبان، گرامر، واژگان و تلفظ زبان آلمانی است. همچنین، ادبیات آلمانی با نویسندگانی چون گوته، شیلر، کافکا و هردر در این بخش بررسی می‌شود. به تأثیرات فرهنگی و اجتماعی ادبیات آلمانی بر دیگر فرهنگ‌ها و زبان‌ها و همچنین بررسی آثار مهم ادبی و نقد ادبی پرداخته می‌شود. منابع آموزشی، کتاب‌ها و مقالات علمی نیز در این بخش ارائه می‌شود تا به درک بهتر زبان و ادبیات آلمانی کمک کند.\r\n\r\n', 0, 8),
(199, 199, 'product_cat', 'سایت جت پروژه به بررسی رویدادهای تاریخی، شخصیت‌های مهم و تأثیرات آن‌ها بر جوامع مختلف می‌پردازد. با استفاده از مطالب ما، می‌توانید با تاریخچه‌ی فرهنگ‌ها، تمدن‌ها و تحولات اجتماعی آشنا شوید و درک بهتری از دنیای امروز پیدا کنید.\r\n', 0, 39),
(200, 200, 'product_cat', 'سایت جت پروژه به بررسی تاریخ اسلام، از ظهور پیامبر اسلام تا تحولات معاصر می‌پردازد. با استفاده از مطالب ما، می‌توانید با مراحل مختلف تاریخ اسلام، از جمله فتوحات، تمدن اسلامی و تأثیرات فرهنگی و اجتماعی آن آشنا شوید.\r\n', 0, 11),
(202, 202, 'product_cat', 'سایت جت پروژه به بررسی تاریخ جهان، از آغاز تمدن‌های باستانی تا تحولات معاصر می‌پردازد. با استفاده از مطالب ما، می‌توانید با رویدادهای کلیدی، شخصیت‌های تأثیرگذار و تحولات اجتماعی و سیاسی در تاریخ جهان آشنا شوید.\r\n', 0, 11),
(203, 203, 'product_cat', 'در سایت جت پروژه، بهترین کتاب‌ها در زمینه هنر موسیقی را بررسی می‌کنیم. از تاریخچه موسیقی گرفته تا تکنیک‌های نوازندگی و نظریه‌های موسیقی، این کتاب‌ها به شما کمک می‌کنند تا دنیای موسیقی را بهتر درک کنید و از آن لذت ببرید.', 0, 22),
(204, 204, 'product_cat', 'در سایت جت پروژه با یادگیری انواع تکنیک‌های نقاشی، از مبتدی تا پیشرفته، می‌توانید مهارت‌های خود را ارتقا دهید و آثار هنری منحصر به فردی خلق کنید. مطالب مفید و الهام‌بخش در اینجا موجود است.', 0, 68),
(208, 208, 'product_cat', 'در سایت جت پروژه، به بررسی ادبیات به عنوان یکی از مهم‌ترین شاخه‌های هنر و فرهنگ بشر پرداخته می‌شود. ادبیات شامل مجموعه‌ای از آثار نوشتاری است که به بیان احساسات، افکار و تجربیات انسانی می‌پردازد. این بخش شامل انواع ادبیات مانند شعر، داستان، نمایشنامه و نثر است. همچنین، تاریخچه ادبیات از دوران باستان تا عصر مدرن و تأثیرات فرهنگی آن بر جوامع مختلف بررسی می‌شود. به تحلیل آثار برجسته نویسندگان و شاعران مشهور و تأثیر آن‌ها بر ادبیات معاصر نیز پرداخته می‌شود. منابع آموزشی، نقد ادبی و مقالات علمی در این بخش ارائه می‌شود تا به درک بهتر مفاهیم ادبی کمک کند.\r\n\r\n', 0, 33),
(210, 210, 'product_cat', 'در سایت جت پروژه، به معرفی و بررسی کتاب‌های پرفروش در ژانرهای مختلف پرداخته می‌شود. این کتاب‌ها شامل رمان‌ها، کتاب‌های غیرداستانی، کتاب‌های کودک و نوجوان، و کتاب‌های خودیاری هستند که در فهرست‌های پرفروش قرار دارند. ما به تحلیل داستان، شخصیت‌ها و مضامین این کتاب‌ها خواهیم پرداخت و همچنین نظرات خوانندگان و منتقدان را بررسی خواهیم کرد. این بخش به شما کمک می‌کند تا با بهترین کتاب‌های روز آشنا شوید و انتخاب‌های بهتری برای خواندن داشته باشید.\r\n\r\n', 0, 762),
(211, 211, 'product_cat', 'سایت جت پروژه به معرفی و بررسی جدیدترین محصولات در بازار می‌پردازد. با استفاده از مطالب ما، می‌توانید با آخرین نوآوری‌ها در زمینه‌های مختلف از جمله فناوری، لوازم خانگی، پوشاک و دیگر حوزه‌ها آشنا شوید.\r\n', 0, 563),
(212, 212, 'product_cat', 'این کتاب‌ها در سایت جت پروژه به دلیل محتوای عمیق و تأثیرگذار خود در زمینه‌های دینی، اخلاقی و فلسفی، می‌توانند برای مطالعه و تفکر عمیق در مورد مسائل مذهبی و معنوی بسیار مفید باشند.\r\n\r\n', 0, 36),
(213, 213, 'product_cat', 'سایت جت پروژه، ما به بررسی علوم انسانی می‌پردازیم که شامل رشته‌هایی مانند روانشناسی، جامعه‌شناسی، انسان‌شناسی، فلسفه و تاریخ است. این علوم به درک رفتار انسانی، ساختارهای اجتماعی و فرهنگ‌ها کمک می‌کنند. مقالات و مطالب ما به شما امکان می‌دهند تا با نظریه‌ها، مفاهیم و تحقیقات جدید در این حوزه آشنا شوید و تأثیرات آن‌ها بر زندگی روزمره را درک کنید.\r\n', 0, 26),
(214, 214, 'product_cat', 'سایت جت پروژه، ما به بررسی فلسفه می‌پردازیم که شامل تحلیل مفاهیم بنیادی مانند وجود، حقیقت، اخلاق و شناخت است. فلسفه به ما کمک می‌کند تا به پرسش‌های اساسی درباره زندگی، انسان و جهان پاسخ دهیم. با مطالعه آثار فیلسوفان بزرگ از جمله افلاطون، ارسطو، دکارت و نیچه، شما می‌توانید دیدگاه‌های مختلف را درک کرده و تفکر انتقادی خود را تقویت کنید.\r\n', 0, 30),
(216, 216, 'product_cat', 'سایت جت پروژه نه تنها از نظر ادبی ارزشمند هستند، بلکه به درک عمیق‌تری از زندگی، جامعه و فرهنگ کمک می‌کنند. با مطالعه این آثار، شما می‌توانید با دیدگاه‌های مختلف آشنا شوید و تجربه‌های جدیدی را در دنیای ادبیات به دست آورید.\r\n\r\n', 0, 663),
(218, 218, 'product_cat', 'سایت جت پروژه به معرفی رمان به عنوان یک فرم ادبی می‌پردازد که شامل داستان‌های تخیلی و واقعی با شخصیت‌های پیچیده و روایت‌های جذاب است. رمان‌ها می‌توانند به بررسی موضوعات اجتماعی، سیاسی، روانشناختی و فلسفی بپردازند و تجربه‌های انسانی را به تصویر بکشند.\r\n', 0, 81),
(219, 219, 'product_cat', 'در سایت جت پروژه، منابع و راهنمایی‌هایی برای نوشتن مقالات دانشجویی ارائه می‌شود. از تکنیک‌های تحقیق و نگارش تا فرمت‌بندی و استناد، اینجا همه چیز برای کمک به دانشجویان در تهیه مقالات علمی وجود دارد.\r\n\r\n', 0, 103),
(222, 222, 'product_cat', 'در سایت جت پروژه، به بررسی اسلام به عنوان یکی از بزرگ‌ترین ادیان جهان پرداخته می‌شود. اسلام بر اساس تعالیم پیامبر محمد (ص) و متون مقدس قرآن شکل گرفته است. این بخش شامل مباحثی چون اصول ایمان اسلامی، پنج رکن اسلام، تاریخچه پیدایش و گسترش اسلام، و تأثیرات فرهنگی و اجتماعی آن بر جوامع مختلف است. همچنین، به بررسی مذاهب مختلف اسلامی، مانند سنی و شیعه، و ویژگی‌های هر یک پرداخته می‌شود. منابع آموزشی، مقالات علمی و تحلیل‌های فرهنگی در این بخش ارائه می‌شود تا به درک بهتر مفاهیم اسلامی و تأثیر آن بر زندگی روزمره کمک کند.\r\n\r\n', 0, 40),
(227, 227, 'product_cat', 'سایت جت  پروژه، ما به معرفی صد رمان برتر جهان می‌پردازیم که تأثیر عمیقی بر ادبیات و فرهنگ بشری داشته‌اند. این رمان‌ها شامل آثار کلاسیک و معاصر از نویسندگان معروف جهانی هستند که هر کدام داستانی منحصر به فرد و موضوعاتی عمیق را بررسی می‌کنند. از داستان‌های عاشقانه و تاریخی گرفته تا آثار فلسفی و اجتماعی، این رمان‌ها به خوانندگان کمک می‌کنند تا با دنیای ادبیات بیشتر آشنا شوند و تجربه‌های جدیدی را کسب کنند.\r\n', 0, 41),
(229, 229, 'monsterinsights_note_category', '', 0, 0),
(230, 230, 'monsterinsights_note_category', '', 0, 0),
(231, 231, 'monsterinsights_note_category', '', 0, 0),
(232, 232, 'product_cat', 'در سایت جت پروژه، به بررسی پروژه‌های موفق در [موضوع خاص] پرداخته‌ایم. با استفاده از نکات و راهنمایی‌های ما، می‌توانید پروژه‌های خود را به بهترین نحو اجرا کنید و از تجربیات دیگران بهره‌مند شوید.\r\nاین دسته‌بندی شامل پروژه‌های خلاقانه و نوآورانه است که می‌تواند الهام‌بخش شما در شروع پروژه‌های جدید باشد. با ما همراه باشید تا بهترین ایده‌ها و روش‌های اجرایی را کشف کنید.', 0, 82),
(233, 233, 'product_cat', 'سایت جت پروژه به بررسی پروژه‌های دانشگاهی می‌پردازد و شامل ایده‌ها، نکات و روش‌های اجرایی برای موفقیت در تحصیلات عالی است. با استفاده از تجربیات ما، می‌توانید پروژه‌های خود را به بهترین نحو انجام دهید و نمرات بالایی کسب کنید.\r\nدر این دسته‌بندی، به معرفی پروژه‌های دانشگاهی خلاقانه و نوآورانه پرداخته‌ایم که می‌تواند الهام‌بخش شما در انجام پروژه‌های تحصیلی باشد.', 232, 57),
(239, 239, 'product_cat', 'در سایت جت پروژه با دسترسی به مجموعه‌ای از نمونه سوالات با پاسخ‌ها، می‌توانید در امتحانات خود موفقیت بیشتری کسب کنید. سوالات مربوط به تمامی دروس و مقاطع در اینجا موجود است.', 0, 60),
(240, 240, 'product_cat', 'در سایت جت پروژه سوالات دانشگاهی با پاسخ‌های کامل و تحلیل‌های دقیق در اینجا قرار دارند. با دسترسی به نمونه سوالات امتحانی، خود را برای امتحانات ترم آماده کنید.', 239, 68),
(244, 244, 'product_cat', 'سایت جت پروژه به ارائه و دانلود جزوه‌های درسی و آموزشی در موضوعات مختلف می‌پردازد. با استفاده از مطالب ما، می‌توانید به منابع مفیدی برای یادگیری عمیق‌تر و آماده‌سازی برای امتحانات دسترسی پیدا کنید.\r\n', 0, 95),
(245, 245, 'product_cat', 'سایت جت پروژه به ارائه و دانلود جزوه‌های درسی در موضوعات مختلف می‌پردازد. با استفاده از مطالب ما، می‌توانید به منابع آموزشی مفیدی دسترسی پیدا کنید که به شما در یادگیری بهتر و آماده‌سازی برای امتحانات کمک می‌کند.\r\n', 0, 8),
(246, 246, 'product_cat', 'سایت جت پروژه به ارائه و دانلود جزوه‌های دانشگاهی در رشته‌های مختلف می‌پردازد. با استفاده از مطالب ما، می‌توانید به منابع آموزشی مفیدی دسترسی پیدا کنید که به شما در درک عمیق‌تر مفاهیم درسی و آماده‌سازی برای امتحانات کمک می‌کند.\r\n', 244, 93),
(247, 247, 'product_cat', 'سات جت پروژه به بررسی پروژه‌های معماری مختلف می‌پردازد و شامل نمونه‌های موفق، تکنیک‌ها و نکات اجرایی در طراحی و ساخت است. با استفاده از تجربیات ما، می‌توانید ایده‌های خلاقانه‌ای برای پروژه‌های معماری خود پیدا کنید و توانایی‌های طراحی خود را ارتقا دهید.\r\n', 0, 17),
(249, 249, 'product_cat', 'سایت جت پروژه به معرفی روانشناسی به عنوان علمی می‌پردازد که به مطالعه رفتار، احساسات و فرآیندهای ذهنی انسان می‌پردازد. روانشناسی شامل حوزه‌های مختلفی از جمله روانشناسی بالینی، روانشناسی اجتماعی، روانشناسی توسعه و روانشناسی شناختی است.\r\n', 0, 67),
(251, 251, 'product_cat', 'سایت جت پروژه به معرفی ریاضیات به عنوان علمی می‌پردازد که به مطالعه ساختار، الگوها، و روابط عددی و فضایی می‌پردازد. ریاضیات شامل شاخه‌های مختلفی از جمله جبر، هندسه، حساب، آمار و ریاضیات کاربردی است.\r\n', 0, 8),
(252, 252, 'product_tag', '', 0, 2),
(255, 255, 'category', '', 0, 23),
(256, 256, 'category', '', 255, 0),
(257, 257, 'category', '', 255, 0),
(258, 258, 'category', '', 255, 0),
(259, 259, 'category', '', 255, 0),
(260, 260, 'category', '', 255, 0),
(261, 261, 'category', '', 255, 0),
(262, 262, 'category', '', 255, 0),
(274, 274, 'product_tag', '', 0, 0),
(284, 284, 'product_cat', 'سایت جت پروژه به ارائه و انتشار داستان‌های مختلف در ژانرهای گوناگون می‌پردازد. از داستان‌های کوتاه و بلند گرفته تا افسانه‌ها و روایت‌های تاریخی، هر داستان دنیای خاص خود را دارد و می‌تواند الهام‌بخش و آموزنده باشد.\r\n', 0, 26),
(288, 288, 'category', 'Other', 0, 4),
(289, 289, 'post_tag', '', 0, 1),
(290, 290, 'post_tag', '', 0, 1),
(291, 291, 'post_tag', '', 0, 1),
(292, 292, 'post_tag', '', 0, 1),
(293, 293, 'post_tag', '', 0, 2),
(294, 294, 'post_tag', '', 0, 2),
(295, 295, 'post_tag', '', 0, 2),
(296, 296, 'post_tag', '', 0, 2),
(297, 297, 'post_tag', '', 0, 2),
(298, 298, 'post_tag', '', 0, 2),
(299, 299, 'post_tag', '', 0, 2),
(300, 300, 'post_tag', '', 0, 2),
(301, 301, 'post_tag', '', 0, 2),
(302, 302, 'post_tag', '', 0, 2),
(303, 303, 'post_tag', '', 0, 2),
(304, 304, 'post_tag', '', 0, 2),
(305, 305, 'post_tag', '', 0, 2),
(306, 306, 'post_tag', '', 0, 1),
(307, 307, 'post_tag', '', 0, 1),
(308, 308, 'post_tag', '', 0, 1),
(309, 309, 'post_tag', '', 0, 1),
(310, 310, 'post_tag', '', 0, 1),
(311, 311, 'post_tag', '', 0, 1),
(312, 312, 'post_tag', '', 0, 1),
(313, 313, 'post_tag', '', 0, 1),
(314, 314, 'post_tag', '', 0, 1),
(315, 315, 'post_tag', '', 0, 1),
(316, 316, 'post_tag', '', 0, 1),
(317, 317, 'post_tag', '', 0, 1),
(318, 318, 'post_tag', '', 0, 1),
(319, 319, 'post_tag', '', 0, 1),
(320, 320, 'post_tag', '', 0, 1),
(321, 321, 'post_tag', '', 0, 1),
(322, 322, 'post_tag', '', 0, 4),
(323, 323, 'post_tag', '', 0, 4),
(324, 324, 'post_tag', '', 0, 3),
(325, 325, 'post_tag', '', 0, 3),
(326, 326, 'post_tag', '', 0, 3),
(327, 327, 'post_tag', '', 0, 1),
(328, 328, 'post_tag', '', 0, 2),
(329, 329, 'post_tag', '', 0, 2),
(330, 330, 'post_tag', '', 0, 2),
(331, 331, 'post_tag', '', 0, 2),
(332, 332, 'post_tag', '', 0, 2),
(333, 333, 'category', 'casino', 0, 10),
(334, 334, 'post_tag', '', 0, 8),
(335, 335, 'category', 'casino app', 0, 1),
(336, 336, 'post_tag', '', 0, 1),
(337, 337, 'post_tag', '', 0, 1),
(338, 338, 'post_tag', '', 0, 1),
(339, 339, 'post_tag', '', 0, 1),
(340, 340, 'post_tag', '', 0, 1),
(341, 341, 'post_tag', '', 0, 1),
(342, 342, 'post_tag', '', 0, 1),
(343, 343, 'post_tag', '', 0, 1),
(344, 344, 'post_tag', '', 0, 1),
(345, 345, 'post_tag', '', 0, 1),
(346, 346, 'post_tag', '', 0, 1),
(347, 347, 'post_tag', '', 0, 1),
(348, 348, 'post_tag', '', 0, 1),
(349, 349, 'post_tag', '', 0, 1),
(350, 350, 'post_tag', '', 0, 1),
(351, 351, 'post_tag', '', 0, 1),
(352, 352, 'post_tag', '', 0, 1),
(353, 353, 'post_tag', '', 0, 1),
(354, 354, 'post_tag', '', 0, 1),
(355, 355, 'post_tag', '', 0, 1),
(356, 356, 'post_tag', '', 0, 1),
(357, 357, 'post_tag', '', 0, 1),
(358, 358, 'post_tag', '', 0, 1),
(359, 359, 'product_tag', '', 0, 1),
(360, 360, 'product_tag', '', 0, 1),
(361, 361, 'category', 'receive sms online', 0, 2),
(362, 362, 'post_tag', '', 0, 2),
(363, 363, 'category', '1xbet', 0, 1),
(364, 364, 'post_tag', '', 0, 1),
(365, 365, 'category', 'yuvelirnye', 0, 2),
(366, 366, 'post_tag', '', 0, 2),
(367, 367, 'category', 'kursy', 0, 1),
(368, 368, 'post_tag', '', 0, 1),
(369, 369, 'post_tag', '', 0, 1),
(370, 370, 'category', 'betting', 0, 4),
(371, 371, 'post_tag', '', 0, 1),
(372, 372, 'post_tag', '', 0, 1),
(373, 373, 'post_tag', '', 0, 1),
(374, 374, 'post_tag', '', 0, 1),
(375, 375, 'post_tag', '', 0, 1),
(376, 376, 'post_tag', '', 0, 1),
(377, 377, 'post_tag', '', 0, 1),
(378, 378, 'post_tag', '', 0, 1),
(379, 379, 'post_tag', '', 0, 1),
(380, 380, 'post_tag', '', 0, 1),
(381, 381, 'post_tag', '', 0, 1),
(382, 382, 'post_tag', '', 0, 1),
(383, 383, 'post_tag', '', 0, 1),
(384, 384, 'post_tag', '', 0, 1),
(385, 385, 'post_tag', '', 0, 1),
(386, 386, 'post_tag', '', 0, 1),
(387, 387, 'post_tag', '', 0, 1),
(388, 388, 'post_tag', '', 0, 1),
(389, 389, 'post_tag', '', 0, 1),
(390, 390, 'post_tag', '', 0, 1),
(391, 391, 'post_tag', '', 0, 1),
(392, 392, 'post_tag', '', 0, 1),
(393, 393, 'post_tag', '', 0, 1),
(394, 394, 'post_tag', '', 0, 1),
(395, 395, 'post_tag', '', 0, 1),
(396, 396, 'post_tag', '', 0, 1),
(397, 397, 'post_tag', '', 0, 1),
(398, 398, 'post_tag', '', 0, 1),
(399, 399, 'post_tag', '', 0, 1),
(400, 400, 'category', 'betting-on-sports', 0, 3),
(401, 401, 'product_tag', '', 0, 1),
(402, 402, 'product_tag', '', 0, 7),
(403, 403, 'product_tag', '', 0, 2),
(404, 404, 'product_tag', '', 0, 4),
(405, 405, 'product_cat', '', 0, 3),
(406, 406, 'product_cat', '', 0, 87),
(407, 407, 'category', 'Health &amp; Fitness, Cardio', 0, 1),
(408, 408, 'post_tag', '', 0, 1),
(409, 409, 'post_tag', '', 0, 1),
(410, 410, 'post_tag', '', 0, 1),
(411, 411, 'post_tag', '', 0, 1),
(412, 412, 'post_tag', '', 0, 1),
(413, 413, 'post_tag', '', 0, 1),
(414, 414, 'post_tag', '', 0, 1),
(415, 415, 'post_tag', '', 0, 1),
(416, 416, 'post_tag', '', 0, 1),
(417, 417, 'post_tag', '', 0, 1),
(418, 418, 'post_tag', '', 0, 1),
(419, 419, 'post_tag', '', 0, 1),
(420, 420, 'post_tag', '', 0, 1),
(421, 421, 'post_tag', '', 0, 1),
(422, 422, 'post_tag', '', 0, 1),
(423, 423, 'post_tag', '', 0, 1),
(424, 424, 'post_tag', '', 0, 1),
(425, 425, 'post_tag', '', 0, 1),
(426, 426, 'post_tag', '', 0, 1),
(427, 427, 'post_tag', '', 0, 1),
(428, 428, 'post_tag', '', 0, 1),
(429, 429, 'post_tag', '', 0, 1),
(430, 430, 'post_tag', '', 0, 1),
(431, 431, 'post_tag', '', 0, 1),
(432, 432, 'post_tag', '', 0, 1),
(433, 433, 'post_tag', '', 0, 1),
(434, 434, 'post_tag', '', 0, 1),
(435, 435, 'post_tag', '', 0, 1),
(436, 436, 'post_tag', '', 0, 1),
(437, 437, 'post_tag', '', 0, 1),
(438, 438, 'post_tag', '', 0, 1),
(439, 439, 'post_tag', '', 0, 1),
(440, 440, 'post_tag', '', 0, 1),
(441, 441, 'post_tag', '', 0, 1),
(442, 442, 'post_tag', '', 0, 1),
(443, 443, 'post_tag', '', 0, 1),
(444, 444, 'post_tag', '', 0, 1),
(445, 445, 'post_tag', '', 0, 1),
(446, 446, 'post_tag', '', 0, 1),
(447, 447, 'product_cat', '', 0, 24),
(448, 448, 'product_cat', '', 0, 2),
(449, 449, 'product_cat', '', 0, 3),
(450, 450, 'product_cat', '', 0, 15),
(451, 451, 'product_cat', '', 0, 10),
(452, 452, 'product_cat', '', 0, 11),
(453, 453, 'product_cat', '', 0, 6),
(454, 454, 'product_cat', '', 0, 4),
(455, 455, 'product_cat', '', 0, 2),
(456, 456, 'product_cat', '', 0, 1),
(457, 457, 'product_cat', '', 0, 10),
(458, 458, 'product_cat', '', 0, 2),
(459, 459, 'product_cat', '', 0, 2),
(460, 460, 'product_cat', '', 0, 1),
(461, 461, 'product_cat', '', 0, 7),
(462, 462, 'product_cat', '', 0, 3),
(463, 463, 'product_cat', '', 0, 1),
(464, 464, 'product_cat', '', 0, 7),
(465, 465, 'product_cat', '', 0, 9),
(466, 466, 'product_cat', '', 0, 1),
(467, 467, 'product_cat', '', 0, 1),
(468, 468, 'category', '', 0, 0),
(469, 469, 'category', '', 0, 0),
(470, 470, 'category', '', 0, 0),
(471, 471, 'category', '', 0, 0),
(472, 472, 'category', '', 0, 1),
(473, 473, 'post_tag', '', 0, 1),
(474, 474, 'post_tag', '', 0, 1),
(475, 475, 'post_tag', '', 0, 1),
(476, 476, 'post_tag', '', 0, 1),
(477, 477, 'post_tag', '', 0, 1),
(478, 478, 'product_cat', '', 0, 2),
(479, 479, 'product_cat', '', 0, 2),
(480, 480, 'product_cat', '', 0, 1),
(481, 481, 'product_cat', '', 0, 5),
(482, 482, 'product_cat', '', 0, 1),
(483, 483, 'product_cat', '', 0, 1),
(484, 484, 'product_cat', '', 0, 3),
(485, 485, 'category', '', 0, 0),
(486, 486, 'category', '', 0, 0),
(487, 487, 'category', '', 0, 0),
(488, 488, 'category', '', 0, 0),
(489, 489, 'category', '', 0, 1),
(490, 490, 'post_tag', '', 0, 1),
(491, 491, 'post_tag', '', 0, 1),
(492, 492, 'post_tag', '', 0, 1),
(493, 493, 'post_tag', '', 0, 1),
(494, 494, 'post_tag', '', 0, 1),
(495, 495, 'product_cat', '', 0, 1),
(496, 496, 'product_cat', '', 0, 1),
(497, 497, 'post_tag', '', 0, 1),
(498, 498, 'product_cat', '', 0, 2),
(499, 499, 'product_cat', '', 0, 3),
(500, 500, 'category', '', 0, 1),
(501, 501, 'post_tag', '', 0, 1),
(502, 502, 'product_cat', '', 0, 2),
(503, 503, 'product_cat', '', 0, 2),
(504, 504, 'product_cat', '', 0, 1),
(505, 505, 'category', 'auto', 0, 1),
(506, 506, 'post_tag', '', 0, 1),
(507, 507, 'post_tag', '', 0, 1),
(508, 508, 'product_cat', '', 0, 1),
(509, 509, 'product_cat', '', 0, 1),
(510, 510, 'product_cat', '', 0, 1),
(511, 511, 'product_cat', '', 0, 1),
(512, 512, 'category', 'Business, Customer Service', 0, 1),
(513, 513, 'post_tag', '', 0, 1),
(514, 514, 'category', '', 0, 1),
(515, 515, 'post_tag', '', 0, 1),
(516, 516, 'post_tag', '', 0, 1),
(517, 517, 'product_cat', '', 0, 1),
(518, 518, 'post_tag', '', 0, 4),
(519, 519, 'post_tag', '', 0, 3),
(520, 520, 'post_tag', '', 0, 0),
(521, 521, 'post_tag', '', 0, 0),
(522, 522, 'post_tag', '', 0, 2),
(523, 523, 'post_tag', '', 0, 3),
(524, 524, 'post_tag', '', 0, 1),
(525, 525, 'category', '', 0, 1),
(526, 526, 'category', '', 0, 1),
(527, 527, 'post_tag', '', 0, 1),
(528, 528, 'category', 'sports', 0, 7),
(529, 529, 'post_tag', '', 0, 2),
(530, 530, 'category', 'crazytime', 0, 0),
(531, 531, 'post_tag', '', 0, 1),
(532, 532, 'post_tag', '', 0, 1),
(533, 533, 'post_tag', '', 0, 1),
(534, 534, 'post_tag', '', 0, 1),
(535, 535, 'post_tag', '', 0, 1),
(536, 536, 'post_tag', '', 0, 1),
(537, 537, 'post_tag', '', 0, 1),
(538, 538, 'post_tag', '', 0, 1),
(539, 539, 'post_tag', '', 0, 1),
(540, 540, 'portfolio_category', 'game', 0, 0),
(541, 541, 'portfolio_tag', '', 0, 1),
(542, 542, 'portfolio_tag', '', 0, 1),
(543, 543, 'category', 'bet', 0, 2),
(544, 544, 'post_tag', '', 0, 1),
(545, 545, 'post_tag', '', 0, 1),
(546, 546, 'post_tag', '', 0, 1),
(547, 547, 'post_tag', '', 0, 1),
(548, 548, 'post_tag', '', 0, 1),
(549, 549, 'post_tag', '', 0, 1),
(550, 550, 'post_tag', '', 0, 1),
(551, 551, 'post_tag', '', 0, 1),
(552, 552, 'portfolio_category', 'sports', 0, 0),
(553, 553, 'portfolio_tag', '', 0, 1),
(554, 554, 'portfolio_tag', '', 0, 1),
(555, 555, 'portfolio_tag', '', 0, 1),
(556, 556, 'category', 'game', 0, 4),
(557, 557, 'post_tag', '', 0, 2),
(558, 558, 'post_tag', '', 0, 1),
(559, 559, 'post_tag', '', 0, 1),
(560, 560, 'post_tag', '', 0, 1),
(561, 561, 'post_tag', '', 0, 1),
(562, 562, 'post_tag', '', 0, 1),
(563, 563, 'post_tag', '', 0, 1);

-- --------------------------------------------------------

--
